{"id":17781,"date":"2024-02-21T19:29:15","date_gmt":"2024-02-21T18:29:15","guid":{"rendered":"http:\/\/esim2.clientinternals.webcase.pl\/?post_type=roaming&#038;p=17781"},"modified":"2024-03-15T10:41:18","modified_gmt":"2024-03-15T09:41:18","slug":"esim-albania","status":"publish","type":"roaming","link":"http:\/\/esim2.clientinternals.webcase.pl\/hu\/roaming\/esim-albania\/","title":{"rendered":"Alb\u00e1nia"},"content":{"rendered":"\n<p>\u00cdme n\u00e9h\u00e1ny \u00e9rdekes t\u00e9ny Alb\u00e1ni\u00e1r\u00f3l:<\/p>\n\n\n\n<ul class=\"wp-block-list\">\n<li>Orsz\u00e1gk\u00f3d: +355<\/li>\n\n\n\n<li>F\u0151v\u00e1ros: Tirana<\/li>\n\n\n\n<li>Egy\u00e9b f\u0151bb v\u00e1rosok: Vlor\u00eb, Vlor\u00eb, Durr\u00ebs, Alb\u00e1n Rivi\u00e9ra.<\/li>\n\n\n\n<li>N\u00e9pess\u00e9g: 2,8 milli\u00f3 (2021-es becsl\u00e9s)<\/li>\n\n\n\n<li>Nyelv: Alb\u00e1n<\/li>\n\n\n\n<li>P\u00e9nznem: Lek (LEK)<\/li>\n\n\n\n<li>Alb\u00e1nia G\u00f6r\u00f6gorsz\u00e1ggal, \u00c9szak-Maced\u00f3ni\u00e1val, Koszov\u00f3val \u00e9s Montenegr\u00f3val hat\u00e1ros.<\/li>\n\n\n\n<li>A sas az alb\u00e1nok nemzeti jelk\u00e9pe, amint az a jelenlegi alb\u00e1n z\u00e1szl\u00f3n is l\u00e1that\u00f3.<\/li>\n\n\n\n<li>A helyieknek van egy hivatalos esti s\u00e9t\u00e1juk, m\u00e1s n\u00e9ven Xhiro.<\/li>\n\n\n\n<li>Egy p\u00e1r opinga, egy klasszikus alb\u00e1n cip\u0151, a leggyakoribb szuven\u00edr.<\/li>\n<\/ul>\n\n\n\n<p>Tudtad, hogy\u2026?<\/p>\n\n\n\n<ul class=\"wp-block-list\">\n<li>A Skadar-t\u00f3 a r\u00e9gi\u00f3 legnagyobb v\u00edzfel\u00fclete.<\/li>\n\n\n\n<li>Alb\u00e1nia ad otthont a teljes eur\u00f3pai n\u00f6v\u00e9nygy\u0171jtem\u00e9ny 30%-\u00e1nak.<\/li>\n<\/ul>\n","protected":false},"featured_media":17785,"template":"","region":[341],"class_list":["post-17781","roaming","type-roaming","status-publish","has-post-thumbnail","hentry","region-europa"],"_links":{"self":[{"href":"http:\/\/esim2.clientinternals.webcase.pl\/hu\/wp-json\/wp\/v2\/roaming\/17781","targetHints":{"allow":["GET"]}}],"collection":[{"href":"http:\/\/esim2.clientinternals.webcase.pl\/hu\/wp-json\/wp\/v2\/roaming"}],"about":[{"href":"http:\/\/esim2.clientinternals.webcase.pl\/hu\/wp-json\/wp\/v2\/types\/roaming"}],"wp:featuredmedia":[{"embeddable":true,"href":"http:\/\/esim2.clientinternals.webcase.pl\/hu\/wp-json\/wp\/v2\/media\/17785"}],"wp:attachment":[{"href":"http:\/\/esim2.clientinternals.webcase.pl\/hu\/wp-json\/wp\/v2\/media?parent=17781"}],"wp:term":[{"taxonomy":"region","embeddable":true,"href":"http:\/\/esim2.clientinternals.webcase.pl\/hu\/wp-json\/wp\/v2\/region?post=17781"}],"curies":[{"name":"wp","href":"https:\/\/api.w.org\/{rel}","templated":true}]}}

Albánia

<p>Íme néhány érdekes tény Albániáról:</p>



<ul class="wp-block-list">
<li>Országkód: +355</li>



<li>Főváros: Tirana</li>



<li>Egyéb főbb városok: Vlorë, Vlorë, Durrës, Albán Riviéra.</li>



<li>Népesség: 2,8 millió (2021-es becslés)</li>



<li>Nyelv: Albán</li>



<li>Pénznem: Lek (LEK)</li>



<li>Albánia Görögországgal, Észak-Macedóniával, Koszovóval és Montenegróval határos.</li>



<li>A sas az albánok nemzeti jelképe, amint az a jelenlegi albán zászlón is látható.</li>



<li>A helyieknek van egy hivatalos esti sétájuk, más néven Xhiro.</li>



<li>Egy pár opinga, egy klasszikus albán cipő, a leggyakoribb szuvenír.</li>
</ul>



<p>Tudtad, hogy…?</p>



<ul class="wp-block-list">
<li>A Skadar-tó a régió legnagyobb vízfelülete.</li>



<li>Albánia ad otthont a teljes európai növénygyűjtemény 30%-ának.</li>
</ul>
