{"id":17859,"date":"2024-02-23T19:53:54","date_gmt":"2024-02-23T18:53:54","guid":{"rendered":"http:\/\/esim2.clientinternals.webcase.pl\/?post_type=roaming&#038;p=17859"},"modified":"2024-03-17T23:33:14","modified_gmt":"2024-03-17T22:33:14","slug":"esim-honduras","status":"publish","type":"roaming","link":"http:\/\/esim2.clientinternals.webcase.pl\/hu\/roaming\/esim-honduras\/","title":{"rendered":"Honduras"},"content":{"rendered":"\n<p>\u00cdme n\u00e9h\u00e1ny \u00e9rdekes t\u00e9ny Hondurasr\u00f3l:<\/p>\n\n\n\n<ul class=\"wp-block-list\">\n<li>Orsz\u00e1gk\u00f3d: +504<\/li>\n\n\n\n<li>F\u0151v\u00e1ros: Tegucigalpa<\/li>\n\n\n\n<li>Egy\u00e9b f\u0151bb v\u00e1rosok: Comayagua, Choluteca, Puerto Lempira<\/li>\n\n\n\n<li>N\u00e9pess\u00e9g: (2021-es becsl\u00e9s)<\/li>\n\n\n\n<li>Nyelv: Spanyol<\/li>\n\n\n\n<li>P\u00e9nznem: Lempira<\/li>\n\n\n\n<li>Tegucigalpa, a Hondurasi K\u00f6zt\u00e1rsas\u00e1g v\u00e1rosa \u00e9s f\u0151v\u00e1rosa, hegyekkel k\u00f6r\u00fclvett dombvid\u00e9ken, 975 m\u00e9terrel a tengerszint felett fekszik. J\u00f3l meg\u0151rz\u00f6tt spanyol koloni\u00e1lis \u00e9p\u00edt\u00e9szet\u00e9r\u0151l ismert.<\/li>\n\n\n\n<li>Honduras K\u00f6z\u00e9p-Amerik\u00e1ban tal\u00e1lhat\u00f3, \u00e9szakon a Karib-tenger, d\u00e9len pedig a Csendes-\u00f3ce\u00e1n partjaival.<\/li>\n\n\n\n<li>Honduras nemzeti madara a skarl\u00e1tv\u00f6r\u00f6s ara (Aro Macao), jellegzetes piros, k\u00e9k \u00e9s s\u00e1rga tollazat\u00e1val.<\/li>\n\n\n\n<li>A Comayagua katedr\u00e1lis (m\u00e1s n\u00e9ven Szepl\u0151telen Fogantat\u00e1s katedr\u00e1lis) K\u00f6z\u00e9p-Amerika egyik legr\u00e9gebbi katedr\u00e1lisa. 1634-ben \u00e9p\u00fclt.<\/li>\n<\/ul>\n\n\n\n<p>Tudtad, hogy\u2026?<\/p>\n\n\n\n<ul class=\"wp-block-list\">\n<li>Hondurasban rengeteg denev\u00e9r \u00e9l; az orsz\u00e1g eml\u0151sfajainak t\u00f6bb mint fel\u00e9t teszik ki.<\/li>\n\n\n\n<li>Az Unesco vil\u00e1g\u00f6r\u00f6ks\u00e9g r\u00e9sz\u00e9t k\u00e9pez\u0151 Cop\u00e1n, egy \u0151si maja v\u00e1ros, a maja civiliz\u00e1ci\u00f3 egyik legfontosabb helysz\u00edne.<\/li>\n<\/ul>\n","protected":false},"featured_media":17785,"template":"","region":[343],"class_list":["post-17859","roaming","type-roaming","status-publish","has-post-thumbnail","hentry","region-eszak-amerika"],"_links":{"self":[{"href":"http:\/\/esim2.clientinternals.webcase.pl\/hu\/wp-json\/wp\/v2\/roaming\/17859","targetHints":{"allow":["GET"]}}],"collection":[{"href":"http:\/\/esim2.clientinternals.webcase.pl\/hu\/wp-json\/wp\/v2\/roaming"}],"about":[{"href":"http:\/\/esim2.clientinternals.webcase.pl\/hu\/wp-json\/wp\/v2\/types\/roaming"}],"wp:featuredmedia":[{"embeddable":true,"href":"http:\/\/esim2.clientinternals.webcase.pl\/hu\/wp-json\/wp\/v2\/media\/17785"}],"wp:attachment":[{"href":"http:\/\/esim2.clientinternals.webcase.pl\/hu\/wp-json\/wp\/v2\/media?parent=17859"}],"wp:term":[{"taxonomy":"region","embeddable":true,"href":"http:\/\/esim2.clientinternals.webcase.pl\/hu\/wp-json\/wp\/v2\/region?post=17859"}],"curies":[{"name":"wp","href":"https:\/\/api.w.org\/{rel}","templated":true}]}}

<p>Íme néhány érdekes tény Hondurasról:</p>



<ul class="wp-block-list">
<li>Országkód: +504</li>



<li>Főváros: Tegucigalpa</li>



<li>Egyéb főbb városok: Comayagua, Choluteca, Puerto Lempira</li>



<li>Népesség: (2021-es becslés)</li>



<li>Nyelv: Spanyol</li>



<li>Pénznem: Lempira</li>



<li>Tegucigalpa, a Hondurasi Köztársaság városa és fővárosa, hegyekkel körülvett dombvidéken, 975 méterrel a tengerszint felett fekszik. Jól megőrzött spanyol koloniális építészetéről ismert.</li>



<li>Honduras Közép-Amerikában található, északon a Karib-tenger, délen pedig a Csendes-óceán partjaival.</li>



<li>Honduras nemzeti madara a skarlátvörös ara (Aro Macao), jellegzetes piros, kék és sárga tollazatával.</li>



<li>A Comayagua katedrális (más néven Szeplőtelen Fogantatás katedrális) Közép-Amerika egyik legrégebbi katedrálisa. 1634-ben épült.</li>
</ul>



<p>Tudtad, hogy…?</p>



<ul class="wp-block-list">
<li>Hondurasban rengeteg denevér él; az ország emlősfajainak több mint felét teszik ki.</li>



<li>Az Unesco világörökség részét képező Copán, egy ősi maja város, a maja civilizáció egyik legfontosabb helyszíne.</li>
</ul>
