{"id":18607,"date":"2024-02-23T19:01:16","date_gmt":"2024-02-23T18:01:16","guid":{"rendered":"http:\/\/esim2.clientinternals.webcase.pl\/?post_type=roaming&#038;p=18607"},"modified":"2024-03-14T21:03:14","modified_gmt":"2024-03-14T20:03:14","slug":"esim-kuvait","status":"publish","type":"roaming","link":"http:\/\/esim2.clientinternals.webcase.pl\/hu\/roaming\/esim-kuvait\/","title":{"rendered":"Kuvait"},"content":{"rendered":"\n<p>\u00cdme n\u00e9h\u00e1ny \u00e9rdekes t\u00e9ny Kuvaitr\u00f3l:<\/p>\n\n\n\n<ul class=\"wp-block-list\">\n<li>Orsz\u00e1gk\u00f3d: +965<\/li>\n\n\n\n<li>F\u0151v\u00e1ros: Kuvaitv\u00e1ros<\/li>\n\n\n\n<li>Egy\u00e9b f\u0151bb v\u00e1rosok: Fintas, Fahaheel.<\/li>\n\n\n\n<li>N\u00e9pess\u00e9g: (2021-es becsl\u00e9s)<\/li>\n\n\n\n<li>Nyelv: Arabic<\/li>\n\n\n\n<li>P\u00e9nznem: Dinar<\/li>\n\n\n\n<li>Kuvait egy orsz\u00e1g a K\u00f6zel-Keleten, Kelet-Ar\u00e1bi\u00e1ban, a Perzsa-\u00f6b\u00f6l \u00e9szaki sz\u00e9l\u00e9n, a Perzsa-\u00f6b\u00f6l cs\u00facs\u00e1n fekszik, \u00e9szakon Irakkal, d\u00e9len Sza\u00fad-Ar\u00e1bi\u00e1val hat\u00e1ros.<\/li>\n\n\n\n<li>Kuvait iv\u00f3v\u00edzell\u00e1t\u00e1sa f\u0151k\u00e9nt s\u00f3s v\u00edzs\u00f3talan\u00edt\u00f3 \u00fczemekb\u0151l sz\u00e1rmazik.<\/li>\n\n\n\n<li>Kuvait volt az els\u0151 \u00d6b\u00f6l-menti orsz\u00e1g, amelynek alkotm\u00e1nya \u00e9s parlamentje volt.<\/li>\n\n\n\n<li>Kuvait sz\u00e1raz, sivatagi k\u00f6rnyezet, hossz\u00fa, forr\u00f3 nyarakkal \u00e9s r\u00f6vid, hideg telekkel.<\/li>\n<\/ul>\n\n\n\n<p>Tudtad, hogy\u2026?<\/p>\n\n\n\n<ul class=\"wp-block-list\">\n<li>A s\u00f3lyom Kuvait nemzeti madara.<\/li>\n\n\n\n<li>A kuvaitiak a jobb kez\u00fcket haszn\u00e1lj\u00e1k ev\u00e9shez, \u00e9s udvariatlans\u00e1gnak sz\u00e1m\u00edt, ha a bal kez\u00fcket haszn\u00e1lj\u00e1k.<\/li>\n<\/ul>\n","protected":false},"featured_media":15738,"template":"","region":[337],"class_list":["post-18607","roaming","type-roaming","status-publish","has-post-thumbnail","hentry","region-azsia"],"_links":{"self":[{"href":"http:\/\/esim2.clientinternals.webcase.pl\/hu\/wp-json\/wp\/v2\/roaming\/18607","targetHints":{"allow":["GET"]}}],"collection":[{"href":"http:\/\/esim2.clientinternals.webcase.pl\/hu\/wp-json\/wp\/v2\/roaming"}],"about":[{"href":"http:\/\/esim2.clientinternals.webcase.pl\/hu\/wp-json\/wp\/v2\/types\/roaming"}],"wp:featuredmedia":[{"embeddable":true,"href":"http:\/\/esim2.clientinternals.webcase.pl\/hu\/wp-json\/wp\/v2\/media\/15738"}],"wp:attachment":[{"href":"http:\/\/esim2.clientinternals.webcase.pl\/hu\/wp-json\/wp\/v2\/media?parent=18607"}],"wp:term":[{"taxonomy":"region","embeddable":true,"href":"http:\/\/esim2.clientinternals.webcase.pl\/hu\/wp-json\/wp\/v2\/region?post=18607"}],"curies":[{"name":"wp","href":"https:\/\/api.w.org\/{rel}","templated":true}]}}

<p>Íme néhány érdekes tény Kuvaitról:</p>



<ul class="wp-block-list">
<li>Országkód: +965</li>



<li>Főváros: Kuvaitváros</li>



<li>Egyéb főbb városok: Fintas, Fahaheel.</li>



<li>Népesség: (2021-es becslés)</li>



<li>Nyelv: Arabic</li>



<li>Pénznem: Dinar</li>



<li>Kuvait egy ország a Közel-Keleten, Kelet-Arábiában, a Perzsa-öböl északi szélén, a Perzsa-öböl csúcsán fekszik, északon Irakkal, délen Szaúd-Arábiával határos.</li>



<li>Kuvait ivóvízellátása főként sós vízsótalanító üzemekből származik.</li>



<li>Kuvait volt az első Öböl-menti ország, amelynek alkotmánya és parlamentje volt.</li>



<li>Kuvait száraz, sivatagi környezet, hosszú, forró nyarakkal és rövid, hideg telekkel.</li>
</ul>



<p>Tudtad, hogy…?</p>



<ul class="wp-block-list">
<li>A sólyom Kuvait nemzeti madara.</li>



<li>A kuvaitiak a jobb kezüket használják evéshez, és udvariatlanságnak számít, ha a bal kezüket használják.</li>
</ul>
