{"id":19006,"date":"2024-02-21T19:29:35","date_gmt":"2024-02-21T18:29:35","guid":{"rendered":"https:\/\/esim2.clientinternals.webcase.pl\/?post_type=roaming&#038;p=19006"},"modified":"2024-03-15T08:43:51","modified_gmt":"2024-03-15T07:43:51","slug":"esim-argentina","status":"publish","type":"roaming","link":"http:\/\/esim2.clientinternals.webcase.pl\/hu\/roaming\/esim-argentina\/","title":{"rendered":"Argentina"},"content":{"rendered":"\n<p>\u00cdme n\u00e9h\u00e1ny \u00e9rdekes t\u00e9ny Argent\u00edn\u00e1r\u00f3l:<\/p>\n\n\n\n<ul class=\"wp-block-list\">\n<li>F\u0151v\u00e1ros: Buenos Aires<\/li>\n\n\n\n<li>Population: 45.81 milli\u00f3 (est. 2021)<\/li>\n\n\n\n<li>Orsz\u00e1gk\u00f3d: +54<\/li>\n\n\n\n<li>P\u00e9nznem: Argentin Peso<\/li>\n\n\n\n<li>Nyelv: Spanyol<\/li>\n\n\n\n<li>Egy\u00e9b \u00e9rdekes helyek Argent\u00edn\u00e1ban: San Carlos de Bariloche, Ushuaia, El Chalten.<\/li>\n\n\n\n<li>Argent\u00edna Braz\u00edlia ut\u00e1n D\u00e9l-Amerika m\u00e1sodik legnagyobb orsz\u00e1ga, \u00e9s a vil\u00e1g nyolcadik legnagyobb orsz\u00e1ga.<\/li>\n\n\n\n<li>B\u00e1r Argent\u00edna legn\u00e9pszer\u0171bb sportja a labdar\u00fag\u00e1s, a hivatalos nemzeti sport egy egyed\u00fcl\u00e1ll\u00f3 \u00e9s kev\u00e9sb\u00e9 ismert j\u00e1t\u00e9k, az El Pato. Ez a p\u00f3l\u00f3, a kos\u00e1rlabda \u00e9s a lovagl\u00e1s kever\u00e9ke, ahol a j\u00e1t\u00e9kosok l\u00f3h\u00e1ton pr\u00f3b\u00e1lnak egy gumilabd\u00e1t egy lebeg\u0151 kos\u00e1rba vagy kapuba juttatni.<\/li>\n\n\n\n<li>A T\u0171zf\u00f6ld\u00f6n tal\u00e1lhat\u00f3 Ushuaia a vil\u00e1g legd\u00e9lebbi v\u00e1ros\u00e1nak sz\u00e1m\u00edt. A v\u00e1ros n\u00e9pszer\u0171 c\u00e9lpont, ha kalandot \u00e9s szabadt\u00e9ri tev\u00e9kenys\u00e9geket keres, p\u00e9ld\u00e1ul t\u00far\u00e1zni, s\u00edelni \u00e9s horg\u00e1szni szeretne.<\/li>\n\n\n\n<li>Argent\u00edn\u00e1ban t\u00f6bb mint 300 gleccser tal\u00e1lhat\u00f3. Csak a Parque Nacional Los Glaciaresben t\u00f6bb mint 40 gleccser tal\u00e1lhat\u00f3, ami t\u00f6k\u00e9letes jeges nyaral\u00e1st tesz lehet\u0151v\u00e9.<\/li>\n<\/ul>\n\n\n\n<p>Tudtad, hogy\u2026?<\/p>\n\n\n\n<ul class=\"wp-block-list\">\n<li>Evita Per\u00f3n lett az els\u0151 n\u0151, aki az orsz\u00e1g bankjegyein szerepelt.<\/li>\n\n\n\n<li>A mate Argent\u00edna nemzeti itala. A yerba mate n\u00f6v\u00e9ny leveleib\u0151l k\u00e9sz\u00fclt tea.<\/li>\n<\/ul>\n","protected":false},"featured_media":15329,"template":"","region":[345],"class_list":["post-19006","roaming","type-roaming","status-publish","has-post-thumbnail","hentry","region-del-amerika"],"_links":{"self":[{"href":"http:\/\/esim2.clientinternals.webcase.pl\/hu\/wp-json\/wp\/v2\/roaming\/19006","targetHints":{"allow":["GET"]}}],"collection":[{"href":"http:\/\/esim2.clientinternals.webcase.pl\/hu\/wp-json\/wp\/v2\/roaming"}],"about":[{"href":"http:\/\/esim2.clientinternals.webcase.pl\/hu\/wp-json\/wp\/v2\/types\/roaming"}],"wp:featuredmedia":[{"embeddable":true,"href":"http:\/\/esim2.clientinternals.webcase.pl\/hu\/wp-json\/wp\/v2\/media\/15329"}],"wp:attachment":[{"href":"http:\/\/esim2.clientinternals.webcase.pl\/hu\/wp-json\/wp\/v2\/media?parent=19006"}],"wp:term":[{"taxonomy":"region","embeddable":true,"href":"http:\/\/esim2.clientinternals.webcase.pl\/hu\/wp-json\/wp\/v2\/region?post=19006"}],"curies":[{"name":"wp","href":"https:\/\/api.w.org\/{rel}","templated":true}]}}

<p>Íme néhány érdekes tény Argentínáról:</p>



<ul class="wp-block-list">
<li>Főváros: Buenos Aires</li>



<li>Population: 45.81 millió (est. 2021)</li>



<li>Országkód: +54</li>



<li>Pénznem: Argentin Peso</li>



<li>Nyelv: Spanyol</li>



<li>Egyéb érdekes helyek Argentínában: San Carlos de Bariloche, Ushuaia, El Chalten.</li>



<li>Argentína Brazília után Dél-Amerika második legnagyobb országa, és a világ nyolcadik legnagyobb országa.</li>



<li>Bár Argentína legnépszerűbb sportja a labdarúgás, a hivatalos nemzeti sport egy egyedülálló és kevésbé ismert játék, az El Pato. Ez a póló, a kosárlabda és a lovaglás keveréke, ahol a játékosok lóháton próbálnak egy gumilabdát egy lebegő kosárba vagy kapuba juttatni.</li>



<li>A Tűzföldön található Ushuaia a világ legdélebbi városának számít. A város népszerű célpont, ha kalandot és szabadtéri tevékenységeket keres, például túrázni, síelni és horgászni szeretne.</li>



<li>Argentínában több mint 300 gleccser található. Csak a Parque Nacional Los Glaciaresben több mint 40 gleccser található, ami tökéletes jeges nyaralást tesz lehetővé.</li>
</ul>



<p>Tudtad, hogy…?</p>



<ul class="wp-block-list">
<li>Evita Perón lett az első nő, aki az ország bankjegyein szerepelt.</li>



<li>A mate Argentína nemzeti itala. A yerba mate növény leveleiből készült tea.</li>
</ul>
