{"id":19090,"date":"2024-02-24T09:27:04","date_gmt":"2024-02-24T08:27:04","guid":{"rendered":"https:\/\/esim2.clientinternals.webcase.pl\/?post_type=roaming&#038;p=19090"},"modified":"2024-03-15T10:03:42","modified_gmt":"2024-03-15T09:03:42","slug":"esim-kolumbia","status":"publish","type":"roaming","link":"http:\/\/esim2.clientinternals.webcase.pl\/hu\/roaming\/esim-kolumbia\/","title":{"rendered":"Kolumbia"},"content":{"rendered":"\n<p>\u00cdme n\u00e9h\u00e1ny \u00e9rdekes t\u00e9ny Kolumbi\u00e1r\u00f3l:<\/p>\n\n\n\n<ul class=\"wp-block-list\">\n<li>Orsz\u00e1gk\u00f3d: +57<\/li>\n\n\n\n<li>F\u0151v\u00e1ros: Bogot\u00e1<\/li>\n\n\n\n<li>Egy\u00e9b f\u0151bb v\u00e1rosok: Villavicencio, Cartagena, Medell\u00edn.<\/li>\n\n\n\n<li>N\u00e9pess\u00e9g: (2021-es becsl\u00e9s)<\/li>\n\n\n\n<li>Nyelv: Spanyol<\/li>\n\n\n\n<li>P\u00e9nznem: Peso<\/li>\n\n\n\n<li>Az Amazonas a vil\u00e1g legnagyobb es\u0151erdeje, \u00e9s Kolumbia egyharmad\u00e1t az Amazonas es\u0151erd\u0151 bor\u00edtja.<\/li>\n\n\n\n<li>Kolumbia a vil\u00e1g egyik legnagyobb vir\u00e1gtermel\u0151je. A 4000 orchideafajb\u00f3l 1500 csak Kolumbi\u00e1ban tal\u00e1lhat\u00f3.<\/li>\n\n\n\n<li>Ez a hely teszi Kolumbi\u00e1t az egyik legv\u00e1ltozatosabb biodiverzit\u00e1s\u00fa orsz\u00e1gg\u00e1, \u00e9s t\u00f6k\u00e9letes t\u00e1ptalaj minden n\u00f6v\u00e9ny \u00e9s \u00e1llat sz\u00e1m\u00e1ra, a n\u00f6v\u00e9ny- \u00e9s \u00e1llatvil\u00e1g sz\u00e9les sk\u00e1l\u00e1j\u00e1val. .<\/li>\n\n\n\n<li>Kolumbi\u00e1ban van a vil\u00e1g legnagyobb salsafesztiv\u00e1lja, a Feria de Cali. December 25. \u00e9s 30. k\u00f6z\u00f6tt ker\u00fcl megrendez\u00e9sre.<\/li>\n<\/ul>\n\n\n\n<p>Tudtad, hogy\u2026?<\/p>\n\n\n\n<ul class=\"wp-block-list\">\n<li>Kolumbi\u00e1ban van a vil\u00e1g legnagyobb vir\u00e1gfesztiv\u00e1lja is. Medellinben tartj\u00e1k.<\/li>\n\n\n\n<li>Az orsz\u00e1g a Csendes-\u00f3ce\u00e1n \u00e9s a Karib-tenger partjaival egyar\u00e1nt b\u00fcszk\u00e9lkedhet.<\/li>\n<\/ul>\n","protected":false},"featured_media":17785,"template":"","region":[345],"class_list":["post-19090","roaming","type-roaming","status-publish","has-post-thumbnail","hentry","region-del-amerika"],"_links":{"self":[{"href":"http:\/\/esim2.clientinternals.webcase.pl\/hu\/wp-json\/wp\/v2\/roaming\/19090","targetHints":{"allow":["GET"]}}],"collection":[{"href":"http:\/\/esim2.clientinternals.webcase.pl\/hu\/wp-json\/wp\/v2\/roaming"}],"about":[{"href":"http:\/\/esim2.clientinternals.webcase.pl\/hu\/wp-json\/wp\/v2\/types\/roaming"}],"wp:featuredmedia":[{"embeddable":true,"href":"http:\/\/esim2.clientinternals.webcase.pl\/hu\/wp-json\/wp\/v2\/media\/17785"}],"wp:attachment":[{"href":"http:\/\/esim2.clientinternals.webcase.pl\/hu\/wp-json\/wp\/v2\/media?parent=19090"}],"wp:term":[{"taxonomy":"region","embeddable":true,"href":"http:\/\/esim2.clientinternals.webcase.pl\/hu\/wp-json\/wp\/v2\/region?post=19090"}],"curies":[{"name":"wp","href":"https:\/\/api.w.org\/{rel}","templated":true}]}}

<p>Íme néhány érdekes tény Kolumbiáról:</p>



<ul class="wp-block-list">
<li>Országkód: +57</li>



<li>Főváros: Bogotá</li>



<li>Egyéb főbb városok: Villavicencio, Cartagena, Medellín.</li>



<li>Népesség: (2021-es becslés)</li>



<li>Nyelv: Spanyol</li>



<li>Pénznem: Peso</li>



<li>Az Amazonas a világ legnagyobb esőerdeje, és Kolumbia egyharmadát az Amazonas esőerdő borítja.</li>



<li>Kolumbia a világ egyik legnagyobb virágtermelője. A 4000 orchideafajból 1500 csak Kolumbiában található.</li>



<li>Ez a hely teszi Kolumbiát az egyik legváltozatosabb biodiverzitású országgá, és tökéletes táptalaj minden növény és állat számára, a növény- és állatvilág széles skálájával. .</li>



<li>Kolumbiában van a világ legnagyobb salsafesztiválja, a Feria de Cali. December 25. és 30. között kerül megrendezésre.</li>
</ul>



<p>Tudtad, hogy…?</p>



<ul class="wp-block-list">
<li>Kolumbiában van a világ legnagyobb virágfesztiválja is. Medellinben tartják.</li>



<li>Az ország a Csendes-óceán és a Karib-tenger partjaival egyaránt büszkélkedhet.</li>
</ul>
