{"id":19118,"date":"2024-02-24T09:25:24","date_gmt":"2024-02-24T08:25:24","guid":{"rendered":"https:\/\/esim2.clientinternals.webcase.pl\/?post_type=roaming&#038;p=19118"},"modified":"2024-03-15T10:29:02","modified_gmt":"2024-03-15T09:29:02","slug":"esim-ecuador","status":"publish","type":"roaming","link":"http:\/\/esim2.clientinternals.webcase.pl\/hu\/roaming\/esim-ecuador\/","title":{"rendered":"Ecuador"},"content":{"rendered":"\n<p>\u00cdme n\u00e9h\u00e1ny \u00e9rdekes t\u00e9ny Ecuadorr\u00f3l:<\/p>\n\n\n\n<ul class=\"wp-block-list\">\n<li>Orsz\u00e1gk\u00f3d: +593<\/li>\n\n\n\n<li>F\u0151v\u00e1ros: Quito<\/li>\n\n\n\n<li>Egy\u00e9b f\u0151bb v\u00e1rosok: Guayaquil, Cuenca, Santo Domingo.<\/li>\n\n\n\n<li>N\u00e9pess\u00e9g: (2021-es becsl\u00e9s)<\/li>\n\n\n\n<li>Nyelv: Spanyol<\/li>\n\n\n\n<li>P\u00e9nznem: Amerikai doll\u00e1r<\/li>\n\n\n\n<li>Ecuador hivatalos nyelve a spanyol, de az \u0151slakosok k\u00f6z\u00fcl sokan besz\u00e9lik a quichua nyelvet, az Inka Birodalom lingua franc\u00e1j\u00e1t.<\/li>\n\n\n\n<li>Ecuadorban tov\u00e1bbi kilenc \u0151shonos nyelvet besz\u00e9lnek. A nagyobb l\u00e1togat\u00f3k\u00f6zpontokban angolul besz\u00e9lnek.<\/li>\n\n\n\n<li>Az Egyenl\u00edt\u0151 kereszt\u00fclhalad Ecuadoron, \u00e9s gyakorlatilag kett\u00e9szeli az orsz\u00e1got.<\/li>\n\n\n\n<li>Emiatt Ecuadorban a napfelkelte \u00e9s a napnyugta gyakorlatilag eg\u00e9sz \u00e9vben ugyanaz marad. A nap reggel 6-kor kel fel \u00e9s este 6-kor nyugszik.<\/li>\n<\/ul>\n\n\n\n<p>Tudtad, hogy\u2026?<\/p>\n\n\n\n<ul class=\"wp-block-list\">\n<li>Quito a vil\u00e1g m\u00e1sodik legmagasabb f\u0151v\u00e1rosa. A legmagasabb La Paz.<\/li>\n\n\n\n<li>Ecuador a vil\u00e1g legnagyobb ban\u00e1nexport\u0151re.<\/li>\n<\/ul>\n","protected":false},"featured_media":17785,"template":"","region":[345],"class_list":["post-19118","roaming","type-roaming","status-publish","has-post-thumbnail","hentry","region-del-amerika"],"_links":{"self":[{"href":"http:\/\/esim2.clientinternals.webcase.pl\/hu\/wp-json\/wp\/v2\/roaming\/19118","targetHints":{"allow":["GET"]}}],"collection":[{"href":"http:\/\/esim2.clientinternals.webcase.pl\/hu\/wp-json\/wp\/v2\/roaming"}],"about":[{"href":"http:\/\/esim2.clientinternals.webcase.pl\/hu\/wp-json\/wp\/v2\/types\/roaming"}],"wp:featuredmedia":[{"embeddable":true,"href":"http:\/\/esim2.clientinternals.webcase.pl\/hu\/wp-json\/wp\/v2\/media\/17785"}],"wp:attachment":[{"href":"http:\/\/esim2.clientinternals.webcase.pl\/hu\/wp-json\/wp\/v2\/media?parent=19118"}],"wp:term":[{"taxonomy":"region","embeddable":true,"href":"http:\/\/esim2.clientinternals.webcase.pl\/hu\/wp-json\/wp\/v2\/region?post=19118"}],"curies":[{"name":"wp","href":"https:\/\/api.w.org\/{rel}","templated":true}]}}

<p>Íme néhány érdekes tény Ecuadorról:</p>



<ul class="wp-block-list">
<li>Országkód: +593</li>



<li>Főváros: Quito</li>



<li>Egyéb főbb városok: Guayaquil, Cuenca, Santo Domingo.</li>



<li>Népesség: (2021-es becslés)</li>



<li>Nyelv: Spanyol</li>



<li>Pénznem: Amerikai dollár</li>



<li>Ecuador hivatalos nyelve a spanyol, de az őslakosok közül sokan beszélik a quichua nyelvet, az Inka Birodalom lingua francáját.</li>



<li>Ecuadorban további kilenc őshonos nyelvet beszélnek. A nagyobb látogatóközpontokban angolul beszélnek.</li>



<li>Az Egyenlítő keresztülhalad Ecuadoron, és gyakorlatilag kettészeli az országot.</li>



<li>Emiatt Ecuadorban a napfelkelte és a napnyugta gyakorlatilag egész évben ugyanaz marad. A nap reggel 6-kor kel fel és este 6-kor nyugszik.</li>
</ul>



<p>Tudtad, hogy…?</p>



<ul class="wp-block-list">
<li>Quito a világ második legmagasabb fővárosa. A legmagasabb La Paz.</li>



<li>Ecuador a világ legnagyobb banánexportőre.</li>
</ul>
