{"id":19171,"date":"2024-02-24T09:28:36","date_gmt":"2024-02-24T08:28:36","guid":{"rendered":"https:\/\/esim2.clientinternals.webcase.pl\/?post_type=roaming&#038;p=19171"},"modified":"2024-03-15T11:08:00","modified_gmt":"2024-03-15T10:08:00","slug":"esim-uruguay","status":"publish","type":"roaming","link":"http:\/\/esim2.clientinternals.webcase.pl\/hu\/roaming\/esim-uruguay\/","title":{"rendered":"Uruguay"},"content":{"rendered":"\n<p>\u00cdme n\u00e9h\u00e1ny \u00e9rdekes t\u00e9ny Uruguayr\u00f3l:<\/p>\n\n\n\n<ul class=\"wp-block-list\">\n<li>Orsz\u00e1gk\u00f3d: +598<\/li>\n\n\n\n<li>F\u0151v\u00e1ros: Montevideo<\/li>\n\n\n\n<li>Egy\u00e9b f\u0151bb v\u00e1rosok: Durazno, Tacuarembo, Colonia del Sacramento.<\/li>\n\n\n\n<li>N\u00e9pess\u00e9g: (2021-es becsl\u00e9s)<\/li>\n\n\n\n<li>Nyelv: Spanyol<\/li>\n\n\n\n<li>P\u00e9nznem: Uruguayi Peso (UYU)<\/li>\n\n\n\n<li>Uruguay lakoss\u00e1g\u00e1nak fele az orsz\u00e1g f\u0151v\u00e1ros\u00e1ban \u00e9l, ahol 1,3 milli\u00f3 ember lakik.<\/li>\n\n\n\n<li>Az uruguayi spanyol nyelv nagym\u00e9rt\u00e9kben olasz hat\u00e1s\u00fa, \u00e9s sz\u00e1mos olasz sz\u00f3 is be\u00e9p\u00fclt a nyelvbe.<\/li>\n\n\n\n<li>Uruguay D\u00e9l-Amerik\u00e1ban tal\u00e1lhat\u00f3, \u00e9s h\u00edres a strandjair\u00f3l, a marhah\u00fas\u00e1r\u00f3l \u00e9s a focir\u00f3l.<\/li>\n\n\n\n<li>Braz\u00edli\u00e1val \u00e9s Argent\u00edn\u00e1val hat\u00e1ros, \u00e9s az Atlanti-\u00f3ce\u00e1n ment\u00e9n fekszik.<\/li>\n<\/ul>\n\n\n\n<p>Tudtad, hogy\u2026?<\/p>\n\n\n\n<ul class=\"wp-block-list\">\n<li>Uruguay nemzeti himnusza a vil\u00e1g leghosszabb himnusza.<\/li>\n\n\n\n<li>Az els\u0151 labdar\u00fag\u00f3-vil\u00e1gbajnoks\u00e1gnak Uruguay adott otthont 1930-ban.<\/li>\n<\/ul>\n","protected":false},"featured_media":0,"template":"","region":[345],"class_list":["post-19171","roaming","type-roaming","status-publish","hentry","region-del-amerika"],"_links":{"self":[{"href":"http:\/\/esim2.clientinternals.webcase.pl\/hu\/wp-json\/wp\/v2\/roaming\/19171","targetHints":{"allow":["GET"]}}],"collection":[{"href":"http:\/\/esim2.clientinternals.webcase.pl\/hu\/wp-json\/wp\/v2\/roaming"}],"about":[{"href":"http:\/\/esim2.clientinternals.webcase.pl\/hu\/wp-json\/wp\/v2\/types\/roaming"}],"wp:attachment":[{"href":"http:\/\/esim2.clientinternals.webcase.pl\/hu\/wp-json\/wp\/v2\/media?parent=19171"}],"wp:term":[{"taxonomy":"region","embeddable":true,"href":"http:\/\/esim2.clientinternals.webcase.pl\/hu\/wp-json\/wp\/v2\/region?post=19171"}],"curies":[{"name":"wp","href":"https:\/\/api.w.org\/{rel}","templated":true}]}}

<p>Íme néhány érdekes tény Uruguayról:</p>



<ul class="wp-block-list">
<li>Országkód: +598</li>



<li>Főváros: Montevideo</li>



<li>Egyéb főbb városok: Durazno, Tacuarembo, Colonia del Sacramento.</li>



<li>Népesség: (2021-es becslés)</li>



<li>Nyelv: Spanyol</li>



<li>Pénznem: Uruguayi Peso (UYU)</li>



<li>Uruguay lakosságának fele az ország fővárosában él, ahol 1,3 millió ember lakik.</li>



<li>Az uruguayi spanyol nyelv nagymértékben olasz hatású, és számos olasz szó is beépült a nyelvbe.</li>



<li>Uruguay Dél-Amerikában található, és híres a strandjairól, a marhahúsáról és a fociról.</li>



<li>Brazíliával és Argentínával határos, és az Atlanti-óceán mentén fekszik.</li>
</ul>



<p>Tudtad, hogy…?</p>



<ul class="wp-block-list">
<li>Uruguay nemzeti himnusza a világ leghosszabb himnusza.</li>



<li>Az első labdarúgó-világbajnokságnak Uruguay adott otthont 1930-ban.</li>
</ul>
