{"id":17656,"date":"2024-02-23T18:34:50","date_gmt":"2024-02-23T17:34:50","guid":{"rendered":"http:\/\/esim2.clientinternals.webcase.pl\/?post_type=roaming&#038;p=17656"},"modified":"2024-03-15T11:41:52","modified_gmt":"2024-03-15T10:41:52","slug":"esim-bosnia-ed-erzegovina","status":"publish","type":"roaming","link":"http:\/\/esim2.clientinternals.webcase.pl\/it\/roaming\/esim-bosnia-ed-erzegovina\/","title":{"rendered":"Bosnia ed Erzegovina"},"content":{"rendered":"\n<p>Ecco alcune curiosit\u00e0 sulla Bosnia-Erzegovina:<\/p>\n\n\n\n<ul class=\"wp-block-list\">\n<li>Capitale: Sarajevo<\/li>\n\n\n\n<li>Popolazione: 3,27 milioni (stima 2021)<\/li>\n\n\n\n<li>Codice paese: +387<\/li>\n\n\n\n<li>Valuta: Marka convertibile<\/li>\n\n\n\n<li>Lingua: Il bosniaco \u00e8 una delle tre variet\u00e0 considerate lingue ufficiali della Bosnia-Erzegovina, insieme al croato e al serbo.<\/li>\n\n\n\n<li>Altri luoghi interessanti della Bosnia-Erzegovina: Blagaj, Po\u010ditelj, Medjugorje<\/li>\n\n\n\n<li>La Bosnia-Erzegovina \u00e8 un Paese della penisola balcanica, nell\u2019Europa sud-orientale.<\/li>\n\n\n\n<li>Confina con la Serbia a est, il Montenegro a sud-est e la Croazia a nord e sud-ovest.<\/li>\n\n\n\n<li>Il Sarajevo Film Festival \u00e8 stato creato nel 1995 ed \u00e8 diventato il pi\u00f9 grande e conosciuto festival cinematografico dei Balcani e dell\u2019Europa sudorientale.<\/li>\n\n\n\n<li>La Bosnia si trova a ovest e a nord dell\u2019Erzegovina e ospita la capitale del Paese.<\/li>\n<\/ul>\n\n\n\n<p>Lo sapevate che\u2026?<\/p>\n\n\n\n<ul class=\"wp-block-list\">\n<li>Sarajevo ha ospitato le Olimpiadi invernali nel 1984.<\/li>\n\n\n\n<li>Il fiore nativo Il giglio d\u2019oro, Lilium Bosniacum, \u00e8 il simbolo nazionale della Bosnia.<\/li>\n<\/ul>\n","protected":false},"featured_media":15267,"template":"","region":[399],"class_list":["post-17656","roaming","type-roaming","status-publish","has-post-thumbnail","hentry","region-europa"],"_links":{"self":[{"href":"http:\/\/esim2.clientinternals.webcase.pl\/it\/wp-json\/wp\/v2\/roaming\/17656","targetHints":{"allow":["GET"]}}],"collection":[{"href":"http:\/\/esim2.clientinternals.webcase.pl\/it\/wp-json\/wp\/v2\/roaming"}],"about":[{"href":"http:\/\/esim2.clientinternals.webcase.pl\/it\/wp-json\/wp\/v2\/types\/roaming"}],"wp:featuredmedia":[{"embeddable":true,"href":"http:\/\/esim2.clientinternals.webcase.pl\/it\/wp-json\/wp\/v2\/media\/15267"}],"wp:attachment":[{"href":"http:\/\/esim2.clientinternals.webcase.pl\/it\/wp-json\/wp\/v2\/media?parent=17656"}],"wp:term":[{"taxonomy":"region","embeddable":true,"href":"http:\/\/esim2.clientinternals.webcase.pl\/it\/wp-json\/wp\/v2\/region?post=17656"}],"curies":[{"name":"wp","href":"https:\/\/api.w.org\/{rel}","templated":true}]}}

<p>Ecco alcune curiosità sulla Bosnia-Erzegovina:</p>



<ul class="wp-block-list">
<li>Capitale: Sarajevo</li>



<li>Popolazione: 3,27 milioni (stima 2021)</li>



<li>Codice paese: +387</li>



<li>Valuta: Marka convertibile</li>



<li>Lingua: Il bosniaco è una delle tre varietà considerate lingue ufficiali della Bosnia-Erzegovina, insieme al croato e al serbo.</li>



<li>Altri luoghi interessanti della Bosnia-Erzegovina: Blagaj, Počitelj, Medjugorje</li>



<li>La Bosnia-Erzegovina è un Paese della penisola balcanica, nell’Europa sud-orientale.</li>



<li>Confina con la Serbia a est, il Montenegro a sud-est e la Croazia a nord e sud-ovest.</li>



<li>Il Sarajevo Film Festival è stato creato nel 1995 ed è diventato il più grande e conosciuto festival cinematografico dei Balcani e dell’Europa sudorientale.</li>



<li>La Bosnia si trova a ovest e a nord dell’Erzegovina e ospita la capitale del Paese.</li>
</ul>



<p>Lo sapevate che…?</p>



<ul class="wp-block-list">
<li>Sarajevo ha ospitato le Olimpiadi invernali nel 1984.</li>



<li>Il fiore nativo Il giglio d’oro, Lilium Bosniacum, è il simbolo nazionale della Bosnia.</li>
</ul>
