{"id":17953,"date":"2024-02-23T19:52:33","date_gmt":"2024-02-23T18:52:33","guid":{"rendered":"http:\/\/esim2.clientinternals.webcase.pl\/?post_type=roaming&#038;p=17953"},"modified":"2024-03-17T23:58:22","modified_gmt":"2024-03-17T22:58:22","slug":"esim-porto-rico","status":"publish","type":"roaming","link":"http:\/\/esim2.clientinternals.webcase.pl\/it\/roaming\/esim-porto-rico\/","title":{"rendered":"Portorico"},"content":{"rendered":"\n<p>Ecco alcune curiosit\u00e0 su Porto Rico:<\/p>\n\n\n\n<ul class=\"wp-block-list\">\n<li>Capitale: San Juan<\/li>\n\n\n\n<li>Popolazione: 3,26 milioni (stima 2021)<\/li>\n\n\n\n<li>Prefisso internazionale: +1<\/li>\n\n\n\n<li>Valuta: Dollaro USA<\/li>\n\n\n\n<li>Lingua: Spagnolo e inglese<\/li>\n\n\n\n<li>Altri luoghi interessanti: Aguadilla Pueblo, Luquillo, Camuy<\/li>\n\n\n\n<li>Porto Rico \u00e8 un\u2019isola caraibica e un territorio statunitense non incorporato.<\/li>\n\n\n\n<li>Il quartiere di Old San Juan \u00e8 caratterizzato da colorati edifici coloniali spagnoli e da El Morro e La Fortaleza, imponenti fortezze secolari.<\/li>\n\n\n\n<li>Porto Rico \u00e8 la colonia pi\u00f9 antica del mondo e San Juan \u00e8 la pi\u00f9 antica citt\u00e0 europea sotto la bandiera americana.<\/li>\n\n\n\n<li>La foresta pluviale di El Yunque \u00e8 l\u2019unica foresta tropicale del Servizio Forestale degli Stati Uniti.<\/li>\n<\/ul>\n\n\n\n<p>Lo sapevate che\u2026?<\/p>\n\n\n\n<ul class=\"wp-block-list\">\n<li>Porto Rico possiede la pi\u00f9 grande rete di grotte dell\u2019emisfero occidentale.<\/li>\n\n\n\n<li>Porto Rico misura ancora molte cose con il sistema metrico decimale, come ai tempi in cui era una colonia spagnola, ma misura anche altre cose con il sistema imperiale, come negli Stati Uniti.<\/li>\n<\/ul>\n","protected":false},"featured_media":17779,"template":"","region":[401],"class_list":["post-17953","roaming","type-roaming","status-publish","has-post-thumbnail","hentry","region-nord-america"],"_links":{"self":[{"href":"http:\/\/esim2.clientinternals.webcase.pl\/it\/wp-json\/wp\/v2\/roaming\/17953","targetHints":{"allow":["GET"]}}],"collection":[{"href":"http:\/\/esim2.clientinternals.webcase.pl\/it\/wp-json\/wp\/v2\/roaming"}],"about":[{"href":"http:\/\/esim2.clientinternals.webcase.pl\/it\/wp-json\/wp\/v2\/types\/roaming"}],"wp:featuredmedia":[{"embeddable":true,"href":"http:\/\/esim2.clientinternals.webcase.pl\/it\/wp-json\/wp\/v2\/media\/17779"}],"wp:attachment":[{"href":"http:\/\/esim2.clientinternals.webcase.pl\/it\/wp-json\/wp\/v2\/media?parent=17953"}],"wp:term":[{"taxonomy":"region","embeddable":true,"href":"http:\/\/esim2.clientinternals.webcase.pl\/it\/wp-json\/wp\/v2\/region?post=17953"}],"curies":[{"name":"wp","href":"https:\/\/api.w.org\/{rel}","templated":true}]}}

<p>Ecco alcune curiosità su Porto Rico:</p>



<ul class="wp-block-list">
<li>Capitale: San Juan</li>



<li>Popolazione: 3,26 milioni (stima 2021)</li>



<li>Prefisso internazionale: +1</li>



<li>Valuta: Dollaro USA</li>



<li>Lingua: Spagnolo e inglese</li>



<li>Altri luoghi interessanti: Aguadilla Pueblo, Luquillo, Camuy</li>



<li>Porto Rico è un’isola caraibica e un territorio statunitense non incorporato.</li>



<li>Il quartiere di Old San Juan è caratterizzato da colorati edifici coloniali spagnoli e da El Morro e La Fortaleza, imponenti fortezze secolari.</li>



<li>Porto Rico è la colonia più antica del mondo e San Juan è la più antica città europea sotto la bandiera americana.</li>



<li>La foresta pluviale di El Yunque è l’unica foresta tropicale del Servizio Forestale degli Stati Uniti.</li>
</ul>



<p>Lo sapevate che…?</p>



<ul class="wp-block-list">
<li>Porto Rico possiede la più grande rete di grotte dell’emisfero occidentale.</li>



<li>Porto Rico misura ancora molte cose con il sistema metrico decimale, come ai tempi in cui era una colonia spagnola, ma misura anche altre cose con il sistema imperiale, come negli Stati Uniti.</li>
</ul>
