{"id":19119,"date":"2024-02-24T09:25:24","date_gmt":"2024-02-24T08:25:24","guid":{"rendered":"https:\/\/esim2.clientinternals.webcase.pl\/?post_type=roaming&#038;p=19119"},"modified":"2024-03-15T10:30:19","modified_gmt":"2024-03-15T09:30:19","slug":"esim-ecuador","status":"publish","type":"roaming","link":"http:\/\/esim2.clientinternals.webcase.pl\/it\/roaming\/esim-ecuador\/","title":{"rendered":"Ecuador"},"content":{"rendered":"\n<p>Ecco alcune curiosit\u00e0 sull\u2019Ecuador:<\/p>\n\n\n\n<ul class=\"wp-block-list\">\n<li>Codice paese: +593<\/li>\n\n\n\n<li>Capitale: Quito<\/li>\n\n\n\n<li>Altre citt\u00e0 principali: Guayaquil, Cuenca, Santo Domingo<\/li>\n\n\n\n<li>Popolazione: 17,8 milioni (stima 2021)<\/li>\n\n\n\n<li>Lingua: Spagnolo<\/li>\n\n\n\n<li>Valuta: Dollaro statunitense<\/li>\n\n\n\n<li>La lingua ufficiale dell\u2019Ecuador \u00e8 lo spagnolo, ma il quichua, la lingua franca dell\u2019Impero Inca, \u00e8 parlato da molte popolazioni indigene.<\/li>\n\n\n\n<li>In Ecuador si parlano anche altre nove lingue indigene. Nei principali centri visitatori si parla inglese.<\/li>\n\n\n\n<li>L\u2019Equatore attraversa l\u2019Ecuador e divide praticamente il paese in due.<\/li>\n\n\n\n<li>Per questo motivo, l\u2019alba e il tramonto in Ecuador rimangono praticamente invariati durante tutto l\u2019anno. Il sole sorge alle 6 del mattino e tramonta alle 6 di sera.<\/li>\n<\/ul>\n\n\n\n<p>Lo sapevate che\u2026?<\/p>\n\n\n\n<ul class=\"wp-block-list\">\n<li>Quito \u00e8 la seconda capitale pi\u00f9 alta del mondo. La pi\u00f9 alta \u00e8 La Paz.<\/li>\n\n\n\n<li>L\u2019Ecuador \u00e8 il pi\u00f9 grande esportatore di banane al mondo.<\/li>\n<\/ul>\n","protected":false},"featured_media":17779,"template":"","region":[403],"class_list":["post-19119","roaming","type-roaming","status-publish","has-post-thumbnail","hentry","region-sud-america"],"_links":{"self":[{"href":"http:\/\/esim2.clientinternals.webcase.pl\/it\/wp-json\/wp\/v2\/roaming\/19119","targetHints":{"allow":["GET"]}}],"collection":[{"href":"http:\/\/esim2.clientinternals.webcase.pl\/it\/wp-json\/wp\/v2\/roaming"}],"about":[{"href":"http:\/\/esim2.clientinternals.webcase.pl\/it\/wp-json\/wp\/v2\/types\/roaming"}],"wp:featuredmedia":[{"embeddable":true,"href":"http:\/\/esim2.clientinternals.webcase.pl\/it\/wp-json\/wp\/v2\/media\/17779"}],"wp:attachment":[{"href":"http:\/\/esim2.clientinternals.webcase.pl\/it\/wp-json\/wp\/v2\/media?parent=19119"}],"wp:term":[{"taxonomy":"region","embeddable":true,"href":"http:\/\/esim2.clientinternals.webcase.pl\/it\/wp-json\/wp\/v2\/region?post=19119"}],"curies":[{"name":"wp","href":"https:\/\/api.w.org\/{rel}","templated":true}]}}

<p>Ecco alcune curiosità sull’Ecuador:</p>



<ul class="wp-block-list">
<li>Codice paese: +593</li>



<li>Capitale: Quito</li>



<li>Altre città principali: Guayaquil, Cuenca, Santo Domingo</li>



<li>Popolazione: 17,8 milioni (stima 2021)</li>



<li>Lingua: Spagnolo</li>



<li>Valuta: Dollaro statunitense</li>



<li>La lingua ufficiale dell’Ecuador è lo spagnolo, ma il quichua, la lingua franca dell’Impero Inca, è parlato da molte popolazioni indigene.</li>



<li>In Ecuador si parlano anche altre nove lingue indigene. Nei principali centri visitatori si parla inglese.</li>



<li>L’Equatore attraversa l’Ecuador e divide praticamente il paese in due.</li>



<li>Per questo motivo, l’alba e il tramonto in Ecuador rimangono praticamente invariati durante tutto l’anno. Il sole sorge alle 6 del mattino e tramonta alle 6 di sera.</li>
</ul>



<p>Lo sapevate che…?</p>



<ul class="wp-block-list">
<li>Quito è la seconda capitale più alta del mondo. La più alta è La Paz.</li>



<li>L’Ecuador è il più grande esportatore di banane al mondo.</li>
</ul>
