{"id":18796,"date":"2024-02-21T20:44:30","date_gmt":"2024-02-21T19:44:30","guid":{"rendered":"https:\/\/esim2.clientinternals.webcase.pl\/?post_type=help&#038;p=18796"},"modified":"2024-03-15T00:20:20","modified_gmt":"2024-03-14T23:20:20","slug":"a-aplicacao-diz-que-o-meu-dispositivo-esta-bloqueado-o-que-queres-dizer-com-isso","status":"publish","type":"help","link":"http:\/\/esim2.clientinternals.webcase.pl\/pt-pt\/help\/a-aplicacao\/a-aplicacao-diz-que-o-meu-dispositivo-esta-bloqueado-o-que-queres-dizer-com-isso\/","title":{"rendered":"A aplica\u00e7\u00e3o diz que o meu dispositivo est\u00e1 bloqueado. O que queres dizer com isso?"},"content":{"rendered":"\n<p>Quando compras um telem\u00f3vel com contrato, n\u00e3o \u00e9 invulgar que o fornecedor de servi\u00e7os bloqueie a conetividade de outros fornecedores. Se o teu telem\u00f3vel estiver bloqueado, normalmente tens de esperar at\u00e9 o teu contrato expirar &#8211; sugerimos que consultes o teu fornecedor para saber se o podem desbloquear para ti. Enquanto o teu telem\u00f3vel estiver bloqueado, n\u00e3o poder\u00e1s instalar um eSIM, infelizmente. Sim, isso \u00e9 algo que tamb\u00e9m nos frustra.<\/p>\n","protected":false},"parent":18792,"menu_order":40,"template":"","format":"standard","faq-category":[28],"class_list":["post-18796","help","type-help","status-publish","format-standard","hentry","faq-category-faq-home"],"_links":{"self":[{"href":"http:\/\/esim2.clientinternals.webcase.pl\/pt-pt\/wp-json\/wp\/v2\/help\/18796","targetHints":{"allow":["GET"]}}],"collection":[{"href":"http:\/\/esim2.clientinternals.webcase.pl\/pt-pt\/wp-json\/wp\/v2\/help"}],"about":[{"href":"http:\/\/esim2.clientinternals.webcase.pl\/pt-pt\/wp-json\/wp\/v2\/types\/help"}],"up":[{"embeddable":true,"href":"http:\/\/esim2.clientinternals.webcase.pl\/pt-pt\/wp-json\/wp\/v2\/help\/18792"}],"wp:attachment":[{"href":"http:\/\/esim2.clientinternals.webcase.pl\/pt-pt\/wp-json\/wp\/v2\/media?parent=18796"}],"wp:term":[{"taxonomy":"faq-category","embeddable":true,"href":"http:\/\/esim2.clientinternals.webcase.pl\/pt-pt\/wp-json\/wp\/v2\/faq-category?post=18796"}],"curies":[{"name":"wp","href":"https:\/\/api.w.org\/{rel}","templated":true}]}}

A aplicação diz que o meu dispositivo está bloqueado. O que queres dizer com isso?

<p>Quando compras um telemóvel com contrato, não é invulgar que o fornecedor de serviços bloqueie a conetividade de outros fornecedores. Se o teu telemóvel estiver bloqueado, normalmente tens de esperar até o teu contrato expirar &#8211; sugerimos que consultes o teu fornecedor para saber se o podem desbloquear para ti. Enquanto o teu telemóvel estiver bloqueado, não poderás instalar um eSIM, infelizmente. Sim, isso é algo que também nos frustra.</p>
