{"id":15372,"date":"2024-02-23T18:50:13","date_gmt":"2024-02-23T17:50:13","guid":{"rendered":"http:\/\/esim2.clientinternals.webcase.pl\/?post_type=roaming&#038;p=15372"},"modified":"2024-03-14T11:51:39","modified_gmt":"2024-03-14T10:51:39","slug":"esim-republica-democratica-do-congo","status":"publish","type":"roaming","link":"http:\/\/esim2.clientinternals.webcase.pl\/pt-pt\/roaming\/esim-republica-democratica-do-congo\/","title":{"rendered":"Rep\u00fablica Democr\u00e1tica do Congo"},"content":{"rendered":"\n<p>Eis alguns factos interessantes sobre a Rep\u00fablica Democr\u00e1tica do Congo:<\/p>\n\n\n\n<ul class=\"wp-block-list\">\n<li>C\u00f3digo do pa\u00eds: +243<\/li>\n\n\n\n<li>Capital: Kinshasa<\/li>\n\n\n\n<li>Outras cidades principais: Kananga, Lubumbashi, Mbuji-Mayi<\/li>\n\n\n\n<li>Popula\u00e7\u00e3o: 95,89 milh\u00f5es (est. 2021)<\/li>\n\n\n\n<li>L\u00edngua: Franc\u00eas<\/li>\n\n\n\n<li>Moeda: Franco congol\u00eas<\/li>\n\n\n\n<li>A Rep\u00fablica Democr\u00e1tica do Congo \u00e9 o segundo maior pa\u00eds de \u00c1frica e faz fronteira com nove pa\u00edses: Angola, Burundi, Rep\u00fablica Centro-Africana, Rep\u00fablica do Congo, Ruanda, Sud\u00e3o do Sul, Tanz\u00e2nia, Uganda e Z\u00e2mbia.<\/li>\n\n\n\n<li>O parque nacional mais antigo de \u00c1frica \u00e9 o Parque Nacional Virunga, no Congo, que alberga os raros gorilas da montanha, le\u00f5es e elefantes.<\/li>\n\n\n\n<li>Existem mais de 200 grupos \u00e9tnicos, com cerca de 250 l\u00ednguas e dialectos falados em todo o pa\u00eds.<\/li>\n\n\n\n<li>A Rep\u00fablica Democr\u00e1tica do Congo, tamb\u00e9m conhecida como Congo-Kinshasa, RDC, RD Congo ou simplesmente Congo, foi tamb\u00e9m conhecida de 1971 a 1997 como Zaire.<\/li>\n<\/ul>\n\n\n\n<p>Sabias que\u2026?<\/p>\n\n\n\n<ul class=\"wp-block-list\">\n<li>O tamanho do Congo \u00e9 ligeiramente maior do que as \u00e1reas combinadas de Espanha, Fran\u00e7a, Alemanha, Su\u00e9cia e Noruega.<\/li>\n\n\n\n<li>O Monte Stanley \u00e9 uma montanha situada na cordilheira de Rwenzori e \u00e9 a terceira montanha mais alta de \u00c1frica.<\/li>\n<\/ul>\n","protected":false},"featured_media":15263,"template":"","region":[433],"class_list":["post-15372","roaming","type-roaming","status-publish","has-post-thumbnail","hentry","region-africa-pt-pt"],"_links":{"self":[{"href":"http:\/\/esim2.clientinternals.webcase.pl\/pt-pt\/wp-json\/wp\/v2\/roaming\/15372","targetHints":{"allow":["GET"]}}],"collection":[{"href":"http:\/\/esim2.clientinternals.webcase.pl\/pt-pt\/wp-json\/wp\/v2\/roaming"}],"about":[{"href":"http:\/\/esim2.clientinternals.webcase.pl\/pt-pt\/wp-json\/wp\/v2\/types\/roaming"}],"wp:featuredmedia":[{"embeddable":true,"href":"http:\/\/esim2.clientinternals.webcase.pl\/pt-pt\/wp-json\/wp\/v2\/media\/15263"}],"wp:attachment":[{"href":"http:\/\/esim2.clientinternals.webcase.pl\/pt-pt\/wp-json\/wp\/v2\/media?parent=15372"}],"wp:term":[{"taxonomy":"region","embeddable":true,"href":"http:\/\/esim2.clientinternals.webcase.pl\/pt-pt\/wp-json\/wp\/v2\/region?post=15372"}],"curies":[{"name":"wp","href":"https:\/\/api.w.org\/{rel}","templated":true}]}}

República Democrática do Congo

<p>Eis alguns factos interessantes sobre a República Democrática do Congo:</p>



<ul class="wp-block-list">
<li>Código do país: +243</li>



<li>Capital: Kinshasa</li>



<li>Outras cidades principais: Kananga, Lubumbashi, Mbuji-Mayi</li>



<li>População: 95,89 milhões (est. 2021)</li>



<li>Língua: Francês</li>



<li>Moeda: Franco congolês</li>



<li>A República Democrática do Congo é o segundo maior país de África e faz fronteira com nove países: Angola, Burundi, República Centro-Africana, República do Congo, Ruanda, Sudão do Sul, Tanzânia, Uganda e Zâmbia.</li>



<li>O parque nacional mais antigo de África é o Parque Nacional Virunga, no Congo, que alberga os raros gorilas da montanha, leões e elefantes.</li>



<li>Existem mais de 200 grupos étnicos, com cerca de 250 línguas e dialectos falados em todo o país.</li>



<li>A República Democrática do Congo, também conhecida como Congo-Kinshasa, RDC, RD Congo ou simplesmente Congo, foi também conhecida de 1971 a 1997 como Zaire.</li>
</ul>



<p>Sabias que…?</p>



<ul class="wp-block-list">
<li>O tamanho do Congo é ligeiramente maior do que as áreas combinadas de Espanha, França, Alemanha, Suécia e Noruega.</li>



<li>O Monte Stanley é uma montanha situada na cordilheira de Rwenzori e é a terceira montanha mais alta de África.</li>
</ul>
