{"id":15772,"date":"2024-02-23T19:18:35","date_gmt":"2024-02-23T18:18:35","guid":{"rendered":"http:\/\/esim2.clientinternals.webcase.pl\/?post_type=roaming&#038;p=15772"},"modified":"2024-03-15T09:00:44","modified_gmt":"2024-03-15T08:00:44","slug":"esim-turkiye-turquia","status":"publish","type":"roaming","link":"http:\/\/esim2.clientinternals.webcase.pl\/pt-pt\/roaming\/esim-turkiye-turquia\/","title":{"rendered":"T\u00fcrkiye (Turquia)"},"content":{"rendered":"\n<p><div class=\"wrapper\"><div class=\"info\"><div class=\"info-bottom\"><div class=\"container container_small\"><div class=\"info-about\"><div class=\"about\"><div class=\"about-right  about-right_small \"><div class=\"tab\"><div class=\"tab-body\"><div class=\"tab-content\"><div id=\"tab3\" class=\"tab-item 3 active\"><ul> Apresentamos-te alguns factos interessantes e divertidos sobre a Turquia: <li>C\u00f3digo do pa\u00eds: +90<\/li><li>Capital: Ankara<\/li><li>Outras cidades principais: Istambul, Antalya, Izmir, Bodrum<\/li><li>Popula\u00e7\u00e3o: 85,3 milh\u00f5es (est. 2022)<\/li><li>L\u00edngua: O turco \u00e9 a l\u00edngua oficial da Turquia, com 90% da popula\u00e7\u00e3o a  falar turco, mas existem mais de 30 l\u00ednguas minorit\u00e1rias faladas na  Turquia.<\/li><li>Moeda: Lira turca<\/li><li>A Turquia (Turkey), oficialmente Rep\u00fablica da Turquia, \u00e9 um pa\u00eds  transcontinental localizado principalmente na Pen\u00ednsula da Anat\u00f3lia, na  \u00c1sia Ocidental, com uma pequena parte na Pen\u00ednsula dos Balc\u00e3s, no  Sudeste da Europa.<\/li><li>Istambul vive em dois continentes. A cidade est\u00e1 separada pelo  estreito do B\u00f3sforo e \u00e9 constitu\u00edda por uma parte europeia e uma parte  asi\u00e1tica. Globalmente, 95% da Turquia situa-se na \u00c1sia e 5% na Europa.<\/li><\/ul><p>Sabias que\u2026?<\/p><div class=\"inline-content__item inline-content__item--paragraph inline-content__item--composable-text\"> <ul><li>O Grande Pr\u00e9mio da Turquia (T\u00fcrkiye Grand Prix) \u00e9 uma corrida de  autom\u00f3veis de F\u00f3rmula 1 realizada no Parque de Istambul, concebido por  Hermann Tilke. A corrida fez parte do Campeonato do Mundo de F1 entre  2005 e 2011 e entre 2020 e 2021.<\/li><li class=\"inline-paragraph\"><span class=\"inline-paragraph__text\">Foi tamb\u00e9m onde Sebastian Vettel conquistou o t\u00edtulo para a Red Bull Racing em 2011.<\/span><\/li><\/ul> <\/div><\/div><\/div><\/div><\/div><\/div><\/div><\/div><\/div><\/div><\/div><\/div> <\/p>\n","protected":false},"featured_media":15731,"template":"","region":[434],"class_list":["post-15772","roaming","type-roaming","status-publish","has-post-thumbnail","hentry","region-asia-pt-pt"],"_links":{"self":[{"href":"http:\/\/esim2.clientinternals.webcase.pl\/pt-pt\/wp-json\/wp\/v2\/roaming\/15772","targetHints":{"allow":["GET"]}}],"collection":[{"href":"http:\/\/esim2.clientinternals.webcase.pl\/pt-pt\/wp-json\/wp\/v2\/roaming"}],"about":[{"href":"http:\/\/esim2.clientinternals.webcase.pl\/pt-pt\/wp-json\/wp\/v2\/types\/roaming"}],"wp:featuredmedia":[{"embeddable":true,"href":"http:\/\/esim2.clientinternals.webcase.pl\/pt-pt\/wp-json\/wp\/v2\/media\/15731"}],"wp:attachment":[{"href":"http:\/\/esim2.clientinternals.webcase.pl\/pt-pt\/wp-json\/wp\/v2\/media?parent=15772"}],"wp:term":[{"taxonomy":"region","embeddable":true,"href":"http:\/\/esim2.clientinternals.webcase.pl\/pt-pt\/wp-json\/wp\/v2\/region?post=15772"}],"curies":[{"name":"wp","href":"https:\/\/api.w.org\/{rel}","templated":true}]}}

Türkiye (Turquia)

<p><div class="wrapper"><div class="info"><div class="info-bottom"><div class="container container_small"><div class="info-about"><div class="about"><div class="about-right  about-right_small "><div class="tab"><div class="tab-body"><div class="tab-content"><div id="tab3" class="tab-item 3 active"><ul> Apresentamos-te alguns factos interessantes e divertidos sobre a Turquia: <li>Código do país: +90</li><li>Capital: Ankara</li><li>Outras cidades principais: Istambul, Antalya, Izmir, Bodrum</li><li>População: 85,3 milhões (est. 2022)</li><li>Língua: O turco é a língua oficial da Turquia, com 90% da população a  falar turco, mas existem mais de 30 línguas minoritárias faladas na  Turquia.</li><li>Moeda: Lira turca</li><li>A Turquia (Turkey), oficialmente República da Turquia, é um país  transcontinental localizado principalmente na Península da Anatólia, na  Ásia Ocidental, com uma pequena parte na Península dos Balcãs, no  Sudeste da Europa.</li><li>Istambul vive em dois continentes. A cidade está separada pelo  estreito do Bósforo e é constituída por uma parte europeia e uma parte  asiática. Globalmente, 95% da Turquia situa-se na Ásia e 5% na Europa.</li></ul><p>Sabias que…?</p><div class="inline-content__item inline-content__item--paragraph inline-content__item--composable-text"> <ul><li>O Grande Prémio da Turquia (Türkiye Grand Prix) é uma corrida de  automóveis de Fórmula 1 realizada no Parque de Istambul, concebido por  Hermann Tilke. A corrida fez parte do Campeonato do Mundo de F1 entre  2005 e 2011 e entre 2020 e 2021.</li><li class="inline-paragraph"><span class="inline-paragraph__text">Foi também onde Sebastian Vettel conquistou o título para a Red Bull Racing em 2011.</span></li></ul> </div></div></div></div></div></div></div></div></div></div></div></div> </p>
