{"id":16476,"date":"2024-02-23T19:08:05","date_gmt":"2024-02-23T18:08:05","guid":{"rendered":"http:\/\/esim2.clientinternals.webcase.pl\/?post_type=roaming&#038;p=16476"},"modified":"2024-03-15T09:47:45","modified_gmt":"2024-03-15T08:47:45","slug":"esim-emirados-arabes-unidos","status":"publish","type":"roaming","link":"http:\/\/esim2.clientinternals.webcase.pl\/pt-pt\/roaming\/esim-emirados-arabes-unidos\/","title":{"rendered":"Emirados \u00c1rabes Unidos"},"content":{"rendered":"\n<ul class=\"wp-block-list\">\n<li>Popula\u00e7\u00e3o: 9,5 milh\u00f5es<\/li>\n\n\n\n<li>Capital: Abu Dhabi<\/li>\n\n\n\n<li>C\u00f3digo de \u00e1rea: +971<\/li>\n\n\n\n<li>Moeda: Dirham dos EAU<\/li>\n\n\n\n<li>7 Emirados \u00c1rabes: Abu Dhabi, Dubai, Sharjah, Ras al Khaimah, Adjman, Fujairah e Umm al-Qaiwain<\/li>\n<\/ul>\n\n\n\n<p>Sabias que\u2026?<\/p>\n\n\n\n<ul class=\"wp-block-list\">\n<li>Abu Dhabi, nos Emirados \u00c1rabes Unidos, acolhe a \u00faltima corrida de F\u00f3rmula 1<\/li>\n\n\n\n<li>Abu Dhabi \u00e9 olocal onde Max Verstappen conquistou o seu primeiro Campeonato do Mundo.<\/li>\n\n\n\n<li>Foi tamb\u00e9m onde Sebastian Vettel conquistou o seu primeiro t\u00edtulo pela Red Bull Racing em 2010.<\/li>\n<\/ul>\n","protected":false},"featured_media":15731,"template":"","region":[434],"class_list":["post-16476","roaming","type-roaming","status-publish","has-post-thumbnail","hentry","region-asia-pt-pt"],"_links":{"self":[{"href":"http:\/\/esim2.clientinternals.webcase.pl\/pt-pt\/wp-json\/wp\/v2\/roaming\/16476","targetHints":{"allow":["GET"]}}],"collection":[{"href":"http:\/\/esim2.clientinternals.webcase.pl\/pt-pt\/wp-json\/wp\/v2\/roaming"}],"about":[{"href":"http:\/\/esim2.clientinternals.webcase.pl\/pt-pt\/wp-json\/wp\/v2\/types\/roaming"}],"wp:featuredmedia":[{"embeddable":true,"href":"http:\/\/esim2.clientinternals.webcase.pl\/pt-pt\/wp-json\/wp\/v2\/media\/15731"}],"wp:attachment":[{"href":"http:\/\/esim2.clientinternals.webcase.pl\/pt-pt\/wp-json\/wp\/v2\/media?parent=16476"}],"wp:term":[{"taxonomy":"region","embeddable":true,"href":"http:\/\/esim2.clientinternals.webcase.pl\/pt-pt\/wp-json\/wp\/v2\/region?post=16476"}],"curies":[{"name":"wp","href":"https:\/\/api.w.org\/{rel}","templated":true}]}}

Emirados Árabes Unidos

<ul class="wp-block-list">
<li>População: 9,5 milhões</li>



<li>Capital: Abu Dhabi</li>



<li>Código de área: +971</li>



<li>Moeda: Dirham dos EAU</li>



<li>7 Emirados Árabes: Abu Dhabi, Dubai, Sharjah, Ras al Khaimah, Adjman, Fujairah e Umm al-Qaiwain</li>
</ul>



<p>Sabias que…?</p>



<ul class="wp-block-list">
<li>Abu Dhabi, nos Emirados Árabes Unidos, acolhe a última corrida de Fórmula 1</li>



<li>Abu Dhabi é olocal onde Max Verstappen conquistou o seu primeiro Campeonato do Mundo.</li>



<li>Foi também onde Sebastian Vettel conquistou o seu primeiro título pela Red Bull Racing em 2010.</li>
</ul>
