{"id":16900,"date":"2024-02-23T19:43:55","date_gmt":"2024-02-23T18:43:55","guid":{"rendered":"http:\/\/esim2.clientinternals.webcase.pl\/?post_type=roaming&#038;p=16900"},"modified":"2024-03-17T18:08:47","modified_gmt":"2024-03-17T17:08:47","slug":"esim-malta","status":"publish","type":"roaming","link":"http:\/\/esim2.clientinternals.webcase.pl\/pt-pt\/roaming\/esim-malta\/","title":{"rendered":"Malta"},"content":{"rendered":"\n<p>Eis alguns factos interessantes sobre Malta:<\/p>\n\n\n\n<ul class=\"wp-block-list\">\n<li>Capital: Valeta<\/li>\n\n\n\n<li>Popula\u00e7\u00e3o: 518.536 (est. 2021)<\/li>\n\n\n\n<li>C\u00f3digo do pa\u00eds: +356<\/li>\n\n\n\n<li>Moeda: Euro<\/li>\n\n\n\n<li>L\u00edngua nacional: Malt\u00eas<\/li>\n\n\n\n<li>Outros locais de interesse: Birgu, Victoria, Popeye Village<\/li>\n\n\n\n<li>Malta tem duas l\u00ednguas oficiais, o malt\u00eas e o ingl\u00eas, mas o malt\u00eas \u00e9 a l\u00edngua nacional. At\u00e9 1934, o italiano era tamb\u00e9m uma l\u00edngua oficial.<\/li>\n\n\n\n<li>Malta \u00e9 uma ilha situada no Mediterr\u00e2neo central, entre a Sic\u00edlia e a costa norte de \u00c1frica.<\/li>\n\n\n\n<li>Malta \u00e9 um dos poucos pa\u00edses do mundo onde as pessoas conduzem do lado esquerdo da estrada.<\/li>\n\n\n\n<li>Malta \u00e9 conhecida pelo seu clima quente e pelas suas paisagens de cortar a respira\u00e7\u00e3o.<\/li>\n<\/ul>\n\n\n\n<p>Sabias que\u2026?<\/p>\n\n\n\n<ul class=\"wp-block-list\">\n<li>Malta \u00e9 um local de filmagem muito popular para produ\u00e7\u00f5es cinematogr\u00e1ficas.<\/li>\n\n\n\n<li>Malta tem tr\u00eas s\u00edtios inscritos na lista do Patrim\u00f3nio Mundial da UNESCO.<\/li>\n<\/ul>\n","protected":false},"featured_media":15731,"template":"","region":[436],"class_list":["post-16900","roaming","type-roaming","status-publish","has-post-thumbnail","hentry","region-europa-pt-pt"],"_links":{"self":[{"href":"http:\/\/esim2.clientinternals.webcase.pl\/pt-pt\/wp-json\/wp\/v2\/roaming\/16900","targetHints":{"allow":["GET"]}}],"collection":[{"href":"http:\/\/esim2.clientinternals.webcase.pl\/pt-pt\/wp-json\/wp\/v2\/roaming"}],"about":[{"href":"http:\/\/esim2.clientinternals.webcase.pl\/pt-pt\/wp-json\/wp\/v2\/types\/roaming"}],"wp:featuredmedia":[{"embeddable":true,"href":"http:\/\/esim2.clientinternals.webcase.pl\/pt-pt\/wp-json\/wp\/v2\/media\/15731"}],"wp:attachment":[{"href":"http:\/\/esim2.clientinternals.webcase.pl\/pt-pt\/wp-json\/wp\/v2\/media?parent=16900"}],"wp:term":[{"taxonomy":"region","embeddable":true,"href":"http:\/\/esim2.clientinternals.webcase.pl\/pt-pt\/wp-json\/wp\/v2\/region?post=16900"}],"curies":[{"name":"wp","href":"https:\/\/api.w.org\/{rel}","templated":true}]}}

<p>Eis alguns factos interessantes sobre Malta:</p>



<ul class="wp-block-list">
<li>Capital: Valeta</li>



<li>População: 518.536 (est. 2021)</li>



<li>Código do país: +356</li>



<li>Moeda: Euro</li>



<li>Língua nacional: Maltês</li>



<li>Outros locais de interesse: Birgu, Victoria, Popeye Village</li>



<li>Malta tem duas línguas oficiais, o maltês e o inglês, mas o maltês é a língua nacional. Até 1934, o italiano era também uma língua oficial.</li>



<li>Malta é uma ilha situada no Mediterrâneo central, entre a Sicília e a costa norte de África.</li>



<li>Malta é um dos poucos países do mundo onde as pessoas conduzem do lado esquerdo da estrada.</li>



<li>Malta é conhecida pelo seu clima quente e pelas suas paisagens de cortar a respiração.</li>
</ul>



<p>Sabias que…?</p>



<ul class="wp-block-list">
<li>Malta é um local de filmagem muito popular para produções cinematográficas.</li>



<li>Malta tem três sítios inscritos na lista do Património Mundial da UNESCO.</li>
</ul>
