{"id":17023,"date":"2024-02-23T19:35:01","date_gmt":"2024-02-23T18:35:01","guid":{"rendered":"http:\/\/esim2.clientinternals.webcase.pl\/?post_type=roaming&#038;p=17023"},"modified":"2024-03-17T22:38:16","modified_gmt":"2024-03-17T21:38:16","slug":"esim-suica","status":"publish","type":"roaming","link":"http:\/\/esim2.clientinternals.webcase.pl\/pt-pt\/roaming\/esim-suica\/","title":{"rendered":"Su\u00ed\u00e7a"},"content":{"rendered":"\n<p>Aqui tens alguns factos interessantes e divertidos sobre a Su\u00ed\u00e7a<\/p>\n\n\n\n<ul class=\"wp-block-list\">\n<li>C\u00f3digo do pa\u00eds: +41<\/li>\n\n\n\n<li>Capital: Berna<\/li>\n\n\n\n<li>Outras cidades principais: Zermatt, Lausanne, Basileia<\/li>\n\n\n\n<li>Popula\u00e7\u00e3o: 8,82 milh\u00f5es (2023 est.)<\/li>\n\n\n\n<li>L\u00edngua: A Su\u00ed\u00e7a tem quatro l\u00ednguas nacionais: alem\u00e3o, franc\u00eas, italiano e romanche<\/li>\n\n\n\n<li>Moeda: Franco su\u00ed\u00e7o<\/li>\n\n\n\n<li>O su\u00ed\u00e7o-alem\u00e3o \u00e9 a l\u00edngua mais falada na Su\u00ed\u00e7a e \u00e9 falado por pouco mais de 60% da popula\u00e7\u00e3o. \u00c9 chamado Schwyzerd\u00fctsch pelos falantes locais e est\u00e1 concentrado nas regi\u00f5es norte, central e leste do pa\u00eds.<\/li>\n\n\n\n<li>A Su\u00ed\u00e7a tem a escadaria mais longa do mundo, com 11.674 degraus, que se encontra ao lado do caminho de ferro de Niesen. A escadaria tem 3,4 km, mas s\u00e3o 1.669 m de altitude para subir.<\/li>\n\n\n\n<li>Os su\u00ed\u00e7os s\u00e3o tamb\u00e9m respons\u00e1veis por grandes inven\u00e7\u00f5es, como o velcro, o absinto, o muesli e a folha de alum\u00ednio.<\/li>\n\n\n\n<li>Os su\u00ed\u00e7os s\u00e3o conhecidos pelo seu chocolate e o fondue su\u00ed\u00e7o \u00e9 facilmente a comida mais popular na Su\u00ed\u00e7a, que destaca os diversos sabores do queijo su\u00ed\u00e7o.<\/li>\n<\/ul>\n\n\n\n<p>Sabias que\u2026?<\/p>\n\n\n\n<ul class=\"wp-block-list\">\n<li>Os rel\u00f3gios su\u00ed\u00e7os e os canivetes su\u00ed\u00e7os s\u00e3o as lembran\u00e7as su\u00ed\u00e7as n\u00e3o comest\u00edveis mais famosas.<\/li>\n\n\n\n<li>A esta\u00e7\u00e3o ferrovi\u00e1ria de Jungfraujoch \u00e9 conhecida como \u201cO topo da Europa\u201d.<\/li>\n\n\n\n<li>Passar\u00e1s por v\u00e1rias aldeias caprichosas cobertas de neve, incluindo Grindelwald, que \u00e9 uma das aldeias alpinas mais famosas da Su\u00ed\u00e7a.<\/li>\n<\/ul>\n","protected":false},"featured_media":15325,"template":"","region":[436],"class_list":["post-17023","roaming","type-roaming","status-publish","has-post-thumbnail","hentry","region-europa-pt-pt"],"_links":{"self":[{"href":"http:\/\/esim2.clientinternals.webcase.pl\/pt-pt\/wp-json\/wp\/v2\/roaming\/17023","targetHints":{"allow":["GET"]}}],"collection":[{"href":"http:\/\/esim2.clientinternals.webcase.pl\/pt-pt\/wp-json\/wp\/v2\/roaming"}],"about":[{"href":"http:\/\/esim2.clientinternals.webcase.pl\/pt-pt\/wp-json\/wp\/v2\/types\/roaming"}],"wp:featuredmedia":[{"embeddable":true,"href":"http:\/\/esim2.clientinternals.webcase.pl\/pt-pt\/wp-json\/wp\/v2\/media\/15325"}],"wp:attachment":[{"href":"http:\/\/esim2.clientinternals.webcase.pl\/pt-pt\/wp-json\/wp\/v2\/media?parent=17023"}],"wp:term":[{"taxonomy":"region","embeddable":true,"href":"http:\/\/esim2.clientinternals.webcase.pl\/pt-pt\/wp-json\/wp\/v2\/region?post=17023"}],"curies":[{"name":"wp","href":"https:\/\/api.w.org\/{rel}","templated":true}]}}

Suíça

<p>Aqui tens alguns factos interessantes e divertidos sobre a Suíça</p>



<ul class="wp-block-list">
<li>Código do país: +41</li>



<li>Capital: Berna</li>



<li>Outras cidades principais: Zermatt, Lausanne, Basileia</li>



<li>População: 8,82 milhões (2023 est.)</li>



<li>Língua: A Suíça tem quatro línguas nacionais: alemão, francês, italiano e romanche</li>



<li>Moeda: Franco suíço</li>



<li>O suíço-alemão é a língua mais falada na Suíça e é falado por pouco mais de 60% da população. É chamado Schwyzerdütsch pelos falantes locais e está concentrado nas regiões norte, central e leste do país.</li>



<li>A Suíça tem a escadaria mais longa do mundo, com 11.674 degraus, que se encontra ao lado do caminho de ferro de Niesen. A escadaria tem 3,4 km, mas são 1.669 m de altitude para subir.</li>



<li>Os suíços são também responsáveis por grandes invenções, como o velcro, o absinto, o muesli e a folha de alumínio.</li>



<li>Os suíços são conhecidos pelo seu chocolate e o fondue suíço é facilmente a comida mais popular na Suíça, que destaca os diversos sabores do queijo suíço.</li>
</ul>



<p>Sabias que…?</p>



<ul class="wp-block-list">
<li>Os relógios suíços e os canivetes suíços são as lembranças suíças não comestíveis mais famosas.</li>



<li>A estação ferroviária de Jungfraujoch é conhecida como “O topo da Europa”.</li>



<li>Passarás por várias aldeias caprichosas cobertas de neve, incluindo Grindelwald, que é uma das aldeias alpinas mais famosas da Suíça.</li>
</ul>
