{"id":17034,"date":"2024-02-23T19:34:19","date_gmt":"2024-02-23T18:34:19","guid":{"rendered":"http:\/\/esim2.clientinternals.webcase.pl\/?post_type=roaming&#038;p=17034"},"modified":"2024-03-17T22:19:07","modified_gmt":"2024-03-17T21:19:07","slug":"esim-espanha","status":"publish","type":"roaming","link":"http:\/\/esim2.clientinternals.webcase.pl\/pt-pt\/roaming\/esim-espanha\/","title":{"rendered":"Espanha"},"content":{"rendered":"\n<p>Aqui tens alguns factos interessantes e divertidos sobre Espanha:<\/p>\n\n\n\n<ul class=\"wp-block-list\">\n<li>C\u00f3digo do pa\u00eds: +34<\/li>\n\n\n\n<li>Capital: Madrid<\/li>\n\n\n\n<li>Outras cidades principais: Sevilha, C\u00f3rdoba, Bilbau<\/li>\n\n\n\n<li>Popula\u00e7\u00e3o: 47,6 milh\u00f5es (est. 2022)<\/li>\n\n\n\n<li>Fala a l\u00edngua: espanhol<\/li>\n\n\n\n<li>Moeda: Euro<\/li>\n\n\n\n<li>A Espanha tem uma fronteira terrestre, e n\u00e3o mar\u00edtima, com um pa\u00eds africano, que \u00e9 Marrocos. A Espanha mant\u00e9m um pequeno posto avan\u00e7ado no continente africano chamado Ceuta.<\/li>\n\n\n\n<li>A Espanha foi o primeiro imp\u00e9rio global do mundo e, durante algum tempo, o pa\u00eds mais poderoso do mundo.<\/li>\n\n\n\n<li>O espanhol \u00e9 a segunda l\u00edngua mais falada no mundo, a seguir ao chin\u00eas mandarim.<\/li>\n\n\n\n<li>A Espanha \u00e9 o maior produtor mundial de azeite. A combina\u00e7\u00e3o do clima e da localiza\u00e7\u00e3o ideais de Espanha torna-a o melhor pa\u00eds para o cultivo da azeitona.<\/li>\n<\/ul>\n\n\n\n<p>Sabias que\u2026?<\/p>\n\n\n\n<ul class=\"wp-block-list\">\n<li>A Red Bull foi lan\u00e7ada no mercado espanhol em 2006, quase 20 anos ap\u00f3s a primeira lata de Red Bull ter sido vendida na \u00c1ustria em 1987. Atualmente, a Red Bull opera em mais de 172 pa\u00edses, vendendo mais de 9,8 mil milh\u00f5es de latas por ano e crescendo!<\/li>\n\n\n\n<li>O Grande Pr\u00e9mio de Espanha realiza-se atualmente no Circuito de Barcelona-Catalunha. A corrida \u00e9 uma das mais antigas do mundo ainda em disputa, tendo celebrado o seu centen\u00e1rio em 2013.<\/li>\n\n\n\n<li>A Red Bull Racing venceu o Grande Pr\u00e9mio de Espanha em 2010, 2011, 2016 e 2022.<\/li>\n<\/ul>\n","protected":false},"featured_media":15325,"template":"","region":[436],"class_list":["post-17034","roaming","type-roaming","status-publish","has-post-thumbnail","hentry","region-europa-pt-pt"],"_links":{"self":[{"href":"http:\/\/esim2.clientinternals.webcase.pl\/pt-pt\/wp-json\/wp\/v2\/roaming\/17034","targetHints":{"allow":["GET"]}}],"collection":[{"href":"http:\/\/esim2.clientinternals.webcase.pl\/pt-pt\/wp-json\/wp\/v2\/roaming"}],"about":[{"href":"http:\/\/esim2.clientinternals.webcase.pl\/pt-pt\/wp-json\/wp\/v2\/types\/roaming"}],"wp:featuredmedia":[{"embeddable":true,"href":"http:\/\/esim2.clientinternals.webcase.pl\/pt-pt\/wp-json\/wp\/v2\/media\/15325"}],"wp:attachment":[{"href":"http:\/\/esim2.clientinternals.webcase.pl\/pt-pt\/wp-json\/wp\/v2\/media?parent=17034"}],"wp:term":[{"taxonomy":"region","embeddable":true,"href":"http:\/\/esim2.clientinternals.webcase.pl\/pt-pt\/wp-json\/wp\/v2\/region?post=17034"}],"curies":[{"name":"wp","href":"https:\/\/api.w.org\/{rel}","templated":true}]}}

<p>Aqui tens alguns factos interessantes e divertidos sobre Espanha:</p>



<ul class="wp-block-list">
<li>Código do país: +34</li>



<li>Capital: Madrid</li>



<li>Outras cidades principais: Sevilha, Córdoba, Bilbau</li>



<li>População: 47,6 milhões (est. 2022)</li>



<li>Fala a língua: espanhol</li>



<li>Moeda: Euro</li>



<li>A Espanha tem uma fronteira terrestre, e não marítima, com um país africano, que é Marrocos. A Espanha mantém um pequeno posto avançado no continente africano chamado Ceuta.</li>



<li>A Espanha foi o primeiro império global do mundo e, durante algum tempo, o país mais poderoso do mundo.</li>



<li>O espanhol é a segunda língua mais falada no mundo, a seguir ao chinês mandarim.</li>



<li>A Espanha é o maior produtor mundial de azeite. A combinação do clima e da localização ideais de Espanha torna-a o melhor país para o cultivo da azeitona.</li>
</ul>



<p>Sabias que…?</p>



<ul class="wp-block-list">
<li>A Red Bull foi lançada no mercado espanhol em 2006, quase 20 anos após a primeira lata de Red Bull ter sido vendida na Áustria em 1987. Atualmente, a Red Bull opera em mais de 172 países, vendendo mais de 9,8 mil milhões de latas por ano e crescendo!</li>



<li>O Grande Prémio de Espanha realiza-se atualmente no Circuito de Barcelona-Catalunha. A corrida é uma das mais antigas do mundo ainda em disputa, tendo celebrado o seu centenário em 2013.</li>



<li>A Red Bull Racing venceu o Grande Prémio de Espanha em 2010, 2011, 2016 e 2022.</li>
</ul>
