{"id":17067,"date":"2024-02-23T19:31:54","date_gmt":"2024-02-23T18:31:54","guid":{"rendered":"http:\/\/esim2.clientinternals.webcase.pl\/?post_type=roaming&#038;p=17067"},"modified":"2024-03-17T21:21:01","modified_gmt":"2024-03-17T20:21:01","slug":"esim-portugal","status":"publish","type":"roaming","link":"http:\/\/esim2.clientinternals.webcase.pl\/pt-pt\/roaming\/esim-portugal\/","title":{"rendered":"Portugal"},"content":{"rendered":"\n<ul class=\"wp-block-list\">\n<li>C\u00f3digo do pa\u00eds: +351<\/li>\n\n\n\n<li>Capital: Lisboa<\/li>\n\n\n\n<li>Moeda: Euro<\/li>\n\n\n\n<li>Outras cidades principais: Porto, Braga, Sintra, Aveiro<\/li>\n\n\n\n<li>Popula\u00e7\u00e3o: 10,12 milh\u00f5es (2023 est.)<\/li>\n\n\n\n<li>L\u00edngua: Portugu\u00eas<\/li>\n\n\n\n<li>A livraria mais antiga do mundo ainda em funcionamento, fundada em 1732, situa-se no Chiado. Com mais de 250 anos de hist\u00f3ria, a livraria foi inaugurada por Peter Faure como uma pequena loja e foi um ponto de encontro de intelectuais portugueses ao longo das d\u00e9cadas.<\/li>\n\n\n\n<li>Portugal \u00e9 uma das na\u00e7\u00f5es mais antigas da Europa. As fronteiras da na\u00e7\u00e3o de Portugal foram definidas em 1139, o que faz dela n\u00e3o s\u00f3 uma das na\u00e7\u00f5es mais antigas do mundo, mas tamb\u00e9m de toda a Europa. Curiosidade: Lisboa \u00e9, na verdade, quatro s\u00e9culos mais velha do que Roma.<\/li>\n\n\n\n<li>Portugal \u00e9 um dos melhores spots de surf do mundo. O pa\u00eds tem uma costa que se estende por 800 quil\u00f3metros e diz-se que tem 364 dias para surfar.<\/li>\n<\/ul>\n\n\n\n<p>Sabias que\u2026?<\/p>\n\n\n\n<ul class=\"wp-block-list\">\n<li>O portugu\u00eas \u00e9 atualmente a quinta l\u00edngua mais falada no mundo e \u00e9 a l\u00edngua oficial de Portugal, Brasil, Angola, Cabo Verde, Guin\u00e9-Bissau, Mo\u00e7ambique, S\u00e3o Tom\u00e9 e Pr\u00edncipe e Timor-Leste. Tamb\u00e9m \u00e9 falado em Macau, territ\u00f3rio sob administra\u00e7\u00e3o portuguesa at\u00e9 1999, e em Goa.<\/li>\n\n\n\n<li>O bacalhau e a sardinha assada s\u00e3o pratos nacionais, as praias do Algarve s\u00e3o um destino importante e grande parte da arquitetura nacional data dos anos 1500-1800, quando Portugal tinha um poderoso imp\u00e9rio mar\u00edtimo.<\/li>\n<\/ul>\n","protected":false},"featured_media":15731,"template":"","region":[436],"class_list":["post-17067","roaming","type-roaming","status-publish","has-post-thumbnail","hentry","region-europa-pt-pt"],"_links":{"self":[{"href":"http:\/\/esim2.clientinternals.webcase.pl\/pt-pt\/wp-json\/wp\/v2\/roaming\/17067","targetHints":{"allow":["GET"]}}],"collection":[{"href":"http:\/\/esim2.clientinternals.webcase.pl\/pt-pt\/wp-json\/wp\/v2\/roaming"}],"about":[{"href":"http:\/\/esim2.clientinternals.webcase.pl\/pt-pt\/wp-json\/wp\/v2\/types\/roaming"}],"wp:featuredmedia":[{"embeddable":true,"href":"http:\/\/esim2.clientinternals.webcase.pl\/pt-pt\/wp-json\/wp\/v2\/media\/15731"}],"wp:attachment":[{"href":"http:\/\/esim2.clientinternals.webcase.pl\/pt-pt\/wp-json\/wp\/v2\/media?parent=17067"}],"wp:term":[{"taxonomy":"region","embeddable":true,"href":"http:\/\/esim2.clientinternals.webcase.pl\/pt-pt\/wp-json\/wp\/v2\/region?post=17067"}],"curies":[{"name":"wp","href":"https:\/\/api.w.org\/{rel}","templated":true}]}}

<ul class="wp-block-list">
<li>Código do país: +351</li>



<li>Capital: Lisboa</li>



<li>Moeda: Euro</li>



<li>Outras cidades principais: Porto, Braga, Sintra, Aveiro</li>



<li>População: 10,12 milhões (2023 est.)</li>



<li>Língua: Português</li>



<li>A livraria mais antiga do mundo ainda em funcionamento, fundada em 1732, situa-se no Chiado. Com mais de 250 anos de história, a livraria foi inaugurada por Peter Faure como uma pequena loja e foi um ponto de encontro de intelectuais portugueses ao longo das décadas.</li>



<li>Portugal é uma das nações mais antigas da Europa. As fronteiras da nação de Portugal foram definidas em 1139, o que faz dela não só uma das nações mais antigas do mundo, mas também de toda a Europa. Curiosidade: Lisboa é, na verdade, quatro séculos mais velha do que Roma.</li>



<li>Portugal é um dos melhores spots de surf do mundo. O país tem uma costa que se estende por 800 quilómetros e diz-se que tem 364 dias para surfar.</li>
</ul>



<p>Sabias que…?</p>



<ul class="wp-block-list">
<li>O português é atualmente a quinta língua mais falada no mundo e é a língua oficial de Portugal, Brasil, Angola, Cabo Verde, Guiné-Bissau, Moçambique, São Tomé e Príncipe e Timor-Leste. Também é falado em Macau, território sob administração portuguesa até 1999, e em Goa.</li>



<li>O bacalhau e a sardinha assada são pratos nacionais, as praias do Algarve são um destino importante e grande parte da arquitetura nacional data dos anos 1500-1800, quando Portugal tinha um poderoso império marítimo.</li>
</ul>
