{"id":17141,"date":"2024-02-23T19:27:45","date_gmt":"2024-02-23T18:27:45","guid":{"rendered":"http:\/\/esim2.clientinternals.webcase.pl\/?post_type=roaming&#038;p=17141"},"modified":"2024-03-17T17:42:05","modified_gmt":"2024-03-17T16:42:05","slug":"esim-liechtenstein","status":"publish","type":"roaming","link":"http:\/\/esim2.clientinternals.webcase.pl\/pt-pt\/roaming\/esim-liechtenstein\/","title":{"rendered":"Liechtenstein"},"content":{"rendered":"\n<p>Aqui tens alguns factos interessantes sobre o Liechtenstein:<\/p>\n\n\n\n<ul class=\"wp-block-list\">\n<li>Capital: Vaduz<\/li>\n\n\n\n<li>Popula\u00e7\u00e3o: 39.039 (est. 2021)<\/li>\n\n\n\n<li>C\u00f3digo do pa\u00eds: +423<\/li>\n\n\n\n<li>Moeda: Francos su\u00ed\u00e7os<\/li>\n\n\n\n<li>Fala a l\u00edngua: Alem\u00e3o<\/li>\n\n\n\n<li>Outros locais de interesse: Triesenberg, Mauren, Balzers<\/li>\n\n\n\n<li>O Liechtenstein \u00e9 um principado com 25 km de comprimento situado entre a \u00c1ustria e a Su\u00ed\u00e7a.<\/li>\n\n\n\n<li>O Liechtenstein \u00e9 o \u00fanico pa\u00eds do mundo com todo o seu territ\u00f3rio na regi\u00e3o alpina.<\/li>\n\n\n\n<li>O Liechtenstein possui ind\u00fastrias importantes, incluindo a eletr\u00f3nica, a metalurgia, os produtos dent\u00e1rios, os instrumentos \u00f3pticos, os produtos farmac\u00eauticos e um sector de servi\u00e7os financeiros pr\u00f3spero.<\/li>\n\n\n\n<li>Mais de 50% da for\u00e7a de trabalho do Liechtenstein desloca-se diariamente para o pa\u00eds a partir dos pa\u00edses vizinhos.<\/li>\n<\/ul>\n\n\n\n<p>Sabias que\u2026?<\/p>\n\n\n\n<ul class=\"wp-block-list\">\n<li>O Liechtenstein n\u00e3o tem aeroporto. O aeroporto mais pr\u00f3ximo \u00e9 o de Zurique, na Su\u00ed\u00e7a.<\/li>\n\n\n\n<li>A sua maior cidade, Schaan, tem apenas 6.000 habitantes.<\/li>\n<\/ul>\n","protected":false},"featured_media":15731,"template":"","region":[436],"class_list":["post-17141","roaming","type-roaming","status-publish","has-post-thumbnail","hentry","region-europa-pt-pt"],"_links":{"self":[{"href":"http:\/\/esim2.clientinternals.webcase.pl\/pt-pt\/wp-json\/wp\/v2\/roaming\/17141","targetHints":{"allow":["GET"]}}],"collection":[{"href":"http:\/\/esim2.clientinternals.webcase.pl\/pt-pt\/wp-json\/wp\/v2\/roaming"}],"about":[{"href":"http:\/\/esim2.clientinternals.webcase.pl\/pt-pt\/wp-json\/wp\/v2\/types\/roaming"}],"wp:featuredmedia":[{"embeddable":true,"href":"http:\/\/esim2.clientinternals.webcase.pl\/pt-pt\/wp-json\/wp\/v2\/media\/15731"}],"wp:attachment":[{"href":"http:\/\/esim2.clientinternals.webcase.pl\/pt-pt\/wp-json\/wp\/v2\/media?parent=17141"}],"wp:term":[{"taxonomy":"region","embeddable":true,"href":"http:\/\/esim2.clientinternals.webcase.pl\/pt-pt\/wp-json\/wp\/v2\/region?post=17141"}],"curies":[{"name":"wp","href":"https:\/\/api.w.org\/{rel}","templated":true}]}}

<p>Aqui tens alguns factos interessantes sobre o Liechtenstein:</p>



<ul class="wp-block-list">
<li>Capital: Vaduz</li>



<li>População: 39.039 (est. 2021)</li>



<li>Código do país: +423</li>



<li>Moeda: Francos suíços</li>



<li>Fala a língua: Alemão</li>



<li>Outros locais de interesse: Triesenberg, Mauren, Balzers</li>



<li>O Liechtenstein é um principado com 25 km de comprimento situado entre a Áustria e a Suíça.</li>



<li>O Liechtenstein é o único país do mundo com todo o seu território na região alpina.</li>



<li>O Liechtenstein possui indústrias importantes, incluindo a eletrónica, a metalurgia, os produtos dentários, os instrumentos ópticos, os produtos farmacêuticos e um sector de serviços financeiros próspero.</li>



<li>Mais de 50% da força de trabalho do Liechtenstein desloca-se diariamente para o país a partir dos países vizinhos.</li>
</ul>



<p>Sabias que…?</p>



<ul class="wp-block-list">
<li>O Liechtenstein não tem aeroporto. O aeroporto mais próximo é o de Zurique, na Suíça.</li>



<li>A sua maior cidade, Schaan, tem apenas 6.000 habitantes.</li>
</ul>
