{"id":16605,"date":"2024-02-23T19:02:35","date_gmt":"2024-02-23T18:02:35","guid":{"rendered":"http:\/\/esim2.clientinternals.webcase.pl\/?post_type=roaming&#038;p=16605"},"modified":"2024-03-14T22:07:45","modified_gmt":"2024-03-14T21:07:45","slug":"esim-myanmar","status":"publish","type":"roaming","link":"http:\/\/esim2.clientinternals.webcase.pl\/ro\/roaming\/esim-myanmar\/","title":{"rendered":"Myanmar"},"content":{"rendered":"\n<p>Iat\u0103 c\u00e2teva date interesante despre Myanmar:<\/p>\n\n\n\n<ul class=\"wp-block-list\">\n<li>Codul \u021b\u0103rii: +95<\/li>\n\n\n\n<li>Capital: Naypyidaw<\/li>\n\n\n\n<li>Alte ora\u0219e principale: Taunggyi, Monywa, Yangon<\/li>\n\n\n\n<li>Popula\u021bia: 53,8 milioane (2021 est.)<\/li>\n\n\n\n<li>Limba: Burmese<\/li>\n\n\n\n<li>Moned\u0103: Myanmar Kyat<\/li>\n\n\n\n<li>\u00cen timp ce capitala \u021b\u0103rii este Naypyidaw, cel mai mare ora\u0219 este Yangon (fost Rangoon).<\/li>\n\n\n\n<li>Yangon g\u0103zduie\u0219te pie\u021be pline de via\u021b\u0103, numeroase parcuri \u0219i lacuri, precum \u0219i Pagoda Shwedagon, care con\u021bine relicve budiste \u0219i dateaz\u0103 din secolul al VI-lea.<\/li>\n\n\n\n<li>Thanaka este o past\u0103 cosmetic\u0103 ob\u021binut\u0103 din scoar\u021ba unor arbori selec\u021biona\u021bi, despre care se spune c\u0103 men\u021bine pielea neted\u0103 \u0219i o protejeaz\u0103 \u00eempotriva daunelor provocate de soare.<\/li>\n\n\n\n<li>Myanmar este una dintre cele doar trei \u021b\u0103ri din lume care nu utilizeaz\u0103 sistemul metric. \u021aara folose\u0219te \u00eenc\u0103 propriile unit\u0103\u021bi de m\u0103sur\u0103.<\/li>\n<\/ul>\n\n\n\n<p>\u0218tia\u021bi c\u0103\u2026?<\/p>\n\n\n\n<ul class=\"wp-block-list\">\n<li>Myanmar are cele mai bune rubine din lume, acestea au un con\u021binut ridicat de crom \u0219i un con\u021binut sc\u0103zut de fier, ceea ce le confer\u0103 o fluorescen\u021b\u0103 ridicat\u0103 \u0219i acea nuan\u021b\u0103 r\u00e2vnit\u0103 de \u201es\u00e2nge de porumbel\u201d.<\/li>\n\n\n\n<li>\u00cen Birmania exist\u0103 peste 130 de grupuri etnice \u0219i se afl\u0103 pe locul 75 \u00een topul celor mai diverse \u021b\u0103ri din lume din punct de vedere cultural \u0219i etnic.<\/li>\n<\/ul>\n","protected":false},"featured_media":15726,"template":"","region":[313],"class_list":["post-16605","roaming","type-roaming","status-publish","has-post-thumbnail","hentry","region-asia"],"_links":{"self":[{"href":"http:\/\/esim2.clientinternals.webcase.pl\/ro\/wp-json\/wp\/v2\/roaming\/16605","targetHints":{"allow":["GET"]}}],"collection":[{"href":"http:\/\/esim2.clientinternals.webcase.pl\/ro\/wp-json\/wp\/v2\/roaming"}],"about":[{"href":"http:\/\/esim2.clientinternals.webcase.pl\/ro\/wp-json\/wp\/v2\/types\/roaming"}],"wp:featuredmedia":[{"embeddable":true,"href":"http:\/\/esim2.clientinternals.webcase.pl\/ro\/wp-json\/wp\/v2\/media\/15726"}],"wp:attachment":[{"href":"http:\/\/esim2.clientinternals.webcase.pl\/ro\/wp-json\/wp\/v2\/media?parent=16605"}],"wp:term":[{"taxonomy":"region","embeddable":true,"href":"http:\/\/esim2.clientinternals.webcase.pl\/ro\/wp-json\/wp\/v2\/region?post=16605"}],"curies":[{"name":"wp","href":"https:\/\/api.w.org\/{rel}","templated":true}]}}

<p>Iată câteva date interesante despre Myanmar:</p>



<ul class="wp-block-list">
<li>Codul țării: +95</li>



<li>Capital: Naypyidaw</li>



<li>Alte orașe principale: Taunggyi, Monywa, Yangon</li>



<li>Populația: 53,8 milioane (2021 est.)</li>



<li>Limba: Burmese</li>



<li>Monedă: Myanmar Kyat</li>



<li>În timp ce capitala țării este Naypyidaw, cel mai mare oraș este Yangon (fost Rangoon).</li>



<li>Yangon găzduiește piețe pline de viață, numeroase parcuri și lacuri, precum și Pagoda Shwedagon, care conține relicve budiste și datează din secolul al VI-lea.</li>



<li>Thanaka este o pastă cosmetică obținută din scoarța unor arbori selecționați, despre care se spune că menține pielea netedă și o protejează împotriva daunelor provocate de soare.</li>



<li>Myanmar este una dintre cele doar trei țări din lume care nu utilizează sistemul metric. Țara folosește încă propriile unități de măsură.</li>
</ul>



<p>Știați că…?</p>



<ul class="wp-block-list">
<li>Myanmar are cele mai bune rubine din lume, acestea au un conținut ridicat de crom și un conținut scăzut de fier, ceea ce le conferă o fluorescență ridicată și acea nuanță râvnită de „sânge de porumbel”.</li>



<li>În Birmania există peste 130 de grupuri etnice și se află pe locul 75 în topul celor mai diverse țări din lume din punct de vedere cultural și etnic.</li>
</ul>
