{"id":17089,"date":"2024-02-23T19:29:57","date_gmt":"2024-02-23T18:29:57","guid":{"rendered":"http:\/\/esim2.clientinternals.webcase.pl\/?post_type=roaming&#038;p=17089"},"modified":"2024-03-13T13:10:41","modified_gmt":"2024-03-13T12:10:41","slug":"esim-tarile-de-jos","status":"publish","type":"roaming","link":"http:\/\/esim2.clientinternals.webcase.pl\/ro\/roaming\/esim-tarile-de-jos\/","title":{"rendered":"\u021a\u0103rile de Jos"},"content":{"rendered":"\n<p>Iat\u0103 c\u00e2teva date interesante \u0219i amuzante despre \u021a\u0103rile de Jos:<\/p>\n\n\n\n<ul class=\"wp-block-list\">\n<li>Codul \u021b\u0103rii: +31<\/li>\n\n\n\n<li>Capital: Amsterdam<\/li>\n\n\n\n<li>Alte ora\u0219e principale: Haga, Rotterdam, Gouda, Einghoven, Haga, Rotterdam, Gouda, Einghoven<\/li>\n\n\n\n<li>Popula\u021bia: 17,95 milioane (2022 est.)<\/li>\n\n\n\n<li>Limba: Limba oficial\u0103 a Olandei este olandeza; cu toate acestea, \u021bara se afl\u0103 la o r\u0103scruce unic\u0103 \u00een Europa, astfel \u00eenc\u00e2t franceza, engleza \u0219i germana sunt destul de des auzite. \u00cen plus, exist\u0103 zeci de dialecte pe care le pute\u021bi auzi.<\/li>\n\n\n\n<li>Moned\u0103: Euro<\/li>\n\n\n\n<li>Cei mai \u00eenal\u021bi b\u0103rba\u021bi din lume locuiesc \u00een Olanda.<\/li>\n\n\n\n<li>\u021a\u0103rile de Jos de\u021bin aproape 90% din suprafa\u021ba total\u0103 a culturilor de lalele din lume (aproximativ 11.000 de hectare) \u0219i produc anual 4,3 miliarde de bulbi de lalele.<\/li>\n<\/ul>\n\n\n\n<p>\u0218tia\u021bi c\u0103\u2026?<\/p>\n\n\n\n<ul class=\"wp-block-list\">\n<li>Marele Premiu al Olandei de pe circuitul Zandvoort, din nordul Olandei, a avut loc \u00eentre 1950 \u0219i 1985 \u0219i din nou \u00eencep\u00e2nd cu 2021 \u0219i va r\u0103m\u00e2ne parte din calendarul Formulei 1 p\u00e2n\u0103 \u00een 2025, dup\u0103 ce s-a convenit asupra unui nou acord.<\/li>\n\n\n\n<li>Max Verstappen a devenit primul pilot olandez care a c\u00e2\u0219tigat Campionatul Mondial de Formula 1 cu Red Bull Racing \u00een 2021 \u0219i al 34-lea campion mondial al pilo\u021bilor de Formula 1. A c\u00e2\u0219tigat al doilea campionat consecutiv de Formula 1 \u00een 2022.<\/li>\n<\/ul>\n","protected":false},"featured_media":15726,"template":"","region":[317],"class_list":["post-17089","roaming","type-roaming","status-publish","has-post-thumbnail","hentry","region-europa"],"_links":{"self":[{"href":"http:\/\/esim2.clientinternals.webcase.pl\/ro\/wp-json\/wp\/v2\/roaming\/17089","targetHints":{"allow":["GET"]}}],"collection":[{"href":"http:\/\/esim2.clientinternals.webcase.pl\/ro\/wp-json\/wp\/v2\/roaming"}],"about":[{"href":"http:\/\/esim2.clientinternals.webcase.pl\/ro\/wp-json\/wp\/v2\/types\/roaming"}],"wp:featuredmedia":[{"embeddable":true,"href":"http:\/\/esim2.clientinternals.webcase.pl\/ro\/wp-json\/wp\/v2\/media\/15726"}],"wp:attachment":[{"href":"http:\/\/esim2.clientinternals.webcase.pl\/ro\/wp-json\/wp\/v2\/media?parent=17089"}],"wp:term":[{"taxonomy":"region","embeddable":true,"href":"http:\/\/esim2.clientinternals.webcase.pl\/ro\/wp-json\/wp\/v2\/region?post=17089"}],"curies":[{"name":"wp","href":"https:\/\/api.w.org\/{rel}","templated":true}]}}

Țările de Jos

<p>Iată câteva date interesante și amuzante despre Țările de Jos:</p>



<ul class="wp-block-list">
<li>Codul țării: +31</li>



<li>Capital: Amsterdam</li>



<li>Alte orașe principale: Haga, Rotterdam, Gouda, Einghoven, Haga, Rotterdam, Gouda, Einghoven</li>



<li>Populația: 17,95 milioane (2022 est.)</li>



<li>Limba: Limba oficială a Olandei este olandeza; cu toate acestea, țara se află la o răscruce unică în Europa, astfel încât franceza, engleza și germana sunt destul de des auzite. În plus, există zeci de dialecte pe care le puteți auzi.</li>



<li>Monedă: Euro</li>



<li>Cei mai înalți bărbați din lume locuiesc în Olanda.</li>



<li>Țările de Jos dețin aproape 90% din suprafața totală a culturilor de lalele din lume (aproximativ 11.000 de hectare) și produc anual 4,3 miliarde de bulbi de lalele.</li>
</ul>



<p>Știați că…?</p>



<ul class="wp-block-list">
<li>Marele Premiu al Olandei de pe circuitul Zandvoort, din nordul Olandei, a avut loc între 1950 și 1985 și din nou începând cu 2021 și va rămâne parte din calendarul Formulei 1 până în 2025, după ce s-a convenit asupra unui nou acord.</li>



<li>Max Verstappen a devenit primul pilot olandez care a câștigat Campionatul Mondial de Formula 1 cu Red Bull Racing în 2021 și al 34-lea campion mondial al piloților de Formula 1. A câștigat al doilea campionat consecutiv de Formula 1 în 2022.</li>
</ul>
