{"id":19122,"date":"2024-02-24T09:25:24","date_gmt":"2024-02-24T08:25:24","guid":{"rendered":"https:\/\/esim2.clientinternals.webcase.pl\/?post_type=roaming&#038;p=19122"},"modified":"2024-03-15T10:33:20","modified_gmt":"2024-03-15T09:33:20","slug":"esim-ecuador","status":"publish","type":"roaming","link":"http:\/\/esim2.clientinternals.webcase.pl\/ro\/roaming\/esim-ecuador\/","title":{"rendered":"Ecuador"},"content":{"rendered":"\n<p>Iat\u0103 c\u00e2teva date interesante despre Ecuador:<\/p>\n\n\n\n<ul class=\"wp-block-list\">\n<li>Codul \u021b\u0103rii: +593<\/li>\n\n\n\n<li>Capital: Quito<\/li>\n\n\n\n<li>Alte ora\u0219e principale: Guayaquil, Cuenca, Santo Domingo<\/li>\n\n\n\n<li>Popula\u021bia: 17,8 milioane (2021 est.)<\/li>\n\n\n\n<li>Limba: Spaniol\u0103<\/li>\n\n\n\n<li>Moned\u0103: Dolarul Statelor Unite ale Americii<\/li>\n\n\n\n<li>Limba oficial\u0103 a Ecuadorului este spaniola, dar multe dintre popula\u021biile indigene vorbesc Quichua, lingua franca a Imperiului Inca.<\/li>\n\n\n\n<li>\u00cen Ecuador se mai vorbesc \u00eenc\u0103 nou\u0103 limbi indigene. \u00cen principalele centre de vizitare se vorbe\u0219te limba englez\u0103.<\/li>\n\n\n\n<li>Ecuatorul trece prin Ecuador \u0219i, practic, \u00eemparte \u021bara \u00een dou\u0103.<\/li>\n\n\n\n<li>Din acest motiv, r\u0103s\u0103ritul \u0219i apusul soarelui \u00een Ecuador r\u0103m\u00e2n practic acelea\u0219i pe tot parcursul anului. Soarele r\u0103sare la ora 6 diminea\u021ba \u0219i apune la ora 6 seara.<\/li>\n<\/ul>\n\n\n\n<p>\u0218tia\u021bi c\u0103\u2026?<\/p>\n\n\n\n<ul class=\"wp-block-list\">\n<li>Quito este a doua cea mai mare capital\u0103 din lume. Cel mai \u00eenalt este La Paz.<\/li>\n\n\n\n<li>Ecuadorul este cel mai mare exportator de banane din lume.<\/li>\n<\/ul>\n","protected":false},"featured_media":17770,"template":"","region":[321],"class_list":["post-19122","roaming","type-roaming","status-publish","has-post-thumbnail","hentry","region-america-de-sud"],"_links":{"self":[{"href":"http:\/\/esim2.clientinternals.webcase.pl\/ro\/wp-json\/wp\/v2\/roaming\/19122","targetHints":{"allow":["GET"]}}],"collection":[{"href":"http:\/\/esim2.clientinternals.webcase.pl\/ro\/wp-json\/wp\/v2\/roaming"}],"about":[{"href":"http:\/\/esim2.clientinternals.webcase.pl\/ro\/wp-json\/wp\/v2\/types\/roaming"}],"wp:featuredmedia":[{"embeddable":true,"href":"http:\/\/esim2.clientinternals.webcase.pl\/ro\/wp-json\/wp\/v2\/media\/17770"}],"wp:attachment":[{"href":"http:\/\/esim2.clientinternals.webcase.pl\/ro\/wp-json\/wp\/v2\/media?parent=19122"}],"wp:term":[{"taxonomy":"region","embeddable":true,"href":"http:\/\/esim2.clientinternals.webcase.pl\/ro\/wp-json\/wp\/v2\/region?post=19122"}],"curies":[{"name":"wp","href":"https:\/\/api.w.org\/{rel}","templated":true}]}}

<p>Iată câteva date interesante despre Ecuador:</p>



<ul class="wp-block-list">
<li>Codul țării: +593</li>



<li>Capital: Quito</li>



<li>Alte orașe principale: Guayaquil, Cuenca, Santo Domingo</li>



<li>Populația: 17,8 milioane (2021 est.)</li>



<li>Limba: Spaniolă</li>



<li>Monedă: Dolarul Statelor Unite ale Americii</li>



<li>Limba oficială a Ecuadorului este spaniola, dar multe dintre populațiile indigene vorbesc Quichua, lingua franca a Imperiului Inca.</li>



<li>În Ecuador se mai vorbesc încă nouă limbi indigene. În principalele centre de vizitare se vorbește limba engleză.</li>



<li>Ecuatorul trece prin Ecuador și, practic, împarte țara în două.</li>



<li>Din acest motiv, răsăritul și apusul soarelui în Ecuador rămân practic aceleași pe tot parcursul anului. Soarele răsare la ora 6 dimineața și apune la ora 6 seara.</li>
</ul>



<p>Știați că…?</p>



<ul class="wp-block-list">
<li>Quito este a doua cea mai mare capitală din lume. Cel mai înalt este La Paz.</li>



<li>Ecuadorul este cel mai mare exportator de banane din lume.</li>
</ul>
