{"id":18885,"date":"2024-02-21T20:44:30","date_gmt":"2024-02-21T19:44:30","guid":{"rendered":"https:\/\/esim2.clientinternals.webcase.pl\/?post_type=help&#038;p=18885"},"modified":"2024-03-15T01:10:50","modified_gmt":"2024-03-15T00:10:50","slug":"uygulama-cihazimin-kilitli-oldugunu-soyluyor-bu-ne-anlama-geliyor","status":"publish","type":"help","link":"http:\/\/esim2.clientinternals.webcase.pl\/tr\/help\/uyg\/uygulama-cihazimin-kilitli-oldugunu-soyluyor-bu-ne-anlama-geliyor\/","title":{"rendered":"Uygulama cihaz\u0131m\u0131n kilitli oldu\u011funu s\u00f6yl\u00fcyor. Bu ne anlama geliyor?"},"content":{"rendered":"\n<p>Kontratl\u0131 bir telefon sat\u0131n ald\u0131\u011f\u0131n\u0131zda, servis sa\u011flay\u0131c\u0131n\u0131n di\u011fer sa\u011flay\u0131c\u0131lar\u0131n ba\u011flant\u0131s\u0131n\u0131 engellemesi al\u0131\u015f\u0131lmad\u0131k bir durum de\u011fildir. Telefonunuz kilitliyse, genellikle s\u00f6zle\u015fmeniz sona erene kadar beklemeniz gerekir &#8211; sizin i\u00e7in kilidi a\u00e7\u0131p a\u00e7amayacaklar\u0131n\u0131 \u00f6\u011frenmek i\u00e7in sa\u011flay\u0131c\u0131n\u0131zla g\u00f6r\u00fc\u015fmenizi \u00f6neririz. Telefonunuz kilitliyken, ne yaz\u0131k ki bir eSIM y\u00fckleyemezsiniz. Evet, bu bizi de hayal k\u0131r\u0131kl\u0131\u011f\u0131na u\u011fratan bir \u015fey.<\/p>\n","protected":false},"parent":18881,"menu_order":40,"template":"","format":"standard","faq-category":[28],"class_list":["post-18885","help","type-help","status-publish","format-standard","hentry","faq-category-faq-home"],"_links":{"self":[{"href":"http:\/\/esim2.clientinternals.webcase.pl\/tr\/wp-json\/wp\/v2\/help\/18885","targetHints":{"allow":["GET"]}}],"collection":[{"href":"http:\/\/esim2.clientinternals.webcase.pl\/tr\/wp-json\/wp\/v2\/help"}],"about":[{"href":"http:\/\/esim2.clientinternals.webcase.pl\/tr\/wp-json\/wp\/v2\/types\/help"}],"up":[{"embeddable":true,"href":"http:\/\/esim2.clientinternals.webcase.pl\/tr\/wp-json\/wp\/v2\/help\/18881"}],"wp:attachment":[{"href":"http:\/\/esim2.clientinternals.webcase.pl\/tr\/wp-json\/wp\/v2\/media?parent=18885"}],"wp:term":[{"taxonomy":"faq-category","embeddable":true,"href":"http:\/\/esim2.clientinternals.webcase.pl\/tr\/wp-json\/wp\/v2\/faq-category?post=18885"}],"curies":[{"name":"wp","href":"https:\/\/api.w.org\/{rel}","templated":true}]}}

Uygulama cihazımın kilitli olduğunu söylüyor. Bu ne anlama geliyor?

<p>Kontratlı bir telefon satın aldığınızda, servis sağlayıcının diğer sağlayıcıların bağlantısını engellemesi alışılmadık bir durum değildir. Telefonunuz kilitliyse, genellikle sözleşmeniz sona erene kadar beklemeniz gerekir &#8211; sizin için kilidi açıp açamayacaklarını öğrenmek için sağlayıcınızla görüşmenizi öneririz. Telefonunuz kilitliyken, ne yazık ki bir eSIM yükleyemezsiniz. Evet, bu bizi de hayal kırıklığına uğratan bir şey.</p>
