{"id":18899,"date":"2024-03-14T19:56:59","date_gmt":"2024-03-14T18:56:59","guid":{"rendered":"https:\/\/esim2.clientinternals.webcase.pl\/?post_type=help&#038;p=18899"},"modified":"2024-03-15T01:17:44","modified_gmt":"2024-03-15T00:17:44","slug":"kisisel-erisim-noktasi-calismiyor-ne-yapabilirim","status":"publish","type":"help","link":"http:\/\/esim2.clientinternals.webcase.pl\/tr\/help\/diger\/kisisel-erisim-noktasi-calismiyor-ne-yapabilirim\/","title":{"rendered":"Ki\u015fisel Eri\u015fim Noktas\u0131 \u00e7al\u0131\u015fm\u0131yor &#8211; ne yapabilirim?"},"content":{"rendered":"\n<p>Baz\u0131 durumlarda Ki\u015fisel Eri\u015fim Noktas\u0131 otomatik olarak \u00e7al\u0131\u015fmaz. Bu durumda, etkinle\u015ftirmek i\u00e7in a\u015fa\u011f\u0131daki basit ad\u0131mlar\u0131 izleyin. \u015euraya gidin: Ayarlar \u2063\u2063->\u2063\u2063 Mobil Veri \u2063\u2063-> \u2063\u2063 Red Bull MOBILE veri plan\u0131n\u0131 se\u00e7in \u2063\u2063->\u2063\u2063 Mobil Veri A\u011f\u0131. <\/p>\n\n\n\n<p>L\u00fctfen hem <strong>MOB\u0130L VER\u0130<\/strong> hem de <strong>K\u0130\u015e\u0130SEL HOTSPOT<\/strong> b\u00f6l\u00fcmlerinin <strong>APN <\/strong>alanlar\u0131na &#8220;webapn.at&#8221; (t\u0131rnak i\u015faretleri olmadan) girin. <strong>Kullan\u0131c\u0131 Ad\u0131 <\/strong>ve <strong>\u015eifre <\/strong>alanlar\u0131\u00a0bo\u015f b\u0131rak\u0131lmal\u0131d\u0131r.<\/p>\n","protected":false},"parent":18896,"menu_order":30,"template":"","format":"standard","faq-category":[],"class_list":["post-18899","help","type-help","status-publish","format-standard","hentry"],"_links":{"self":[{"href":"http:\/\/esim2.clientinternals.webcase.pl\/tr\/wp-json\/wp\/v2\/help\/18899","targetHints":{"allow":["GET"]}}],"collection":[{"href":"http:\/\/esim2.clientinternals.webcase.pl\/tr\/wp-json\/wp\/v2\/help"}],"about":[{"href":"http:\/\/esim2.clientinternals.webcase.pl\/tr\/wp-json\/wp\/v2\/types\/help"}],"up":[{"embeddable":true,"href":"http:\/\/esim2.clientinternals.webcase.pl\/tr\/wp-json\/wp\/v2\/help\/18896"}],"wp:attachment":[{"href":"http:\/\/esim2.clientinternals.webcase.pl\/tr\/wp-json\/wp\/v2\/media?parent=18899"}],"wp:term":[{"taxonomy":"faq-category","embeddable":true,"href":"http:\/\/esim2.clientinternals.webcase.pl\/tr\/wp-json\/wp\/v2\/faq-category?post=18899"}],"curies":[{"name":"wp","href":"https:\/\/api.w.org\/{rel}","templated":true}]}}

Kişisel Erişim Noktası çalışmıyor &#8211; ne yapabilirim?

<p>Bazı durumlarda Kişisel Erişim Noktası otomatik olarak çalışmaz. Bu durumda, etkinleştirmek için aşağıdaki basit adımları izleyin. Şuraya gidin: Ayarlar ⁣⁣->⁣⁣ Mobil Veri ⁣⁣-> ⁣⁣ Red Bull MOBILE veri planını seçin ⁣⁣->⁣⁣ Mobil Veri Ağı. </p>



<p>Lütfen hem <strong>MOBİL VERİ</strong> hem de <strong>KİŞİSEL HOTSPOT</strong> bölümlerinin <strong>APN </strong>alanlarına &#8220;webapn.at&#8221; (tırnak işaretleri olmadan) girin. <strong>Kullanıcı Adı </strong>ve <strong>Şifre </strong>alanları boş bırakılmalıdır.</p>
