{"id":15245,"date":"2024-02-23T18:42:14","date_gmt":"2024-02-23T17:42:14","guid":{"rendered":"http:\/\/esim2.clientinternals.webcase.pl\/?post_type=roaming&#038;p=15245"},"modified":"2024-03-14T09:52:36","modified_gmt":"2024-03-14T08:52:36","slug":"esim-cad","status":"publish","type":"roaming","link":"http:\/\/esim2.clientinternals.webcase.pl\/tr\/dolasim\/esim-cad\/","title":{"rendered":"Chad"},"content":{"rendered":"\n<p>\u0130\u015fte Chad hakk\u0131nda baz\u0131 ilgin\u00e7 ger\u00e7ekler:<\/p>\n\n\n\n<ul class=\"wp-block-list\">\n<li>\u00dclke Kodu: +235<\/li>\n\n\n\n<li>Ba\u015fkent: N\u2019Djamena<\/li>\n\n\n\n<li>Di\u011fer ana \u015fehirler: Moundou, Sarh, Moussoro<\/li>\n\n\n\n<li>N\u00fcfus 17,18 milyon (2021 tahmini)<\/li>\n\n\n\n<li>Dil Arap\u00e7a ve Frans\u0131zca<\/li>\n\n\n\n<li>Para birimi: Orta Afrika CFA frang\u0131\/li&gt;<\/li>\n\n\n\n<li>\u00c7ad kuzeyde Libya, do\u011fuda Sudan, g\u00fcneyde Orta Afrika Cumhuriyeti, g\u00fcneybat\u0131da Kamerun, g\u00fcneybat\u0131da Nijerya ve bat\u0131da Nijer ile kom\u015fudur.<\/li>\n\n\n\n<li>\u00dclke ad\u0131n\u0131 Afrika\u2019n\u0131n ikinci b\u00fcy\u00fck g\u00f6l\u00fc ve \u00c7ad\u2019\u0131n en b\u00fcy\u00fck sulak alan\u0131 olan \u00c7ad G\u00f6l\u00fc\u2019nden almaktad\u0131r. \u00c7ad G\u00f6l\u00fc bir tatl\u0131 su g\u00f6l\u00fcd\u00fcr ve 1963\u2019ten bu yana %95\u2019e varan oranda k\u00fc\u00e7\u00fclm\u00fc\u015ft\u00fcr.<\/li>\n\n\n\n<li>\u00c7ad, Afrika\u2019n\u0131n en b\u00fcy\u00fck be\u015finci \u00fclkesidir ve \u0130spanya, Fransa ve Almanya\u2019n\u0131n toplam\u0131ndan daha b\u00fcy\u00fckt\u00fcr.<\/li>\n\n\n\n<li>\u00c7ad, petrol, uranyum, alt\u0131n ve kire\u00e7ta\u015f\u0131 gibi maden rezervleri bak\u0131m\u0131ndan zengin olup \u00fclke i\u00e7in potansiyel ekonomik f\u0131rsatlar sunmaktad\u0131r.<\/li>\n<\/ul>\n\n\n\n<p>Biliyor muydun\u2026?<\/p>\n\n\n\n<ul class=\"wp-block-list\">\n<li>Ba\u015fkent N\u2019Djamena, \u00c7ad\u2019\u0131n en b\u00fcy\u00fck \u015fehridir.<\/li>\n\n\n\n<li>\u00c7ad\u2019da 200\u2019den fazla etnik grup bulunmaktad\u0131r.<\/li>\n<\/ul>\n","protected":false},"featured_media":15246,"template":"","region":[371],"class_list":["post-15245","roaming","type-roaming","status-publish","has-post-thumbnail","hentry","region-afrika"],"_links":{"self":[{"href":"http:\/\/esim2.clientinternals.webcase.pl\/tr\/wp-json\/wp\/v2\/roaming\/15245","targetHints":{"allow":["GET"]}}],"collection":[{"href":"http:\/\/esim2.clientinternals.webcase.pl\/tr\/wp-json\/wp\/v2\/roaming"}],"about":[{"href":"http:\/\/esim2.clientinternals.webcase.pl\/tr\/wp-json\/wp\/v2\/types\/roaming"}],"wp:featuredmedia":[{"embeddable":true,"href":"http:\/\/esim2.clientinternals.webcase.pl\/tr\/wp-json\/wp\/v2\/media\/15246"}],"wp:attachment":[{"href":"http:\/\/esim2.clientinternals.webcase.pl\/tr\/wp-json\/wp\/v2\/media?parent=15245"}],"wp:term":[{"taxonomy":"region","embeddable":true,"href":"http:\/\/esim2.clientinternals.webcase.pl\/tr\/wp-json\/wp\/v2\/region?post=15245"}],"curies":[{"name":"wp","href":"https:\/\/api.w.org\/{rel}","templated":true}]}}

<p>İşte Chad hakkında bazı ilginç gerçekler:</p>



<ul class="wp-block-list">
<li>Ülke Kodu: +235</li>



<li>Başkent: N’Djamena</li>



<li>Diğer ana şehirler: Moundou, Sarh, Moussoro</li>



<li>Nüfus 17,18 milyon (2021 tahmini)</li>



<li>Dil Arapça ve Fransızca</li>



<li>Para birimi: Orta Afrika CFA frangı/li&gt;</li>



<li>Çad kuzeyde Libya, doğuda Sudan, güneyde Orta Afrika Cumhuriyeti, güneybatıda Kamerun, güneybatıda Nijerya ve batıda Nijer ile komşudur.</li>



<li>Ülke adını Afrika’nın ikinci büyük gölü ve Çad’ın en büyük sulak alanı olan Çad Gölü’nden almaktadır. Çad Gölü bir tatlı su gölüdür ve 1963’ten bu yana %95’e varan oranda küçülmüştür.</li>



<li>Çad, Afrika’nın en büyük beşinci ülkesidir ve İspanya, Fransa ve Almanya’nın toplamından daha büyüktür.</li>



<li>Çad, petrol, uranyum, altın ve kireçtaşı gibi maden rezervleri bakımından zengin olup ülke için potansiyel ekonomik fırsatlar sunmaktadır.</li>
</ul>



<p>Biliyor muydun…?</p>



<ul class="wp-block-list">
<li>Başkent N’Djamena, Çad’ın en büyük şehridir.</li>



<li>Çad’da 200’den fazla etnik grup bulunmaktadır.</li>
</ul>
