{"id":15346,"date":"2024-02-23T18:53:22","date_gmt":"2024-02-23T17:53:22","guid":{"rendered":"http:\/\/esim2.clientinternals.webcase.pl\/?post_type=roaming&#038;p=15346"},"modified":"2024-03-14T11:27:41","modified_gmt":"2024-03-14T10:27:41","slug":"esim-malawi","status":"publish","type":"roaming","link":"http:\/\/esim2.clientinternals.webcase.pl\/tr\/dolasim\/esim-malawi\/","title":{"rendered":"Malavi"},"content":{"rendered":"\n<p>\u0130\u015fte Malavi hakk\u0131nda baz\u0131 ilgin\u00e7 ger\u00e7ekler:<\/p>\n\n\n\n<ul class=\"wp-block-list\">\n<li>\u00dclke Kodu: +265<\/li>\n\n\n\n<li>Ba\u015fkent: Lilongwe<\/li>\n\n\n\n<li>Di\u011fer ana \u015fehirler: Rhumpi, Nkhotakota, Dedza<\/li>\n\n\n\n<li>N\u00fcfus 19,89 milyon (2021 tahmini)<\/li>\n\n\n\n<li>Dil: Chichewa<\/li>\n\n\n\n<li>Para Birimi: Malawian Kwacha<\/li>\n\n\n\n<li>Malavi, Afrika\u2019n\u0131n g\u00fcneydo\u011fusunda denize k\u0131y\u0131s\u0131 olmayan bir \u00fclkedir ve B\u00fcy\u00fck Rift Vadisi ve devasa Malavi G\u00f6l\u00fc taraf\u0131ndan b\u00f6l\u00fcnm\u00fc\u015f da\u011fl\u0131k alanlardan olu\u015fan topografyas\u0131 ile tan\u0131mlan\u0131r.<\/li>\n\n\n\n<li>Malawi G\u00f6l\u00fc Milli Park\u0131, renkli bal\u0131klardan babunlara kadar \u00e7e\u015fitli vah\u015fi ya\u015fam\u0131 bar\u0131nd\u0131r\u0131r ve berrak sular\u0131 dal\u0131\u015f ve tekne gezintisi i\u00e7in pop\u00fclerdir.<\/li>\n\n\n\n<li>\u0130lk kez 1984 y\u0131l\u0131nda listeye al\u0131nan Malawi G\u00f6l\u00fc Milli Park\u0131 ve 2006 y\u0131l\u0131nda listeye al\u0131nan Chongoni Kaya Sanat\u0131 Alan\u0131, UNESCO D\u00fcnya Miras\u0131 listesinde yer almaktad\u0131r.<\/li>\n\n\n\n<li>Malawi G\u00f6l\u00fc\u2019nde 500 ila 1.000 aras\u0131nda bal\u0131k t\u00fcr\u00fc bulunmaktad\u0131r ve bu say\u0131 d\u00fcnyadaki herhangi bir g\u00f6lde bulunan en fazla bal\u0131k t\u00fcr\u00fcn\u00fc i\u00e7ermektedir.\/li&gt;<\/li>\n<\/ul>\n\n\n\n<p>Biliyor muydun\u2026?<\/p>\n\n\n\n<ul class=\"wp-block-list\">\n<li>\u00dclke, Birle\u015fik Krall\u0131k\u2019\u0131n yakla\u015f\u0131k yar\u0131s\u0131 b\u00fcy\u00fckl\u00fc\u011f\u00fcndedir.<\/li>\n\n\n\n<li>Shire Nehri, Afrika\u2019daki en y\u00fcksek su ayg\u0131r\u0131 yo\u011funlu\u011funa sahip gibi g\u00f6r\u00fcnmektedir.<\/li>\n<\/ul>\n","protected":false},"featured_media":15246,"template":"","region":[371],"class_list":["post-15346","roaming","type-roaming","status-publish","has-post-thumbnail","hentry","region-afrika"],"_links":{"self":[{"href":"http:\/\/esim2.clientinternals.webcase.pl\/tr\/wp-json\/wp\/v2\/roaming\/15346","targetHints":{"allow":["GET"]}}],"collection":[{"href":"http:\/\/esim2.clientinternals.webcase.pl\/tr\/wp-json\/wp\/v2\/roaming"}],"about":[{"href":"http:\/\/esim2.clientinternals.webcase.pl\/tr\/wp-json\/wp\/v2\/types\/roaming"}],"wp:featuredmedia":[{"embeddable":true,"href":"http:\/\/esim2.clientinternals.webcase.pl\/tr\/wp-json\/wp\/v2\/media\/15246"}],"wp:attachment":[{"href":"http:\/\/esim2.clientinternals.webcase.pl\/tr\/wp-json\/wp\/v2\/media?parent=15346"}],"wp:term":[{"taxonomy":"region","embeddable":true,"href":"http:\/\/esim2.clientinternals.webcase.pl\/tr\/wp-json\/wp\/v2\/region?post=15346"}],"curies":[{"name":"wp","href":"https:\/\/api.w.org\/{rel}","templated":true}]}}

<p>İşte Malavi hakkında bazı ilginç gerçekler:</p>



<ul class="wp-block-list">
<li>Ülke Kodu: +265</li>



<li>Başkent: Lilongwe</li>



<li>Diğer ana şehirler: Rhumpi, Nkhotakota, Dedza</li>



<li>Nüfus 19,89 milyon (2021 tahmini)</li>



<li>Dil: Chichewa</li>



<li>Para Birimi: Malawian Kwacha</li>



<li>Malavi, Afrika’nın güneydoğusunda denize kıyısı olmayan bir ülkedir ve Büyük Rift Vadisi ve devasa Malavi Gölü tarafından bölünmüş dağlık alanlardan oluşan topografyası ile tanımlanır.</li>



<li>Malawi Gölü Milli Parkı, renkli balıklardan babunlara kadar çeşitli vahşi yaşamı barındırır ve berrak suları dalış ve tekne gezintisi için popülerdir.</li>



<li>İlk kez 1984 yılında listeye alınan Malawi Gölü Milli Parkı ve 2006 yılında listeye alınan Chongoni Kaya Sanatı Alanı, UNESCO Dünya Mirası listesinde yer almaktadır.</li>



<li>Malawi Gölü’nde 500 ila 1.000 arasında balık türü bulunmaktadır ve bu sayı dünyadaki herhangi bir gölde bulunan en fazla balık türünü içermektedir./li&gt;</li>
</ul>



<p>Biliyor muydun…?</p>



<ul class="wp-block-list">
<li>Ülke, Birleşik Krallık’ın yaklaşık yarısı büyüklüğündedir.</li>



<li>Shire Nehri, Afrika’daki en yüksek su aygırı yoğunluğuna sahip gibi görünmektedir.</li>
</ul>
