{"id":15368,"date":"2024-02-23T18:50:13","date_gmt":"2024-02-23T17:50:13","guid":{"rendered":"http:\/\/esim2.clientinternals.webcase.pl\/?post_type=roaming&#038;p=15368"},"modified":"2024-03-14T11:55:03","modified_gmt":"2024-03-14T10:55:03","slug":"esim-demokratik-kongo-cumhuriyeti","status":"publish","type":"roaming","link":"http:\/\/esim2.clientinternals.webcase.pl\/tr\/dolasim\/esim-demokratik-kongo-cumhuriyeti\/","title":{"rendered":"Demokratik Kongo Cumhuriyeti"},"content":{"rendered":"\n<p>\u0130\u015fte Demokratik Kongo Cumhuriyeti hakk\u0131nda baz\u0131 ilgin\u00e7 ger\u00e7ekler:<\/p>\n\n\n\n<ul class=\"wp-block-list\">\n<li>\u00dclke Kodu: +243<\/li>\n\n\n\n<li>Ba\u015fkent: Kinshasa<\/li>\n\n\n\n<li>Di\u011fer ana \u015fehirler: Kananga, Lubumbashi, Mbuji-Mayi<\/li>\n\n\n\n<li>N\u00fcfus: 95,89 milyon (2021 tahmini)<\/li>\n\n\n\n<li>Dil: Frans\u0131zca<\/li>\n\n\n\n<li>Para Birimi: Kongo Frang\u0131<\/li>\n\n\n\n<li>Demokratik Kongo Cumhuriyeti Afrika\u2019n\u0131n en b\u00fcy\u00fck ikinci \u00fclkesidir ve dokuz \u00fclkeyle s\u0131n\u0131r kom\u015fusudur: Angola, Burundi, Orta Afrika Cumhuriyeti, Kongo Cumhuriyeti, Ruanda, G\u00fcney Sudan, Tanzanya, Uganda ve Zambiya.<\/li>\n\n\n\n<li>Afrika\u2019daki en eski milli park Kongo Virunga Milli Park\u0131\u2019d\u0131r ve nadir da\u011f gorillerine, aslanlara ve fillere ev sahipli\u011fi yapmaktad\u0131r.<\/li>\n\n\n\n<li>\u00dclke genelinde yakla\u015f\u0131k 250 dil ve leh\u00e7enin konu\u015fuldu\u011fu 200\u2019den fazla etnik grup bulunmaktad\u0131r.<\/li>\n\n\n\n<li>Kongo-Kin\u015fasa, DRC, DR Kongo ya da k\u0131saca Kongo olarak da bilinen Demokratik Kongo Cumhuriyeti, 1971-1997 y\u0131llar\u0131 aras\u0131nda Zaire olarak da biliniyordu.<\/li>\n<\/ul>\n\n\n\n<p>Biliyor muydun\u2026?<\/p>\n\n\n\n<ul class=\"wp-block-list\">\n<li>Kongo\u2019nun b\u00fcy\u00fckl\u00fc\u011f\u00fc \u0130spanya, Fransa, Almanya, \u0130sve\u00e7 ve Norve\u00e7\u2019in y\u00fcz\u00f6l\u00e7\u00fcmlerinin toplam\u0131ndan biraz daha fazlad\u0131r.<\/li>\n\n\n\n<li>Stanley Da\u011f\u0131, Rwenzori s\u0131rada\u011flar\u0131nda yer alan bir da\u011fd\u0131r ve Afrika\u2019n\u0131n en y\u00fcksek \u00fc\u00e7\u00fcnc\u00fc da\u011f\u0131d\u0131r.<\/li>\n<\/ul>\n","protected":false},"featured_media":15246,"template":"","region":[371],"class_list":["post-15368","roaming","type-roaming","status-publish","has-post-thumbnail","hentry","region-afrika"],"_links":{"self":[{"href":"http:\/\/esim2.clientinternals.webcase.pl\/tr\/wp-json\/wp\/v2\/roaming\/15368","targetHints":{"allow":["GET"]}}],"collection":[{"href":"http:\/\/esim2.clientinternals.webcase.pl\/tr\/wp-json\/wp\/v2\/roaming"}],"about":[{"href":"http:\/\/esim2.clientinternals.webcase.pl\/tr\/wp-json\/wp\/v2\/types\/roaming"}],"wp:featuredmedia":[{"embeddable":true,"href":"http:\/\/esim2.clientinternals.webcase.pl\/tr\/wp-json\/wp\/v2\/media\/15246"}],"wp:attachment":[{"href":"http:\/\/esim2.clientinternals.webcase.pl\/tr\/wp-json\/wp\/v2\/media?parent=15368"}],"wp:term":[{"taxonomy":"region","embeddable":true,"href":"http:\/\/esim2.clientinternals.webcase.pl\/tr\/wp-json\/wp\/v2\/region?post=15368"}],"curies":[{"name":"wp","href":"https:\/\/api.w.org\/{rel}","templated":true}]}}

<p>İşte Demokratik Kongo Cumhuriyeti hakkında bazı ilginç gerçekler:</p>



<ul class="wp-block-list">
<li>Ülke Kodu: +243</li>



<li>Başkent: Kinshasa</li>



<li>Diğer ana şehirler: Kananga, Lubumbashi, Mbuji-Mayi</li>



<li>Nüfus: 95,89 milyon (2021 tahmini)</li>



<li>Dil: Fransızca</li>



<li>Para Birimi: Kongo Frangı</li>



<li>Demokratik Kongo Cumhuriyeti Afrika’nın en büyük ikinci ülkesidir ve dokuz ülkeyle sınır komşusudur: Angola, Burundi, Orta Afrika Cumhuriyeti, Kongo Cumhuriyeti, Ruanda, Güney Sudan, Tanzanya, Uganda ve Zambiya.</li>



<li>Afrika’daki en eski milli park Kongo Virunga Milli Parkı’dır ve nadir dağ gorillerine, aslanlara ve fillere ev sahipliği yapmaktadır.</li>



<li>Ülke genelinde yaklaşık 250 dil ve lehçenin konuşulduğu 200’den fazla etnik grup bulunmaktadır.</li>



<li>Kongo-Kinşasa, DRC, DR Kongo ya da kısaca Kongo olarak da bilinen Demokratik Kongo Cumhuriyeti, 1971-1997 yılları arasında Zaire olarak da biliniyordu.</li>
</ul>



<p>Biliyor muydun…?</p>



<ul class="wp-block-list">
<li>Kongo’nun büyüklüğü İspanya, Fransa, Almanya, İsveç ve Norveç’in yüzölçümlerinin toplamından biraz daha fazladır.</li>



<li>Stanley Dağı, Rwenzori sıradağlarında yer alan bir dağdır ve Afrika’nın en yüksek üçüncü dağıdır.</li>
</ul>
