{"id":15600,"date":"2024-02-23T18:49:29","date_gmt":"2024-02-23T17:49:29","guid":{"rendered":"http:\/\/esim2.clientinternals.webcase.pl\/?post_type=roaming&#038;p=15600"},"modified":"2024-03-14T14:59:40","modified_gmt":"2024-03-14T13:59:40","slug":"esim-uganda","status":"publish","type":"roaming","link":"http:\/\/esim2.clientinternals.webcase.pl\/tr\/dolasim\/esim-uganda\/","title":{"rendered":"Uganda"},"content":{"rendered":"\n<p>\u0130\u015fte Uganda hakk\u0131nda baz\u0131 ilgin\u00e7 ger\u00e7ekler:<\/p>\n\n\n\n<ul class=\"wp-block-list\">\n<li>\u00dclke Kodu: +256<\/li>\n\n\n\n<li>Ba\u015fkent: Kampala<\/li>\n\n\n\n<li>Di\u011fer ana \u015fehirler: Fort Portal, Moroto, Arua<\/li>\n\n\n\n<li>N\u00fcfus 45,85 milyon (2021 tahmini)<\/li>\n\n\n\n<li>Dil: \u0130ngilizce ve Luganda<\/li>\n\n\n\n<li>Para Birimi: Uganda \u015eilini<\/li>\n\n\n\n<li>Uganda, Do\u011fu Afrika\u2019da denize k\u0131y\u0131s\u0131 olmayan bir \u00fclkedir.<\/li>\n\n\n\n<li>Tanzanya, Kenya, Ruanda, Demokratik Kongo Cumhuriyeti ve G\u00fcney Sudan ile s\u0131n\u0131r kom\u015fusudur. Uganda, Afrika\u2019n\u0131n tam kalbinde yer almaktad\u0131r.<\/li>\n\n\n\n<li>Victoria G\u00f6l\u00fc Afrika\u2019n\u0131n en b\u00fcy\u00fck, d\u00fcnyan\u0131n ise ikinci en b\u00fcy\u00fck tatl\u0131 su g\u00f6l\u00fcd\u00fcr. Uganda s\u0131n\u0131rlar\u0131 i\u00e7erisinde yer alan ve yakla\u015f\u0131k 400.000 ya\u015f\u0131nda olan Nil Nehri\u2019nin kaynaklar\u0131ndan biridir.<\/li>\n\n\n\n<li>Matooke, ye\u015fil muzlar\u0131n hasat edilmesi, soyulmas\u0131, pi\u015firilmesi ve ezilmesiyle yap\u0131lan geleneksel bir yemektir.<\/li>\n<\/ul>\n\n\n\n<p>Biliyor muydun\u2026?<\/p>\n\n\n\n<ul class=\"wp-block-list\">\n<li>Uganda n\u00fcfusunun %77\u2019si 25 ya\u015f\u0131n alt\u0131ndad\u0131r ve bu da Uganda\u2019y\u0131 d\u00fcnyan\u0131n en gen\u00e7 n\u00fcfusu yapmaktad\u0131r.<\/li>\n\n\n\n<li>Uganda\u2019n\u0131n bat\u0131s\u0131ndaki Queen Elizabeth Ulusal Park\u0131, s\u0131caktan ka\u00e7mak ve b\u00f6cek \u0131s\u0131r\u0131klar\u0131ndan korunmak i\u00e7in adapte olmu\u015f, a\u011faca t\u0131rmanan e\u015fsiz aslanlar\u0131yla \u00fcnl\u00fcd\u00fcr.<\/li>\n<\/ul>\n","protected":false},"featured_media":15246,"template":"","region":[371],"class_list":["post-15600","roaming","type-roaming","status-publish","has-post-thumbnail","hentry","region-afrika"],"_links":{"self":[{"href":"http:\/\/esim2.clientinternals.webcase.pl\/tr\/wp-json\/wp\/v2\/roaming\/15600","targetHints":{"allow":["GET"]}}],"collection":[{"href":"http:\/\/esim2.clientinternals.webcase.pl\/tr\/wp-json\/wp\/v2\/roaming"}],"about":[{"href":"http:\/\/esim2.clientinternals.webcase.pl\/tr\/wp-json\/wp\/v2\/types\/roaming"}],"wp:featuredmedia":[{"embeddable":true,"href":"http:\/\/esim2.clientinternals.webcase.pl\/tr\/wp-json\/wp\/v2\/media\/15246"}],"wp:attachment":[{"href":"http:\/\/esim2.clientinternals.webcase.pl\/tr\/wp-json\/wp\/v2\/media?parent=15600"}],"wp:term":[{"taxonomy":"region","embeddable":true,"href":"http:\/\/esim2.clientinternals.webcase.pl\/tr\/wp-json\/wp\/v2\/region?post=15600"}],"curies":[{"name":"wp","href":"https:\/\/api.w.org\/{rel}","templated":true}]}}

<p>İşte Uganda hakkında bazı ilginç gerçekler:</p>



<ul class="wp-block-list">
<li>Ülke Kodu: +256</li>



<li>Başkent: Kampala</li>



<li>Diğer ana şehirler: Fort Portal, Moroto, Arua</li>



<li>Nüfus 45,85 milyon (2021 tahmini)</li>



<li>Dil: İngilizce ve Luganda</li>



<li>Para Birimi: Uganda Şilini</li>



<li>Uganda, Doğu Afrika’da denize kıyısı olmayan bir ülkedir.</li>



<li>Tanzanya, Kenya, Ruanda, Demokratik Kongo Cumhuriyeti ve Güney Sudan ile sınır komşusudur. Uganda, Afrika’nın tam kalbinde yer almaktadır.</li>



<li>Victoria Gölü Afrika’nın en büyük, dünyanın ise ikinci en büyük tatlı su gölüdür. Uganda sınırları içerisinde yer alan ve yaklaşık 400.000 yaşında olan Nil Nehri’nin kaynaklarından biridir.</li>



<li>Matooke, yeşil muzların hasat edilmesi, soyulması, pişirilmesi ve ezilmesiyle yapılan geleneksel bir yemektir.</li>
</ul>



<p>Biliyor muydun…?</p>



<ul class="wp-block-list">
<li>Uganda nüfusunun %77’si 25 yaşın altındadır ve bu da Uganda’yı dünyanın en genç nüfusu yapmaktadır.</li>



<li>Uganda’nın batısındaki Queen Elizabeth Ulusal Parkı, sıcaktan kaçmak ve böcek ısırıklarından korunmak için adapte olmuş, ağaca tırmanan eşsiz aslanlarıyla ünlüdür.</li>
</ul>
