{"id":15757,"date":"2024-02-23T19:18:35","date_gmt":"2024-02-23T18:18:35","guid":{"rendered":"http:\/\/esim2.clientinternals.webcase.pl\/?post_type=roaming&#038;p=15757"},"modified":"2024-03-15T09:03:33","modified_gmt":"2024-03-15T08:03:33","slug":"esim-turkiye","status":"publish","type":"roaming","link":"http:\/\/esim2.clientinternals.webcase.pl\/tr\/dolasim\/esim-turkiye\/","title":{"rendered":"T\u00fcrkiye"},"content":{"rendered":"\n<p>\u0130\u015fte T\u00fcrkiye hakk\u0131nda baz\u0131 ilgin\u00e7 ve e\u011flenceli ger\u00e7ekler:<\/p>\n\n\n\n<ul class=\"wp-block-list\">\n<li>\u00dclke Kodu: +90<\/li>\n\n\n\n<li>Ba\u015fkent: Ankara<\/li>\n\n\n\n<li>Di\u011fer ana \u015fehirler: \u0130stanbul, Antalya, \u0130zmir, Bodrum<\/li>\n\n\n\n<li>N\u00fcfus: 85,3 milyon (2022 tahmini)<\/li>\n\n\n\n<li>Dil: T\u00fcrk\u00e7e, T\u00fcrkiye\u2019nin resmi dilidir ve n\u00fcfusun %90\u2019\u0131 T\u00fcrk\u00e7e konu\u015fmaktad\u0131r, ancak T\u00fcrkiye\u2019de 30\u2019dan fazla az\u0131nl\u0131k dili konu\u015fulmaktad\u0131r.<\/li>\n\n\n\n<li>Para Birimi: T\u00fcrk Liras\u0131<\/li>\n\n\n\n<li>T\u00fcrkiye, resmi ad\u0131yla T\u00fcrkiye Cumhuriyeti, esas olarak Bat\u0131 Asya\u2019da Anadolu Yar\u0131madas\u0131\u2019nda, k\u00fc\u00e7\u00fck bir k\u0131sm\u0131 da G\u00fcneydo\u011fu Avrupa\u2019da Balkan Yar\u0131madas\u0131\u2019nda yer alan k\u0131talararas\u0131 bir \u00fclkedir.<\/li>\n\n\n\n<li>\u0130stanbul iki k\u0131tada ya\u015f\u0131yor. \u015eehir, bir bo\u011faz olan \u0130stanbul Bo\u011faz\u0131 ile ayr\u0131lmakta ve bir Avrupa ve bir Asya b\u00f6l\u00fcm\u00fcnden olu\u015fmaktad\u0131r. T\u00fcrkiye\u2019nin %95\u2019i Asya\u2019da, %5\u2019i ise Avrupa\u2019dad\u0131r.<\/li>\n<\/ul>\n\n\n\n<p>Biliyor muydun\u2026?<\/p>\n\n\n\n<ul class=\"wp-block-list\">\n<li>T\u00fcrkiye Grand Prix\u2019si, Hermann Tilke taraf\u0131ndan tasarlanan \u0130stanbul Park\u2019ta d\u00fczenlenen bir Formula 1 motor yar\u0131\u015f\u0131d\u0131r. Yar\u0131\u015f, 2005-2011 ve 2020-2021 y\u0131llar\u0131 aras\u0131nda F1 D\u00fcnya \u015eampiyonas\u0131\u2019n\u0131n bir par\u00e7as\u0131yd\u0131.<\/li>\n\n\n\n<li>Ayn\u0131 zamanda Sebastian Vettel\u2019in 2011 y\u0131l\u0131nda Red Bull Racing ad\u0131na \u015fampiyonlu\u011fu kazand\u0131\u011f\u0131 yerdir.<\/li>\n<\/ul>\n","protected":false},"featured_media":15710,"template":"","region":[373],"class_list":["post-15757","roaming","type-roaming","status-publish","has-post-thumbnail","hentry","region-asya"],"_links":{"self":[{"href":"http:\/\/esim2.clientinternals.webcase.pl\/tr\/wp-json\/wp\/v2\/roaming\/15757","targetHints":{"allow":["GET"]}}],"collection":[{"href":"http:\/\/esim2.clientinternals.webcase.pl\/tr\/wp-json\/wp\/v2\/roaming"}],"about":[{"href":"http:\/\/esim2.clientinternals.webcase.pl\/tr\/wp-json\/wp\/v2\/types\/roaming"}],"wp:featuredmedia":[{"embeddable":true,"href":"http:\/\/esim2.clientinternals.webcase.pl\/tr\/wp-json\/wp\/v2\/media\/15710"}],"wp:attachment":[{"href":"http:\/\/esim2.clientinternals.webcase.pl\/tr\/wp-json\/wp\/v2\/media?parent=15757"}],"wp:term":[{"taxonomy":"region","embeddable":true,"href":"http:\/\/esim2.clientinternals.webcase.pl\/tr\/wp-json\/wp\/v2\/region?post=15757"}],"curies":[{"name":"wp","href":"https:\/\/api.w.org\/{rel}","templated":true}]}}

Türkiye

<p>İşte Türkiye hakkında bazı ilginç ve eğlenceli gerçekler:</p>



<ul class="wp-block-list">
<li>Ülke Kodu: +90</li>



<li>Başkent: Ankara</li>



<li>Diğer ana şehirler: İstanbul, Antalya, İzmir, Bodrum</li>



<li>Nüfus: 85,3 milyon (2022 tahmini)</li>



<li>Dil: Türkçe, Türkiye’nin resmi dilidir ve nüfusun %90’ı Türkçe konuşmaktadır, ancak Türkiye’de 30’dan fazla azınlık dili konuşulmaktadır.</li>



<li>Para Birimi: Türk Lirası</li>



<li>Türkiye, resmi adıyla Türkiye Cumhuriyeti, esas olarak Batı Asya’da Anadolu Yarımadası’nda, küçük bir kısmı da Güneydoğu Avrupa’da Balkan Yarımadası’nda yer alan kıtalararası bir ülkedir.</li>



<li>İstanbul iki kıtada yaşıyor. Şehir, bir boğaz olan İstanbul Boğazı ile ayrılmakta ve bir Avrupa ve bir Asya bölümünden oluşmaktadır. Türkiye’nin %95’i Asya’da, %5’i ise Avrupa’dadır.</li>
</ul>



<p>Biliyor muydun…?</p>



<ul class="wp-block-list">
<li>Türkiye Grand Prix’si, Hermann Tilke tarafından tasarlanan İstanbul Park’ta düzenlenen bir Formula 1 motor yarışıdır. Yarış, 2005-2011 ve 2020-2021 yılları arasında F1 Dünya Şampiyonası’nın bir parçasıydı.</li>



<li>Aynı zamanda Sebastian Vettel’in 2011 yılında Red Bull Racing adına şampiyonluğu kazandığı yerdir.</li>
</ul>
