{"id":16248,"date":"2024-02-23T19:11:31","date_gmt":"2024-02-23T18:11:31","guid":{"rendered":"http:\/\/esim2.clientinternals.webcase.pl\/?post_type=roaming&#038;p=16248"},"modified":"2024-03-14T19:29:01","modified_gmt":"2024-03-14T18:29:01","slug":"esim-japonya","status":"publish","type":"roaming","link":"http:\/\/esim2.clientinternals.webcase.pl\/tr\/dolasim\/esim-japonya\/","title":{"rendered":"Japonya"},"content":{"rendered":"\n<p>\u0130\u015fte Japonya hakk\u0131nda baz\u0131 ilgin\u00e7 ve e\u011flenceli ger\u00e7ekler:<\/p>\n\n\n\n<ul class=\"wp-block-list\">\n<li>\u00dclke Kodu: +81<\/li>\n\n\n\n<li>Ba\u015fkent: Tokyo<\/li>\n\n\n\n<li>Di\u011fer ana \u015fehirler: Hiro\u015fima, Nara, Fukuoka<\/li>\n\n\n\n<li>N\u00fcfus 125,7 milyon (2021 tahmini)<\/li>\n\n\n\n<li>Dil: Japonca<\/li>\n\n\n\n<li>Para Birimi: Japon Yeni<\/li>\n\n\n\n<li>Japonya, Do\u011fu Asya\u2019da bir ada \u00fclkesidir ve kuzeybat\u0131 Pasifik Okyanusu\u2019nda yer almaktad\u0131r. Bat\u0131da Japon Denizi ile s\u0131n\u0131rlanm\u0131\u015f olup, kuzeyde Okhotsk Denizi\u2019nden g\u00fcneyde Do\u011fu \u00c7in Denizi, Filipin Denizi ve Tayvan\u2019a do\u011fru uzanmaktad\u0131r.<\/li>\n\n\n\n<li>D\u00fcnyan\u0131n en eski \u015firketi Kong\u014d Gumi, Japonya merkezli bir in\u015faat \u015firketiydi ve tarihte en uzun s\u00fcre faaliyet g\u00f6steren \u015firketti. MS 578 y\u0131l\u0131ndan 2006 y\u0131l\u0131na kadar faaliyet g\u00f6stermi\u015ftir.<\/li>\n\n\n\n<li>Japon i\u015fverenler, \u00e7al\u0131\u015fanlar\u0131n\u0131n i\u015f yerinde g\u00fc\u00e7 uykusuna yatmalar\u0131na izin veriyor. Japonlar d\u00fcnyadaki di\u011fer t\u00fcm \u00fclkelerden daha uzun saatler \u00e7al\u0131\u015fmaktad\u0131r.<\/li>\n\n\n\n<li>B\u00fcy\u00fck Tokyo, d\u00fcnyan\u0131n en kalabal\u0131k metropol alan\u0131d\u0131r.<\/li>\n<\/ul>\n\n\n\n<p>Biliyor muydun\u2026?<\/p>\n\n\n\n<ul class=\"wp-block-list\">\n<li>Japonya, Jamaika\u2019n\u0131n y\u0131ll\u0131k kahve (Blue Mountain Coffee) \u00fcretiminin yakla\u015f\u0131k %85\u2019ini ithal etmektedir.<\/li>\n\n\n\n<li>D\u00fcnya genelindeki fermuarlar\u0131n neredeyse yar\u0131s\u0131 Tokyo, Japonya\u2019da \u00fcretilmektedir.<\/li>\n<\/ul>\n","protected":false},"featured_media":16249,"template":"","region":[373],"class_list":["post-16248","roaming","type-roaming","status-publish","has-post-thumbnail","hentry","region-asya"],"_links":{"self":[{"href":"http:\/\/esim2.clientinternals.webcase.pl\/tr\/wp-json\/wp\/v2\/roaming\/16248","targetHints":{"allow":["GET"]}}],"collection":[{"href":"http:\/\/esim2.clientinternals.webcase.pl\/tr\/wp-json\/wp\/v2\/roaming"}],"about":[{"href":"http:\/\/esim2.clientinternals.webcase.pl\/tr\/wp-json\/wp\/v2\/types\/roaming"}],"wp:featuredmedia":[{"embeddable":true,"href":"http:\/\/esim2.clientinternals.webcase.pl\/tr\/wp-json\/wp\/v2\/media\/16249"}],"wp:attachment":[{"href":"http:\/\/esim2.clientinternals.webcase.pl\/tr\/wp-json\/wp\/v2\/media?parent=16248"}],"wp:term":[{"taxonomy":"region","embeddable":true,"href":"http:\/\/esim2.clientinternals.webcase.pl\/tr\/wp-json\/wp\/v2\/region?post=16248"}],"curies":[{"name":"wp","href":"https:\/\/api.w.org\/{rel}","templated":true}]}}

<p>İşte Japonya hakkında bazı ilginç ve eğlenceli gerçekler:</p>



<ul class="wp-block-list">
<li>Ülke Kodu: +81</li>



<li>Başkent: Tokyo</li>



<li>Diğer ana şehirler: Hiroşima, Nara, Fukuoka</li>



<li>Nüfus 125,7 milyon (2021 tahmini)</li>



<li>Dil: Japonca</li>



<li>Para Birimi: Japon Yeni</li>



<li>Japonya, Doğu Asya’da bir ada ülkesidir ve kuzeybatı Pasifik Okyanusu’nda yer almaktadır. Batıda Japon Denizi ile sınırlanmış olup, kuzeyde Okhotsk Denizi’nden güneyde Doğu Çin Denizi, Filipin Denizi ve Tayvan’a doğru uzanmaktadır.</li>



<li>Dünyanın en eski şirketi Kongō Gumi, Japonya merkezli bir inşaat şirketiydi ve tarihte en uzun süre faaliyet gösteren şirketti. MS 578 yılından 2006 yılına kadar faaliyet göstermiştir.</li>



<li>Japon işverenler, çalışanlarının iş yerinde güç uykusuna yatmalarına izin veriyor. Japonlar dünyadaki diğer tüm ülkelerden daha uzun saatler çalışmaktadır.</li>



<li>Büyük Tokyo, dünyanın en kalabalık metropol alanıdır.</li>
</ul>



<p>Biliyor muydun…?</p>



<ul class="wp-block-list">
<li>Japonya, Jamaika’nın yıllık kahve (Blue Mountain Coffee) üretiminin yaklaşık %85’ini ithal etmektedir.</li>



<li>Dünya genelindeki fermuarların neredeyse yarısı Tokyo, Japonya’da üretilmektedir.</li>
</ul>
