{"id":16460,"date":"2024-02-23T19:08:05","date_gmt":"2024-02-23T18:08:05","guid":{"rendered":"http:\/\/esim2.clientinternals.webcase.pl\/?post_type=roaming&#038;p=16460"},"modified":"2024-03-15T09:50:57","modified_gmt":"2024-03-15T08:50:57","slug":"esim-birlesik-arap-emirlikleri","status":"publish","type":"roaming","link":"http:\/\/esim2.clientinternals.webcase.pl\/tr\/dolasim\/esim-birlesik-arap-emirlikleri\/","title":{"rendered":"Birle\u015fik Arap Emirlikleri"},"content":{"rendered":"\n<ul class=\"wp-block-list\">\n<li>N\u00fcfus: 9,5 milyon<\/li>\n\n\n\n<li>Ba\u015fkent: Abu Dabi<\/li>\n\n\n\n<li>Alan kodu: +971<\/li>\n\n\n\n<li>Para birimi: BAE dirhemi<\/li>\n\n\n\n<li>7 Arap Emirli\u011fi: Abu Dhabi, Dubai, Sharjah, Ras al Khaimah, Adjman, Fujairah ve Umm al-Qaiwain<\/li>\n<\/ul>\n\n\n\n<p>Biliyor muydun\u2026?<\/p>\n\n\n\n<ul class=\"wp-block-list\">\n<li>Birle\u015fik Arap Emirlikleri\u2019nin Abu Dabi kenti son Formula 1 yar\u0131\u015f\u0131na ev sahipli\u011fi yap\u0131yor<\/li>\n\n\n\n<li>Abu DabiMax Verstappen\u2019in ilk D\u00fcnya \u015eampiyonlu\u011funu kazand\u0131\u011f\u0131 yer.<\/li>\n\n\n\n<li>Ayn\u0131 zamanda Sebastian Vettel\u2019in 2010 y\u0131l\u0131nda Red Bull Racing ad\u0131na ilk \u015fampiyonlu\u011funu kazand\u0131\u011f\u0131 yerdir.<\/li>\n<\/ul>\n","protected":false},"featured_media":15710,"template":"","region":[373],"class_list":["post-16460","roaming","type-roaming","status-publish","has-post-thumbnail","hentry","region-asya"],"_links":{"self":[{"href":"http:\/\/esim2.clientinternals.webcase.pl\/tr\/wp-json\/wp\/v2\/roaming\/16460","targetHints":{"allow":["GET"]}}],"collection":[{"href":"http:\/\/esim2.clientinternals.webcase.pl\/tr\/wp-json\/wp\/v2\/roaming"}],"about":[{"href":"http:\/\/esim2.clientinternals.webcase.pl\/tr\/wp-json\/wp\/v2\/types\/roaming"}],"wp:featuredmedia":[{"embeddable":true,"href":"http:\/\/esim2.clientinternals.webcase.pl\/tr\/wp-json\/wp\/v2\/media\/15710"}],"wp:attachment":[{"href":"http:\/\/esim2.clientinternals.webcase.pl\/tr\/wp-json\/wp\/v2\/media?parent=16460"}],"wp:term":[{"taxonomy":"region","embeddable":true,"href":"http:\/\/esim2.clientinternals.webcase.pl\/tr\/wp-json\/wp\/v2\/region?post=16460"}],"curies":[{"name":"wp","href":"https:\/\/api.w.org\/{rel}","templated":true}]}}

Birleşik Arap Emirlikleri

<ul class="wp-block-list">
<li>Nüfus: 9,5 milyon</li>



<li>Başkent: Abu Dabi</li>



<li>Alan kodu: +971</li>



<li>Para birimi: BAE dirhemi</li>



<li>7 Arap Emirliği: Abu Dhabi, Dubai, Sharjah, Ras al Khaimah, Adjman, Fujairah ve Umm al-Qaiwain</li>
</ul>



<p>Biliyor muydun…?</p>



<ul class="wp-block-list">
<li>Birleşik Arap Emirlikleri’nin Abu Dabi kenti son Formula 1 yarışına ev sahipliği yapıyor</li>



<li>Abu DabiMax Verstappen’in ilk Dünya Şampiyonluğunu kazandığı yer.</li>



<li>Aynı zamanda Sebastian Vettel’in 2010 yılında Red Bull Racing adına ilk şampiyonluğunu kazandığı yerdir.</li>
</ul>
