{"id":16602,"date":"2024-02-23T19:02:35","date_gmt":"2024-02-23T18:02:35","guid":{"rendered":"http:\/\/esim2.clientinternals.webcase.pl\/?post_type=roaming&#038;p=16602"},"modified":"2024-03-14T22:14:48","modified_gmt":"2024-03-14T21:14:48","slug":"esim-myanmar","status":"publish","type":"roaming","link":"http:\/\/esim2.clientinternals.webcase.pl\/tr\/dolasim\/esim-myanmar\/","title":{"rendered":"Myanmar"},"content":{"rendered":"\n<p>\u0130\u015fte Myanmar hakk\u0131nda baz\u0131 ilgin\u00e7 ger\u00e7ekler:<\/p>\n\n\n\n<ul class=\"wp-block-list\">\n<li>\u00dclke Kodu: +95<\/li>\n\n\n\n<li>Ba\u015fkent: Naypyidaw<\/li>\n\n\n\n<li>Di\u011fer ana \u015fehirler: Taunggyi, Monywa, Yangon<\/li>\n\n\n\n<li>N\u00fcfus 53,8 milyon (2021 tahmini)<\/li>\n\n\n\n<li>Dil: Birmanca<\/li>\n\n\n\n<li>Para Birimi: Myanmar Kyat\u0131<\/li>\n\n\n\n<li>\u00dclkenin ba\u015fkenti Naypyidaw iken, en b\u00fcy\u00fck \u015fehri Yangon\u2019dur (eski ad\u0131yla Rangoon).<\/li>\n\n\n\n<li>Yangon hareketli pazarlara, \u00e7ok say\u0131da park ve g\u00f6le ve Budist kal\u0131nt\u0131lar\u0131 i\u00e7eren ve 6. y\u00fczy\u0131la tarihlenen y\u00fcksek, yald\u0131zl\u0131 Shwedagon Pagoda\u2019ya ev sahipli\u011fi yapmaktad\u0131r.<\/li>\n\n\n\n<li>Se\u00e7ilmi\u015f a\u011fa\u00e7lar\u0131n kabuklar\u0131ndan yap\u0131lan bir kozmetik macun olan Thanaka\u2019n\u0131n cildi p\u00fcr\u00fczs\u00fcz tuttu\u011fu ve g\u00fcne\u015f hasar\u0131na kar\u015f\u0131 korudu\u011fu s\u00f6ylenmektedir.<\/li>\n\n\n\n<li>Myanmar, d\u00fcnyada metrik sistemi kullanmayan sadece \u00fc\u00e7 \u00fclkeden biridir. \u00dclke h\u00e2l\u00e2 kendi \u00f6l\u00e7\u00fc birimlerini kullanmaktad\u0131r.<\/li>\n<\/ul>\n\n\n\n<p>Biliyor muydun\u2026?<\/p>\n\n\n\n<ul class=\"wp-block-list\">\n<li>Myanmar d\u00fcnyan\u0131n en iyi yakutlar\u0131na sahiptir, y\u00fcksek krom ve d\u00fc\u015f\u00fck demir i\u00e7erirler, bu da onlara y\u00fcksek floresan ve imrenilen \u2018g\u00fcvercin kan\u0131\u2019 tonunu verir.<\/li>\n\n\n\n<li>Burma\u2019da 130\u2019dan fazla etnik grup bulunmaktad\u0131r ve d\u00fcnyan\u0131n k\u00fclt\u00fcrel ve etnik \u00e7e\u015fitlilik a\u00e7\u0131s\u0131ndan en zengin 75 \u00fclkesi aras\u0131nda yer almaktad\u0131r.<\/li>\n<\/ul>\n","protected":false},"featured_media":15710,"template":"","region":[373],"class_list":["post-16602","roaming","type-roaming","status-publish","has-post-thumbnail","hentry","region-asya"],"_links":{"self":[{"href":"http:\/\/esim2.clientinternals.webcase.pl\/tr\/wp-json\/wp\/v2\/roaming\/16602","targetHints":{"allow":["GET"]}}],"collection":[{"href":"http:\/\/esim2.clientinternals.webcase.pl\/tr\/wp-json\/wp\/v2\/roaming"}],"about":[{"href":"http:\/\/esim2.clientinternals.webcase.pl\/tr\/wp-json\/wp\/v2\/types\/roaming"}],"wp:featuredmedia":[{"embeddable":true,"href":"http:\/\/esim2.clientinternals.webcase.pl\/tr\/wp-json\/wp\/v2\/media\/15710"}],"wp:attachment":[{"href":"http:\/\/esim2.clientinternals.webcase.pl\/tr\/wp-json\/wp\/v2\/media?parent=16602"}],"wp:term":[{"taxonomy":"region","embeddable":true,"href":"http:\/\/esim2.clientinternals.webcase.pl\/tr\/wp-json\/wp\/v2\/region?post=16602"}],"curies":[{"name":"wp","href":"https:\/\/api.w.org\/{rel}","templated":true}]}}

<p>İşte Myanmar hakkında bazı ilginç gerçekler:</p>



<ul class="wp-block-list">
<li>Ülke Kodu: +95</li>



<li>Başkent: Naypyidaw</li>



<li>Diğer ana şehirler: Taunggyi, Monywa, Yangon</li>



<li>Nüfus 53,8 milyon (2021 tahmini)</li>



<li>Dil: Birmanca</li>



<li>Para Birimi: Myanmar Kyatı</li>



<li>Ülkenin başkenti Naypyidaw iken, en büyük şehri Yangon’dur (eski adıyla Rangoon).</li>



<li>Yangon hareketli pazarlara, çok sayıda park ve göle ve Budist kalıntıları içeren ve 6. yüzyıla tarihlenen yüksek, yaldızlı Shwedagon Pagoda’ya ev sahipliği yapmaktadır.</li>



<li>Seçilmiş ağaçların kabuklarından yapılan bir kozmetik macun olan Thanaka’nın cildi pürüzsüz tuttuğu ve güneş hasarına karşı koruduğu söylenmektedir.</li>



<li>Myanmar, dünyada metrik sistemi kullanmayan sadece üç ülkeden biridir. Ülke hâlâ kendi ölçü birimlerini kullanmaktadır.</li>
</ul>



<p>Biliyor muydun…?</p>



<ul class="wp-block-list">
<li>Myanmar dünyanın en iyi yakutlarına sahiptir, yüksek krom ve düşük demir içerirler, bu da onlara yüksek floresan ve imrenilen ‘güvercin kanı’ tonunu verir.</li>



<li>Burma’da 130’dan fazla etnik grup bulunmaktadır ve dünyanın kültürel ve etnik çeşitlilik açısından en zengin 75 ülkesi arasında yer almaktadır.</li>
</ul>
