{"id":16745,"date":"2024-02-23T19:48:54","date_gmt":"2024-02-23T18:48:54","guid":{"rendered":"http:\/\/esim2.clientinternals.webcase.pl\/?post_type=roaming&#038;p=16745"},"modified":"2024-03-17T22:11:29","modified_gmt":"2024-03-17T21:11:29","slug":"esim-slovenya","status":"publish","type":"roaming","link":"http:\/\/esim2.clientinternals.webcase.pl\/tr\/dolasim\/esim-slovenya\/","title":{"rendered":"Slovenya"},"content":{"rendered":"\n<p>\u0130\u015fte Slovenya hakk\u0131nda baz\u0131 ilgin\u00e7 ger\u00e7ekler:<\/p>\n\n\n\n<ul class=\"wp-block-list\">\n<li>Ba\u015fkent: Ljubljana<\/li>\n\n\n\n<li>N\u00fcfus: 2,11 milyon (tahmini 2021)<\/li>\n\n\n\n<li>\u00dclke kodu: +386<\/li>\n\n\n\n<li>Para birimi: Euro<\/li>\n\n\n\n<li>Dil Slovence<\/li>\n\n\n\n<li>Di\u011fer ilgin\u00e7 yerler: Piran, Kranjska Gora, Ptuj<\/li>\n\n\n\n<li>Orta Avrupa\u2019da yer alan Slovenya, da\u011flar\u0131, kayak merkezleri ve g\u00f6lleriyle tan\u0131n\u0131r.<\/li>\n\n\n\n<li>Slovenya 1000\u2019den fazla ay\u0131yla Avrupa\u2019daki en b\u00fcy\u00fck boz ay\u0131 pop\u00fclasyonlar\u0131ndan birine sahiptir.<\/li>\n\n\n\n<li>Slovenya Avrupa\u2019n\u0131n en ye\u015fil \u00fclkelerinden biridir.<\/li>\n\n\n\n<li>Slovenya, t\u00fcm Akdeniz \u00fclkeleri aras\u0131nda en k\u0131sa ikinci k\u0131y\u0131 \u015feridine sahiptir.<\/li>\n<\/ul>\n\n\n\n<p>Biliyor muydun\u2026?<\/p>\n\n\n\n<ul class=\"wp-block-list\">\n<li>Everest Da\u011f\u0131\u2019n\u0131n zirvesine \u00e7\u0131kan ilk \u00e7ift Slovenya\u2019dand\u0131.<\/li>\n\n\n\n<li>\u00dclkede yakla\u015f\u0131k 27.000 kilometre uzunlu\u011funda nehir, dere ve di\u011fer su yollar\u0131 bulunmaktad\u0131r.<\/li>\n<\/ul>\n","protected":false},"featured_media":15317,"template":"","region":[377],"class_list":["post-16745","roaming","type-roaming","status-publish","has-post-thumbnail","hentry","region-avrupa"],"_links":{"self":[{"href":"http:\/\/esim2.clientinternals.webcase.pl\/tr\/wp-json\/wp\/v2\/roaming\/16745","targetHints":{"allow":["GET"]}}],"collection":[{"href":"http:\/\/esim2.clientinternals.webcase.pl\/tr\/wp-json\/wp\/v2\/roaming"}],"about":[{"href":"http:\/\/esim2.clientinternals.webcase.pl\/tr\/wp-json\/wp\/v2\/types\/roaming"}],"wp:featuredmedia":[{"embeddable":true,"href":"http:\/\/esim2.clientinternals.webcase.pl\/tr\/wp-json\/wp\/v2\/media\/15317"}],"wp:attachment":[{"href":"http:\/\/esim2.clientinternals.webcase.pl\/tr\/wp-json\/wp\/v2\/media?parent=16745"}],"wp:term":[{"taxonomy":"region","embeddable":true,"href":"http:\/\/esim2.clientinternals.webcase.pl\/tr\/wp-json\/wp\/v2\/region?post=16745"}],"curies":[{"name":"wp","href":"https:\/\/api.w.org\/{rel}","templated":true}]}}

<p>İşte Slovenya hakkında bazı ilginç gerçekler:</p>



<ul class="wp-block-list">
<li>Başkent: Ljubljana</li>



<li>Nüfus: 2,11 milyon (tahmini 2021)</li>



<li>Ülke kodu: +386</li>



<li>Para birimi: Euro</li>



<li>Dil Slovence</li>



<li>Diğer ilginç yerler: Piran, Kranjska Gora, Ptuj</li>



<li>Orta Avrupa’da yer alan Slovenya, dağları, kayak merkezleri ve gölleriyle tanınır.</li>



<li>Slovenya 1000’den fazla ayıyla Avrupa’daki en büyük boz ayı popülasyonlarından birine sahiptir.</li>



<li>Slovenya Avrupa’nın en yeşil ülkelerinden biridir.</li>



<li>Slovenya, tüm Akdeniz ülkeleri arasında en kısa ikinci kıyı şeridine sahiptir.</li>
</ul>



<p>Biliyor muydun…?</p>



<ul class="wp-block-list">
<li>Everest Dağı’nın zirvesine çıkan ilk çift Slovenya’dandı.</li>



<li>Ülkede yaklaşık 27.000 kilometre uzunluğunda nehir, dere ve diğer su yolları bulunmaktadır.</li>
</ul>
