{"id":16891,"date":"2024-02-23T19:43:55","date_gmt":"2024-02-23T18:43:55","guid":{"rendered":"http:\/\/esim2.clientinternals.webcase.pl\/?post_type=roaming&#038;p=16891"},"modified":"2024-03-17T18:10:30","modified_gmt":"2024-03-17T17:10:30","slug":"esim-malta","status":"publish","type":"roaming","link":"http:\/\/esim2.clientinternals.webcase.pl\/tr\/dolasim\/esim-malta\/","title":{"rendered":"Malta"},"content":{"rendered":"\n<p>\u0130\u015fte Malta hakk\u0131nda baz\u0131 ilgin\u00e7 ger\u00e7ekler:<\/p>\n\n\n\n<ul class=\"wp-block-list\">\n<li>Ba\u015fkent: Valletta<\/li>\n\n\n\n<li>N\u00fcfus 518,536 (tahmini 2021)<\/li>\n\n\n\n<li>\u00dclke kodu: +356<\/li>\n\n\n\n<li>Para birimi: Euro<\/li>\n\n\n\n<li>Ulusal Dil: Maltaca<\/li>\n\n\n\n<li>Di\u011fer ilgin\u00e7 yerler: Birgu, Victoria, Popeye Village<\/li>\n\n\n\n<li>Malta\u2019n\u0131n Maltaca ve \u0130ngilizce olmak \u00fczere iki resmi dili vard\u0131r; ancak Maltaca ulusal dildir. 1934 y\u0131l\u0131na kadar \u0130talyanca da resmi bir dildi.<\/li>\n\n\n\n<li>Malta, Orta Akdeniz\u2019de Sicilya ile Kuzey Afrika k\u0131y\u0131lar\u0131 aras\u0131nda yer alan bir adad\u0131r.<\/li>\n\n\n\n<li>Malta, d\u00fcnyada insanlar\u0131n yolun sol taraf\u0131ndan ara\u00e7 kulland\u0131\u011f\u0131 az say\u0131daki \u00fclkeden biridir.<\/li>\n\n\n\n<li>Malta s\u0131cak iklimi ve nefes kesici manzaralar\u0131yla tan\u0131n\u0131r.<\/li>\n<\/ul>\n\n\n\n<p>Biliyor muydun\u2026?<\/p>\n\n\n\n<ul class=\"wp-block-list\">\n<li>Malta, film yap\u0131mlar\u0131 i\u00e7in pop\u00fcler bir \u00e7ekim yeridir.<\/li>\n\n\n\n<li>Malta\u2019da UNESCO D\u00fcnya Miras\u0131 Listesi\u2019ne kay\u0131tl\u0131 \u00fc\u00e7 alan bulunmaktad\u0131r.<\/li>\n<\/ul>\n","protected":false},"featured_media":15710,"template":"","region":[377],"class_list":["post-16891","roaming","type-roaming","status-publish","has-post-thumbnail","hentry","region-avrupa"],"_links":{"self":[{"href":"http:\/\/esim2.clientinternals.webcase.pl\/tr\/wp-json\/wp\/v2\/roaming\/16891","targetHints":{"allow":["GET"]}}],"collection":[{"href":"http:\/\/esim2.clientinternals.webcase.pl\/tr\/wp-json\/wp\/v2\/roaming"}],"about":[{"href":"http:\/\/esim2.clientinternals.webcase.pl\/tr\/wp-json\/wp\/v2\/types\/roaming"}],"wp:featuredmedia":[{"embeddable":true,"href":"http:\/\/esim2.clientinternals.webcase.pl\/tr\/wp-json\/wp\/v2\/media\/15710"}],"wp:attachment":[{"href":"http:\/\/esim2.clientinternals.webcase.pl\/tr\/wp-json\/wp\/v2\/media?parent=16891"}],"wp:term":[{"taxonomy":"region","embeddable":true,"href":"http:\/\/esim2.clientinternals.webcase.pl\/tr\/wp-json\/wp\/v2\/region?post=16891"}],"curies":[{"name":"wp","href":"https:\/\/api.w.org\/{rel}","templated":true}]}}

<p>İşte Malta hakkında bazı ilginç gerçekler:</p>



<ul class="wp-block-list">
<li>Başkent: Valletta</li>



<li>Nüfus 518,536 (tahmini 2021)</li>



<li>Ülke kodu: +356</li>



<li>Para birimi: Euro</li>



<li>Ulusal Dil: Maltaca</li>



<li>Diğer ilginç yerler: Birgu, Victoria, Popeye Village</li>



<li>Malta’nın Maltaca ve İngilizce olmak üzere iki resmi dili vardır; ancak Maltaca ulusal dildir. 1934 yılına kadar İtalyanca da resmi bir dildi.</li>



<li>Malta, Orta Akdeniz’de Sicilya ile Kuzey Afrika kıyıları arasında yer alan bir adadır.</li>



<li>Malta, dünyada insanların yolun sol tarafından araç kullandığı az sayıdaki ülkeden biridir.</li>



<li>Malta sıcak iklimi ve nefes kesici manzaralarıyla tanınır.</li>
</ul>



<p>Biliyor muydun…?</p>



<ul class="wp-block-list">
<li>Malta, film yapımları için popüler bir çekim yeridir.</li>



<li>Malta’da UNESCO Dünya Mirası Listesi’ne kayıtlı üç alan bulunmaktadır.</li>
</ul>
