{"id":16918,"date":"2024-02-23T19:41:56","date_gmt":"2024-02-23T18:41:56","guid":{"rendered":"http:\/\/esim2.clientinternals.webcase.pl\/?post_type=roaming&#038;p=16918"},"modified":"2024-03-17T11:04:48","modified_gmt":"2024-03-17T10:04:48","slug":"esim-italya","status":"publish","type":"roaming","link":"http:\/\/esim2.clientinternals.webcase.pl\/tr\/dolasim\/esim-italya\/","title":{"rendered":"\u0130talya"},"content":{"rendered":"\n<p>\u0130\u015fte \u0130talya hakk\u0131nda baz\u0131 ilgin\u00e7 ve e\u011flenceli ger\u00e7ekler:<\/p>\n\n\n\n<ul class=\"wp-block-list\">\n<li>\u00dclke Kodu: +39<\/li>\n\n\n\n<li>Ba\u015fkent: Roma<\/li>\n\n\n\n<li>Di\u011fer ana \u015fehirler: Verona, Napoli, Pisa<\/li>\n\n\n\n<li>N\u00fcfus 58,9 milyon (2022 tahmini)<\/li>\n\n\n\n<li>Dil \u0130talyanca<\/li>\n\n\n\n<li>Para birimi: Euro<\/li>\n\n\n\n<li>Yemek, \u0130talya\u2019n\u0131n yurtd\u0131\u015f\u0131nda tan\u0131nmas\u0131n\u0131n nedenlerinden biridir ve \u00fclkenin makarnaya olan tak\u0131nt\u0131s\u0131 iyi belgelenmi\u015ftir. Roma\u2019dan Carbonara, Cenova\u2019dan pesto ve Bologna\u2019dan Bolognese (\u0130talyanca\u2019da ragu\u2019 olarak adland\u0131r\u0131l\u0131r) en \u00fcnl\u00fc \u00f6rneklerden baz\u0131lar\u0131d\u0131r.<\/li>\n\n\n\n<li>Napoliten Pizza yapma becerisi o kadar e\u015fsizdir ki UNESCO bunu somut olmayan d\u00fcnya miras\u0131 olarak kabul etmi\u015ftir.<\/li>\n\n\n\n<li>\u0130talyan fizik\u00e7i Alessandro Volta, ilk \u00e7al\u0131\u015ft\u0131r\u0131labilir pilin yarat\u0131c\u0131s\u0131 olarak kabul edilmektedir. Elektrikle ilgili geli\u015ftirmeleri ve deneyleri sayesinde mobil elektrik y\u00fcklerinin d\u00fcnyaya tan\u0131t\u0131lmas\u0131na yard\u0131mc\u0131 oldu. \u00c7al\u0131\u015fmalar\u0131n\u0131n onuruna, volta onun ad\u0131n\u0131 alm\u0131\u015ft\u0131r.<\/li>\n\n\n\n<li>D\u00fcnyan\u0131n en eski \u00fcniversitesi \u0130talya\u2019dad\u0131r. Bologna \u00dcniversitesi 1088 y\u0131l\u0131nda kurulmu\u015ftur.<\/li>\n<\/ul>\n\n\n\n<p>Biliyor muydun\u2026?<\/p>\n\n\n\n<ul class=\"wp-block-list\">\n<li>\u0130talya Grand Prix\u2019si 1921\u2019den beri d\u00fczenlenen en eski be\u015finci ulusal Grand Prix\u2019dir. Formula 1 D\u00fcnya \u015eampiyonas\u0131 Grands Prix\u2019lerinin bir etkinli\u011fi olarak 1950\u2019de \u015fampiyonan\u0131n ba\u015flat\u0131lmas\u0131ndan bu yana her sezon aral\u0131ks\u0131z olarak d\u00fczenlenen iki Grands Prix\u2019den biridir (Britanya ile birlikte). D\u00fcnya \u015eampiyonas\u0131 d\u00f6nemindeki t\u00fcm Formula 1 \u0130talya Grand Prix\u2019leri, Imola\u2019da d\u00fczenlendi\u011fi 1980 y\u0131l\u0131 d\u0131\u015f\u0131nda Monza\u2019da yap\u0131lm\u0131\u015ft\u0131r.<\/li>\n\n\n\n<li>Max Verstappen 2022\u2019de \u00fcst \u00fcste 5. galibiyetini alarak Monza\u2019y\u0131 nihayet fethetti. Bu zafer Red Bull\u2019un 2013\u2019ten bu yana Monza\u2019daki ilk zaferi ve tak\u0131m\u0131n bu sezonki 12. zaferi oldu.<\/li>\n<\/ul>\n","protected":false},"featured_media":16249,"template":"","region":[377],"class_list":["post-16918","roaming","type-roaming","status-publish","has-post-thumbnail","hentry","region-avrupa"],"_links":{"self":[{"href":"http:\/\/esim2.clientinternals.webcase.pl\/tr\/wp-json\/wp\/v2\/roaming\/16918","targetHints":{"allow":["GET"]}}],"collection":[{"href":"http:\/\/esim2.clientinternals.webcase.pl\/tr\/wp-json\/wp\/v2\/roaming"}],"about":[{"href":"http:\/\/esim2.clientinternals.webcase.pl\/tr\/wp-json\/wp\/v2\/types\/roaming"}],"wp:featuredmedia":[{"embeddable":true,"href":"http:\/\/esim2.clientinternals.webcase.pl\/tr\/wp-json\/wp\/v2\/media\/16249"}],"wp:attachment":[{"href":"http:\/\/esim2.clientinternals.webcase.pl\/tr\/wp-json\/wp\/v2\/media?parent=16918"}],"wp:term":[{"taxonomy":"region","embeddable":true,"href":"http:\/\/esim2.clientinternals.webcase.pl\/tr\/wp-json\/wp\/v2\/region?post=16918"}],"curies":[{"name":"wp","href":"https:\/\/api.w.org\/{rel}","templated":true}]}}

İtalya

<p>İşte İtalya hakkında bazı ilginç ve eğlenceli gerçekler:</p>



<ul class="wp-block-list">
<li>Ülke Kodu: +39</li>



<li>Başkent: Roma</li>



<li>Diğer ana şehirler: Verona, Napoli, Pisa</li>



<li>Nüfus 58,9 milyon (2022 tahmini)</li>



<li>Dil İtalyanca</li>



<li>Para birimi: Euro</li>



<li>Yemek, İtalya’nın yurtdışında tanınmasının nedenlerinden biridir ve ülkenin makarnaya olan takıntısı iyi belgelenmiştir. Roma’dan Carbonara, Cenova’dan pesto ve Bologna’dan Bolognese (İtalyanca’da ragu’ olarak adlandırılır) en ünlü örneklerden bazılarıdır.</li>



<li>Napoliten Pizza yapma becerisi o kadar eşsizdir ki UNESCO bunu somut olmayan dünya mirası olarak kabul etmiştir.</li>



<li>İtalyan fizikçi Alessandro Volta, ilk çalıştırılabilir pilin yaratıcısı olarak kabul edilmektedir. Elektrikle ilgili geliştirmeleri ve deneyleri sayesinde mobil elektrik yüklerinin dünyaya tanıtılmasına yardımcı oldu. Çalışmalarının onuruna, volta onun adını almıştır.</li>



<li>Dünyanın en eski üniversitesi İtalya’dadır. Bologna Üniversitesi 1088 yılında kurulmuştur.</li>
</ul>



<p>Biliyor muydun…?</p>



<ul class="wp-block-list">
<li>İtalya Grand Prix’si 1921’den beri düzenlenen en eski beşinci ulusal Grand Prix’dir. Formula 1 Dünya Şampiyonası Grands Prix’lerinin bir etkinliği olarak 1950’de şampiyonanın başlatılmasından bu yana her sezon aralıksız olarak düzenlenen iki Grands Prix’den biridir (Britanya ile birlikte). Dünya Şampiyonası dönemindeki tüm Formula 1 İtalya Grand Prix’leri, Imola’da düzenlendiği 1980 yılı dışında Monza’da yapılmıştır.</li>



<li>Max Verstappen 2022’de üst üste 5. galibiyetini alarak Monza’yı nihayet fethetti. Bu zafer Red Bull’un 2013’ten bu yana Monza’daki ilk zaferi ve takımın bu sezonki 12. zaferi oldu.</li>
</ul>
