{"id":16975,"date":"2024-02-23T19:38:27","date_gmt":"2024-02-23T18:38:27","guid":{"rendered":"http:\/\/esim2.clientinternals.webcase.pl\/?post_type=roaming&#038;p=16975"},"modified":"2024-03-16T14:34:09","modified_gmt":"2024-03-16T13:34:09","slug":"esim-avrupa-birligi","status":"publish","type":"roaming","link":"http:\/\/esim2.clientinternals.webcase.pl\/tr\/dolasim\/esim-avrupa-birligi\/","title":{"rendered":"Avrupa Birli\u011fi"},"content":{"rendered":"\n<p>\u0130\u015fte Avrupa Birli\u011fi hakk\u0131nda baz\u0131 ilgin\u00e7 ve e\u011flenceli ger\u00e7ekler<\/p>\n\n\n\n<ul class=\"wp-block-list\">\n<li>Avrupa Birli\u011fi\u2019nin (AB) Ocak 2023 itibariyle 27 \u00fcye \u00fclkesi bulunmaktad\u0131r.<\/li>\n\n\n\n<li>Dil: AB\u2019nin 24 resmi dili vard\u0131r<\/li>\n\n\n\n<li>Ba\u015fkent: Br\u00fcksel<\/li>\n\n\n\n<li>N\u00fcfus 446,8 milyon (2022 tahmini)<\/li>\n\n\n\n<li>Ana Para Birimi: Euro<\/li>\n\n\n\n<li>AB 4 milyon km\u00b2\u2019den fazla bir alan\u0131 kapsamaktad\u0131r. Y\u00fcz\u00f6l\u00e7\u00fcm\u00fc bak\u0131m\u0131ndan Fransa en b\u00fcy\u00fck, Malta ise en k\u00fc\u00e7\u00fck AB \u00fclkesidir.<\/li>\n\n\n\n<li>N\u00fcfus bak\u0131m\u0131ndan en b\u00fcy\u00fck AB \u00fclkesi Almanya\u2019d\u0131r.<\/li>\n\n\n\n<li>Avrupa Birli\u011fi bayra\u011f\u0131, Avrupa \u00fcye \u00fclkeleri aras\u0131nda birlik, dayan\u0131\u015fma ve uyumu simgeleyen mavi zemin \u00fczerinde 12 alt\u0131n y\u0131ld\u0131zdan olu\u015fan bir \u00e7embere sahiptir.<\/li>\n\n\n\n<li>D\u00f6rt \u015fehir Avrupa Birli\u011fi i\u00e7in \u00e7ok \u00f6nemlidir:<br>Bel\u00e7ika\u2019da Br\u00fcksel (AB merkezi)<br>Fransa\u2019da Strazburg (Avrupa Parlamentosu)<br>Almanya\u2019da Frankfurt\/Main (Avrupa Merkez Bankas\u0131)<br>L\u00fcksemburg\u2019daki L\u00fcksemburg \u015eehri (Avrupa Parlamentosu ve Avrupa Adalet Divan\u0131\u2019n\u0131n merkezi)<\/li>\n<\/ul>\n\n\n\n<p>Biliyor muydun\u2026?<\/p>\n\n\n\n<ul class=\"wp-block-list\">\n<li>Fransa\u2019daki Paris Charles de Gaulle, AB\u2019nin en i\u015flek havaliman\u0131d\u0131r.<\/li>\n\n\n\n<li>Avrupa Merkez Bankas\u0131 1998 y\u0131l\u0131nda kurulmu\u015f ve EURO 2002 y\u0131l\u0131nda kullan\u0131lmaya ba\u015flanm\u0131\u015ft\u0131r.<\/li>\n<\/ul>\n","protected":false},"featured_media":16249,"template":"","region":[377],"class_list":["post-16975","roaming","type-roaming","status-publish","has-post-thumbnail","hentry","region-avrupa"],"_links":{"self":[{"href":"http:\/\/esim2.clientinternals.webcase.pl\/tr\/wp-json\/wp\/v2\/roaming\/16975","targetHints":{"allow":["GET"]}}],"collection":[{"href":"http:\/\/esim2.clientinternals.webcase.pl\/tr\/wp-json\/wp\/v2\/roaming"}],"about":[{"href":"http:\/\/esim2.clientinternals.webcase.pl\/tr\/wp-json\/wp\/v2\/types\/roaming"}],"wp:featuredmedia":[{"embeddable":true,"href":"http:\/\/esim2.clientinternals.webcase.pl\/tr\/wp-json\/wp\/v2\/media\/16249"}],"wp:attachment":[{"href":"http:\/\/esim2.clientinternals.webcase.pl\/tr\/wp-json\/wp\/v2\/media?parent=16975"}],"wp:term":[{"taxonomy":"region","embeddable":true,"href":"http:\/\/esim2.clientinternals.webcase.pl\/tr\/wp-json\/wp\/v2\/region?post=16975"}],"curies":[{"name":"wp","href":"https:\/\/api.w.org\/{rel}","templated":true}]}}

Avrupa Birliği

<p>İşte Avrupa Birliği hakkında bazı ilginç ve eğlenceli gerçekler</p>



<ul class="wp-block-list">
<li>Avrupa Birliği’nin (AB) Ocak 2023 itibariyle 27 üye ülkesi bulunmaktadır.</li>



<li>Dil: AB’nin 24 resmi dili vardır</li>



<li>Başkent: Brüksel</li>



<li>Nüfus 446,8 milyon (2022 tahmini)</li>



<li>Ana Para Birimi: Euro</li>



<li>AB 4 milyon km²’den fazla bir alanı kapsamaktadır. Yüzölçümü bakımından Fransa en büyük, Malta ise en küçük AB ülkesidir.</li>



<li>Nüfus bakımından en büyük AB ülkesi Almanya’dır.</li>



<li>Avrupa Birliği bayrağı, Avrupa üye ülkeleri arasında birlik, dayanışma ve uyumu simgeleyen mavi zemin üzerinde 12 altın yıldızdan oluşan bir çembere sahiptir.</li>



<li>Dört şehir Avrupa Birliği için çok önemlidir:<br>Belçika’da Brüksel (AB merkezi)<br>Fransa’da Strazburg (Avrupa Parlamentosu)<br>Almanya’da Frankfurt/Main (Avrupa Merkez Bankası)<br>Lüksemburg’daki Lüksemburg Şehri (Avrupa Parlamentosu ve Avrupa Adalet Divanı’nın merkezi)</li>
</ul>



<p>Biliyor muydun…?</p>



<ul class="wp-block-list">
<li>Fransa’daki Paris Charles de Gaulle, AB’nin en işlek havalimanıdır.</li>



<li>Avrupa Merkez Bankası 1998 yılında kurulmuş ve EURO 2002 yılında kullanılmaya başlanmıştır.</li>
</ul>
