{"id":17008,"date":"2024-02-23T19:35:51","date_gmt":"2024-02-23T18:35:51","guid":{"rendered":"http:\/\/esim2.clientinternals.webcase.pl\/?post_type=roaming&#038;p=17008"},"modified":"2024-03-17T23:01:37","modified_gmt":"2024-03-17T22:01:37","slug":"esim-united-kingdom","status":"publish","type":"roaming","link":"http:\/\/esim2.clientinternals.webcase.pl\/tr\/dolasim\/esim-united-kingdom\/","title":{"rendered":"Birle\u015fik Krall\u0131k"},"content":{"rendered":"\n<ul class=\"wp-block-list\">\n<li>\u00dclke Kodu: +44<\/li>\n\n\n\n<li>Ba\u015fkent: Londra<\/li>\n\n\n\n<li>Para Birimi: \u0130ngiliz Sterlini<\/li>\n\n\n\n<li>Di\u011fer ana \u015fehirler: Bristol, Bath, Glasgow, Edinburgh<\/li>\n\n\n\n<li>N\u00fcfus 67,5 milyon (2022 tahmini)<\/li>\n\n\n\n<li>Resmi diller: \u0130ngilizce; \u0130sko\u00e7ya\u2019da hem \u0130ngilizce hem de \u0130sko\u00e7 Galcesi; Galler\u2019de hem \u0130ngilizce hem de Galce<\/li>\n\n\n\n<li>H\u00fck\u00fcmet \u015eekli: Anayasal monar\u015fi i\u00e7inde parlamenter demokrasi<\/li>\n\n\n\n<li>Kuzeybat\u0131 Avrupa\u2019da bir ada \u00fclkesi olan Birle\u015fik Krall\u0131k, \u0130ngiltere, \u0130sko\u00e7ya, Galler ve Kuzey \u0130rlanda\u2019dan olu\u015fmaktad\u0131r.<\/li>\n\n\n\n<li>Birle\u015fik Krall\u0131k, Man\u015f T\u00fcneli arac\u0131l\u0131\u011f\u0131yla Avrupa k\u0131tas\u0131 ile ba\u011flant\u0131l\u0131d\u0131r. Calais (Fransa) ve Dover (\u0130ngiltere) \u015fehirlerini birbirine ba\u011flamaktad\u0131r.<\/li>\n\n\n\n<li>Futbol, kriket ve tenis \u0130ngiltere\u2019de icat edilmi\u015ftir.<\/li>\n<\/ul>\n\n\n\n<p>Biliyor muydun\u2026?<\/p>\n\n\n\n<ul class=\"wp-block-list\">\n<li>Birle\u015fik Krall\u0131k\u2019taki insanlar\u0131n y\u00fczde 80\u2019inden fazlas\u0131 \u0130ngiltere\u2019de ya\u015famaktad\u0131r. Hem \u0130ngiltere\u2019nin hem de Birle\u015fik Krall\u0131k\u2019\u0131n ba\u015fkenti olan Londra, dokuz milyondan biraz daha az n\u00fcfusa ev sahipli\u011fi yapmaktad\u0131r.<\/li>\n\n\n\n<li>Krali\u00e7e Elizabeth, 1952\u2019den 2022\u2019ye kadar Krali\u00e7e olarak g\u00f6rev yaparak d\u00fcnyan\u0131n en uzun s\u00fcre h\u00fck\u00fcm s\u00fcren kad\u0131n h\u00fck\u00fcmdar\u0131 oldu.<\/li>\n<\/ul>\n","protected":false},"featured_media":15317,"template":"","region":[377],"class_list":["post-17008","roaming","type-roaming","status-publish","has-post-thumbnail","hentry","region-avrupa"],"_links":{"self":[{"href":"http:\/\/esim2.clientinternals.webcase.pl\/tr\/wp-json\/wp\/v2\/roaming\/17008","targetHints":{"allow":["GET"]}}],"collection":[{"href":"http:\/\/esim2.clientinternals.webcase.pl\/tr\/wp-json\/wp\/v2\/roaming"}],"about":[{"href":"http:\/\/esim2.clientinternals.webcase.pl\/tr\/wp-json\/wp\/v2\/types\/roaming"}],"wp:featuredmedia":[{"embeddable":true,"href":"http:\/\/esim2.clientinternals.webcase.pl\/tr\/wp-json\/wp\/v2\/media\/15317"}],"wp:attachment":[{"href":"http:\/\/esim2.clientinternals.webcase.pl\/tr\/wp-json\/wp\/v2\/media?parent=17008"}],"wp:term":[{"taxonomy":"region","embeddable":true,"href":"http:\/\/esim2.clientinternals.webcase.pl\/tr\/wp-json\/wp\/v2\/region?post=17008"}],"curies":[{"name":"wp","href":"https:\/\/api.w.org\/{rel}","templated":true}]}}

Birleşik Krallık

<ul class="wp-block-list">
<li>Ülke Kodu: +44</li>



<li>Başkent: Londra</li>



<li>Para Birimi: İngiliz Sterlini</li>



<li>Diğer ana şehirler: Bristol, Bath, Glasgow, Edinburgh</li>



<li>Nüfus 67,5 milyon (2022 tahmini)</li>



<li>Resmi diller: İngilizce; İskoçya’da hem İngilizce hem de İskoç Galcesi; Galler’de hem İngilizce hem de Galce</li>



<li>Hükümet Şekli: Anayasal monarşi içinde parlamenter demokrasi</li>



<li>Kuzeybatı Avrupa’da bir ada ülkesi olan Birleşik Krallık, İngiltere, İskoçya, Galler ve Kuzey İrlanda’dan oluşmaktadır.</li>



<li>Birleşik Krallık, Manş Tüneli aracılığıyla Avrupa kıtası ile bağlantılıdır. Calais (Fransa) ve Dover (İngiltere) şehirlerini birbirine bağlamaktadır.</li>



<li>Futbol, kriket ve tenis İngiltere’de icat edilmiştir.</li>
</ul>



<p>Biliyor muydun…?</p>



<ul class="wp-block-list">
<li>Birleşik Krallık’taki insanların yüzde 80’inden fazlası İngiltere’de yaşamaktadır. Hem İngiltere’nin hem de Birleşik Krallık’ın başkenti olan Londra, dokuz milyondan biraz daha az nüfusa ev sahipliği yapmaktadır.</li>



<li>Kraliçe Elizabeth, 1952’den 2022’ye kadar Kraliçe olarak görev yaparak dünyanın en uzun süre hüküm süren kadın hükümdarı oldu.</li>
</ul>
