{"id":17019,"date":"2024-02-23T19:35:01","date_gmt":"2024-02-23T18:35:01","guid":{"rendered":"http:\/\/esim2.clientinternals.webcase.pl\/?post_type=roaming&#038;p=17019"},"modified":"2024-03-17T22:40:11","modified_gmt":"2024-03-17T21:40:11","slug":"esim-isvicre","status":"publish","type":"roaming","link":"http:\/\/esim2.clientinternals.webcase.pl\/tr\/dolasim\/esim-isvicre\/","title":{"rendered":"\u0130svi\u00e7re"},"content":{"rendered":"\n<p>\u0130\u015fte \u0130svi\u00e7re hakk\u0131nda baz\u0131 ilgin\u00e7 ve e\u011flenceli ger\u00e7ekler<\/p>\n\n\n\n<ul class=\"wp-block-list\">\n<li>\u00dclke Kodu: +41<\/li>\n\n\n\n<li>Ba\u015fkent: Bern<\/li>\n\n\n\n<li>Di\u011fer ana \u015fehirler: Zermatt, Lozan, Basel<\/li>\n\n\n\n<li>N\u00fcfus: 8,82 milyon (2023 tahmini)<\/li>\n\n\n\n<li>Dil \u0130svi\u00e7re\u2019nin d\u00f6rt ulusal dili vard\u0131r: Almanca, Frans\u0131zca, \u0130talyanca ve Roman\u015f\u00e7a<\/li>\n\n\n\n<li>Para Birimi: \u0130svi\u00e7re Frang\u0131<\/li>\n\n\n\n<li>\u0130svi\u00e7re Almancas\u0131 \u0130svi\u00e7re\u2019de en yayg\u0131n konu\u015fulan dildir ve n\u00fcfusun y\u00fczde 60\u2019\u0131ndan biraz fazlas\u0131 taraf\u0131ndan konu\u015fulmaktad\u0131r. Yerel konu\u015fmac\u0131lar taraf\u0131ndan Schwyzerd\u00fctsch olarak adland\u0131r\u0131l\u0131r ve \u00fclkenin kuzey, orta ve do\u011fu kesimlerinde yo\u011funla\u015fm\u0131\u015ft\u0131r.<\/li>\n\n\n\n<li>\u0130svi\u00e7re, 11.674 basamakla d\u00fcnyan\u0131n en uzun merdivenine sahiptir ve Niesen da\u011f demiryolunun yan\u0131nda bulunabilir. Merdiven 3,4 km\u2019dir ancak t\u0131rman\u0131lmas\u0131 gereken rak\u0131m 1.669 m\u2019dir.<\/li>\n\n\n\n<li>\u0130svi\u00e7reliler ayn\u0131 zamanda Velcro, absent, m\u00fcsli ve al\u00fcminyum folyo gibi b\u00fcy\u00fck icatlardan da sorumludur.<\/li>\n\n\n\n<li>\u0130svi\u00e7reliler \u00e7ikolatalar\u0131yla tan\u0131n\u0131rlar ve \u0130svi\u00e7re fond\u00fcs\u00fc \u0130svi\u00e7re peynirinin farkl\u0131 lezzetlerini \u00f6ne \u00e7\u0131karan \u0130svi\u00e7re\u2019nin en pop\u00fcler yiyece\u011fidir.<\/li>\n<\/ul>\n\n\n\n<p>Biliyor muydun\u2026?<\/p>\n\n\n\n<ul class=\"wp-block-list\">\n<li>\u0130svi\u00e7re saatleri ve \u0130svi\u00e7re ordu b\u0131\u00e7aklar\u0131, yenmeyen en \u00fcnl\u00fc \u0130svi\u00e7re hediyelik e\u015fyalar\u0131d\u0131r.<\/li>\n\n\n\n<li>Jungfraujoch Tren \u0130stasyonu \u201cAvrupa\u2019n\u0131n Zirvesi\u201d olarak bilinmektedir.<\/li>\n\n\n\n<li>\u0130svi\u00e7re\u2019nin en \u00fcnl\u00fc da\u011f k\u00f6ylerinden biri olan Grindelwald da dahil olmak \u00fczere karla kapl\u0131 birka\u00e7 tuhaf k\u00f6yden ge\u00e7eceksiniz.<\/li>\n<\/ul>\n","protected":false},"featured_media":15317,"template":"","region":[377],"class_list":["post-17019","roaming","type-roaming","status-publish","has-post-thumbnail","hentry","region-avrupa"],"_links":{"self":[{"href":"http:\/\/esim2.clientinternals.webcase.pl\/tr\/wp-json\/wp\/v2\/roaming\/17019","targetHints":{"allow":["GET"]}}],"collection":[{"href":"http:\/\/esim2.clientinternals.webcase.pl\/tr\/wp-json\/wp\/v2\/roaming"}],"about":[{"href":"http:\/\/esim2.clientinternals.webcase.pl\/tr\/wp-json\/wp\/v2\/types\/roaming"}],"wp:featuredmedia":[{"embeddable":true,"href":"http:\/\/esim2.clientinternals.webcase.pl\/tr\/wp-json\/wp\/v2\/media\/15317"}],"wp:attachment":[{"href":"http:\/\/esim2.clientinternals.webcase.pl\/tr\/wp-json\/wp\/v2\/media?parent=17019"}],"wp:term":[{"taxonomy":"region","embeddable":true,"href":"http:\/\/esim2.clientinternals.webcase.pl\/tr\/wp-json\/wp\/v2\/region?post=17019"}],"curies":[{"name":"wp","href":"https:\/\/api.w.org\/{rel}","templated":true}]}}

İsviçre

<p>İşte İsviçre hakkında bazı ilginç ve eğlenceli gerçekler</p>



<ul class="wp-block-list">
<li>Ülke Kodu: +41</li>



<li>Başkent: Bern</li>



<li>Diğer ana şehirler: Zermatt, Lozan, Basel</li>



<li>Nüfus: 8,82 milyon (2023 tahmini)</li>



<li>Dil İsviçre’nin dört ulusal dili vardır: Almanca, Fransızca, İtalyanca ve Romanşça</li>



<li>Para Birimi: İsviçre Frangı</li>



<li>İsviçre Almancası İsviçre’de en yaygın konuşulan dildir ve nüfusun yüzde 60’ından biraz fazlası tarafından konuşulmaktadır. Yerel konuşmacılar tarafından Schwyzerdütsch olarak adlandırılır ve ülkenin kuzey, orta ve doğu kesimlerinde yoğunlaşmıştır.</li>



<li>İsviçre, 11.674 basamakla dünyanın en uzun merdivenine sahiptir ve Niesen dağ demiryolunun yanında bulunabilir. Merdiven 3,4 km’dir ancak tırmanılması gereken rakım 1.669 m’dir.</li>



<li>İsviçreliler aynı zamanda Velcro, absent, müsli ve alüminyum folyo gibi büyük icatlardan da sorumludur.</li>



<li>İsviçreliler çikolatalarıyla tanınırlar ve İsviçre fondüsü İsviçre peynirinin farklı lezzetlerini öne çıkaran İsviçre’nin en popüler yiyeceğidir.</li>
</ul>



<p>Biliyor muydun…?</p>



<ul class="wp-block-list">
<li>İsviçre saatleri ve İsviçre ordu bıçakları, yenmeyen en ünlü İsviçre hediyelik eşyalarıdır.</li>



<li>Jungfraujoch Tren İstasyonu “Avrupa’nın Zirvesi” olarak bilinmektedir.</li>



<li>İsviçre’nin en ünlü dağ köylerinden biri olan Grindelwald da dahil olmak üzere karla kaplı birkaç tuhaf köyden geçeceksiniz.</li>
</ul>
