{"id":17075,"date":"2024-02-23T19:31:02","date_gmt":"2024-02-23T18:31:02","guid":{"rendered":"http:\/\/esim2.clientinternals.webcase.pl\/?post_type=roaming&#038;p=17075"},"modified":"2024-03-17T21:03:24","modified_gmt":"2024-03-17T20:03:24","slug":"esim-norvec","status":"publish","type":"roaming","link":"http:\/\/esim2.clientinternals.webcase.pl\/tr\/dolasim\/esim-norvec\/","title":{"rendered":"Norve\u00e7"},"content":{"rendered":"\n<p>\u0130\u015fte Norve\u00e7 hakk\u0131nda baz\u0131 ilgin\u00e7 ger\u00e7ekler:<\/p>\n\n\n\n<ul class=\"wp-block-list\">\n<li>Ba\u015fkent: Oslo<\/li>\n\n\n\n<li>N\u00fcfus 5,4 milyon (tahmini 2021)<\/li>\n\n\n\n<li>\u00dclke kodu: +47<\/li>\n\n\n\n<li>Para Birimi: Norve\u00e7 Kronu<\/li>\n\n\n\n<li>Dil: Norve\u00e7\u00e7e<\/li>\n\n\n\n<li>Di\u011fer ilgin\u00e7 yerler: Lilehammer, Stavanger, Kristiansand<\/li>\n\n\n\n<li>Avrupa\u2019n\u0131n en b\u00fcy\u00fck yabani ren geyi\u011fi s\u00fcr\u00fcs\u00fc, Avrupa\u2019n\u0131n en b\u00fcy\u00fck da\u011f platosu olan Hardangervidda\u2019da dola\u015f\u0131yor.<\/li>\n\n\n\n<li>Norve\u00e7 Kral Muhaf\u0131zlar\u0131n\u0131n Ba\u015f Albay\u0131 bir \u0130sko\u00e7 pengueni olan Tu\u011fgeneral Sir Nils Olav\u2019d\u0131r.<\/li>\n\n\n\n<li>Norve\u00e7\u2019in k\u0131y\u0131 \u015feridi Kuzey Denizi, Norve\u00e7 Denizi ve Barents Denizi olmak \u00fczere \u00fc\u00e7 denizi kapsamaktad\u0131r.<\/li>\n\n\n\n<li>Bir Viking sava\u015f\u00e7\u0131s\u0131 olan Harald Fairhair, t\u00fcm Norve\u00e7 \u00fczerinde egemenlik iddia eden ilk kral oldu.<\/li>\n<\/ul>\n\n\n\n<p>Biliyor muydun\u2026?<\/p>\n\n\n\n<ul class=\"wp-block-list\">\n<li>Peynir dilimleyici 1925 y\u0131l\u0131nda Thor Bj\u00f8rklund taraf\u0131ndan icat edilmi\u015ftir.<\/li>\n\n\n\n<li>Fl\u00e5m demiryolu, d\u00fcnyan\u0131n en g\u00fczel demiryollar\u0131ndan biri olarak kabul edilmektedir.<\/li>\n<\/ul>\n","protected":false},"featured_media":15710,"template":"","region":[377],"class_list":["post-17075","roaming","type-roaming","status-publish","has-post-thumbnail","hentry","region-avrupa"],"_links":{"self":[{"href":"http:\/\/esim2.clientinternals.webcase.pl\/tr\/wp-json\/wp\/v2\/roaming\/17075","targetHints":{"allow":["GET"]}}],"collection":[{"href":"http:\/\/esim2.clientinternals.webcase.pl\/tr\/wp-json\/wp\/v2\/roaming"}],"about":[{"href":"http:\/\/esim2.clientinternals.webcase.pl\/tr\/wp-json\/wp\/v2\/types\/roaming"}],"wp:featuredmedia":[{"embeddable":true,"href":"http:\/\/esim2.clientinternals.webcase.pl\/tr\/wp-json\/wp\/v2\/media\/15710"}],"wp:attachment":[{"href":"http:\/\/esim2.clientinternals.webcase.pl\/tr\/wp-json\/wp\/v2\/media?parent=17075"}],"wp:term":[{"taxonomy":"region","embeddable":true,"href":"http:\/\/esim2.clientinternals.webcase.pl\/tr\/wp-json\/wp\/v2\/region?post=17075"}],"curies":[{"name":"wp","href":"https:\/\/api.w.org\/{rel}","templated":true}]}}

Norveç

<p>İşte Norveç hakkında bazı ilginç gerçekler:</p>



<ul class="wp-block-list">
<li>Başkent: Oslo</li>



<li>Nüfus 5,4 milyon (tahmini 2021)</li>



<li>Ülke kodu: +47</li>



<li>Para Birimi: Norveç Kronu</li>



<li>Dil: Norveççe</li>



<li>Diğer ilginç yerler: Lilehammer, Stavanger, Kristiansand</li>



<li>Avrupa’nın en büyük yabani ren geyiği sürüsü, Avrupa’nın en büyük dağ platosu olan Hardangervidda’da dolaşıyor.</li>



<li>Norveç Kral Muhafızlarının Baş Albayı bir İskoç pengueni olan Tuğgeneral Sir Nils Olav’dır.</li>



<li>Norveç’in kıyı şeridi Kuzey Denizi, Norveç Denizi ve Barents Denizi olmak üzere üç denizi kapsamaktadır.</li>



<li>Bir Viking savaşçısı olan Harald Fairhair, tüm Norveç üzerinde egemenlik iddia eden ilk kral oldu.</li>
</ul>



<p>Biliyor muydun…?</p>



<ul class="wp-block-list">
<li>Peynir dilimleyici 1925 yılında Thor Bjørklund tarafından icat edilmiştir.</li>



<li>Flåm demiryolu, dünyanın en güzel demiryollarından biri olarak kabul edilmektedir.</li>
</ul>
