{"id":17151,"date":"2024-02-23T19:27:09","date_gmt":"2024-02-23T18:27:09","guid":{"rendered":"http:\/\/esim2.clientinternals.webcase.pl\/?post_type=roaming&#038;p=17151"},"modified":"2024-03-17T11:12:30","modified_gmt":"2024-03-17T10:12:30","slug":"esim-kosova","status":"publish","type":"roaming","link":"http:\/\/esim2.clientinternals.webcase.pl\/tr\/dolasim\/esim-kosova\/","title":{"rendered":"Kosova"},"content":{"rendered":"\n<p>\u0130\u015fte Kosova hakk\u0131nda baz\u0131 ilgin\u00e7 ger\u00e7ekler:<\/p>\n\n\n\n<ul class=\"wp-block-list\">\n<li>Ba\u015fkent: Pri\u015ftine<\/li>\n\n\n\n<li>N\u00fcfus 1,78 milyon (tahmini 2021)<\/li>\n\n\n\n<li>\u00dclke kodu: +383<\/li>\n\n\n\n<li>Para birimi: Euro<\/li>\n\n\n\n<li>Dil: Arnavut\u00e7a<\/li>\n\n\n\n<li>Kosova i\u00e7indeki di\u011fer ilgin\u00e7 yerler: Ulpiana, Gra\u010danica, Ferizaj<\/li>\n\n\n\n<li>Kosova, \u00fclke n\u00fcfusunun y\u00fczde 70\u2019inden fazlas\u0131n\u0131n 35 ya\u015f\u0131n alt\u0131nda oldu\u011fu Avrupa\u2019n\u0131n en gen\u00e7 n\u00fcfusuna sahiptir<\/li>\n\n\n\n<li>Kosova\u2019n\u0131n Arnavutluk, Makedonya, Karada\u011f ve S\u0131rbistan olmak \u00fczere d\u00f6rt s\u0131n\u0131r \u00fclkesi bulunmaktad\u0131r.<\/li>\n\n\n\n<li>Kosova\u2019n\u0131n biyolojik \u00e7e\u015fitlili\u011fi iki milli park, on bir do\u011fa koruma alan\u0131 ve 103 di\u011fer korunan alanda korunmaktad\u0131r.<\/li>\n\n\n\n<li>Kosova\u2019n\u0131n ad\u0131 S\u0131rp\u00e7ada \u2018karatavuklar\u0131n tarlas\u0131\u2019 anlam\u0131na gelmektedir.<\/li>\n<\/ul>\n\n\n\n<p>Biliyor muydun\u2026?<\/p>\n\n\n\n<ul class=\"wp-block-list\">\n<li>Bayrakta tasar\u0131m unsuru olarak \u00fclke topraklar\u0131n\u0131n bir haritas\u0131 kullan\u0131lm\u0131\u015ft\u0131r.<\/li>\n\n\n\n<li>Kosova (10.887 km2) Balkanlar\u2019daki en k\u00fc\u00e7\u00fck \u00fclkedir.<\/li>\n<\/ul>\n","protected":false},"featured_media":15710,"template":"","region":[377],"class_list":["post-17151","roaming","type-roaming","status-publish","has-post-thumbnail","hentry","region-avrupa"],"_links":{"self":[{"href":"http:\/\/esim2.clientinternals.webcase.pl\/tr\/wp-json\/wp\/v2\/roaming\/17151","targetHints":{"allow":["GET"]}}],"collection":[{"href":"http:\/\/esim2.clientinternals.webcase.pl\/tr\/wp-json\/wp\/v2\/roaming"}],"about":[{"href":"http:\/\/esim2.clientinternals.webcase.pl\/tr\/wp-json\/wp\/v2\/types\/roaming"}],"wp:featuredmedia":[{"embeddable":true,"href":"http:\/\/esim2.clientinternals.webcase.pl\/tr\/wp-json\/wp\/v2\/media\/15710"}],"wp:attachment":[{"href":"http:\/\/esim2.clientinternals.webcase.pl\/tr\/wp-json\/wp\/v2\/media?parent=17151"}],"wp:term":[{"taxonomy":"region","embeddable":true,"href":"http:\/\/esim2.clientinternals.webcase.pl\/tr\/wp-json\/wp\/v2\/region?post=17151"}],"curies":[{"name":"wp","href":"https:\/\/api.w.org\/{rel}","templated":true}]}}

<p>İşte Kosova hakkında bazı ilginç gerçekler:</p>



<ul class="wp-block-list">
<li>Başkent: Priştine</li>



<li>Nüfus 1,78 milyon (tahmini 2021)</li>



<li>Ülke kodu: +383</li>



<li>Para birimi: Euro</li>



<li>Dil: Arnavutça</li>



<li>Kosova içindeki diğer ilginç yerler: Ulpiana, Gračanica, Ferizaj</li>



<li>Kosova, ülke nüfusunun yüzde 70’inden fazlasının 35 yaşın altında olduğu Avrupa’nın en genç nüfusuna sahiptir</li>



<li>Kosova’nın Arnavutluk, Makedonya, Karadağ ve Sırbistan olmak üzere dört sınır ülkesi bulunmaktadır.</li>



<li>Kosova’nın biyolojik çeşitliliği iki milli park, on bir doğa koruma alanı ve 103 diğer korunan alanda korunmaktadır.</li>



<li>Kosova’nın adı Sırpçada ‘karatavukların tarlası’ anlamına gelmektedir.</li>
</ul>



<p>Biliyor muydun…?</p>



<ul class="wp-block-list">
<li>Bayrakta tasarım unsuru olarak ülke topraklarının bir haritası kullanılmıştır.</li>



<li>Kosova (10.887 km2) Balkanlar’daki en küçük ülkedir.</li>
</ul>
