{"id":17197,"date":"2024-02-23T19:25:50","date_gmt":"2024-02-23T18:25:50","guid":{"rendered":"http:\/\/esim2.clientinternals.webcase.pl\/?post_type=roaming&#038;p=17197"},"modified":"2024-03-17T08:49:30","modified_gmt":"2024-03-17T07:49:30","slug":"esim-macaristan","status":"publish","type":"roaming","link":"http:\/\/esim2.clientinternals.webcase.pl\/tr\/dolasim\/esim-macaristan\/","title":{"rendered":"Macaristan"},"content":{"rendered":"\n<p>Macaristan Hakk\u0131nda \u0130lgin\u00e7 Bilgiler:<\/p>\n\n\n\n<ul class=\"wp-block-list\">\n<li>\u00dclke Kodu: +36<\/li>\n\n\n\n<li>Ba\u015fkent: Budape\u015fte<\/li>\n\n\n\n<li>Para Birimi: Macar Forinti<\/li>\n\n\n\n<li>Di\u011fer ana \u015fehirler: Sopron, Szeged, Eger<\/li>\n\n\n\n<li>N\u00fcfus: 9,7 milyon (2021 tahmini)<\/li>\n\n\n\n<li>Dil:Macarca<\/li>\n\n\n\n<li>15. Y\u00fczy\u0131lda \u00e7elik yayl\u0131 s\u00fcspansiyona sahip atl\u0131 bir ara\u00e7 icat edildi. Ortaya \u00e7\u0131kt\u0131\u011f\u0131 Ko\u00e7s k\u00f6y\u00fcnden t\u00fcretilerek \u2018ko\u00e7\u2019 olarak bilinmeye ba\u015fland\u0131.<\/li>\n\n\n\n<li>Macaristan 895 y\u0131l\u0131nda kurulmu\u015ftur, bu da Fransa ve Almanya gibi \u00fclkelerden daha eski oldu\u011fu anlam\u0131na gelmektedir.<\/li>\n\n\n\n<li>H\u00fck\u00fcmet taraf\u0131ndan onaylanmad\u0131\u011f\u0131 s\u00fcrece \u00e7ocu\u011funuza isim veremezsiniz. \u00c7ocu\u011funuza verebilece\u011finiz \u00f6nceden onaylanm\u0131\u015f isimlerin bir listesi vard\u0131r.<\/li>\n<\/ul>\n\n\n\n<p>Biliyor muydun\u2026?<\/p>\n\n\n\n<ul class=\"wp-block-list\">\n<li>Macarlar genellikle kendilerini Macar yerine Magyar olarak adland\u0131r\u0131rlar.<\/li>\n\n\n\n<li>Budape\u015fte, d\u00fcnyadaki en \u00f6nemli say\u0131da kapl\u0131caya sahiptir.<\/li>\n<\/ul>\n","protected":false},"featured_media":15710,"template":"","region":[377],"class_list":["post-17197","roaming","type-roaming","status-publish","has-post-thumbnail","hentry","region-avrupa"],"_links":{"self":[{"href":"http:\/\/esim2.clientinternals.webcase.pl\/tr\/wp-json\/wp\/v2\/roaming\/17197","targetHints":{"allow":["GET"]}}],"collection":[{"href":"http:\/\/esim2.clientinternals.webcase.pl\/tr\/wp-json\/wp\/v2\/roaming"}],"about":[{"href":"http:\/\/esim2.clientinternals.webcase.pl\/tr\/wp-json\/wp\/v2\/types\/roaming"}],"wp:featuredmedia":[{"embeddable":true,"href":"http:\/\/esim2.clientinternals.webcase.pl\/tr\/wp-json\/wp\/v2\/media\/15710"}],"wp:attachment":[{"href":"http:\/\/esim2.clientinternals.webcase.pl\/tr\/wp-json\/wp\/v2\/media?parent=17197"}],"wp:term":[{"taxonomy":"region","embeddable":true,"href":"http:\/\/esim2.clientinternals.webcase.pl\/tr\/wp-json\/wp\/v2\/region?post=17197"}],"curies":[{"name":"wp","href":"https:\/\/api.w.org\/{rel}","templated":true}]}}

<p>Macaristan Hakkında İlginç Bilgiler:</p>



<ul class="wp-block-list">
<li>Ülke Kodu: +36</li>



<li>Başkent: Budapeşte</li>



<li>Para Birimi: Macar Forinti</li>



<li>Diğer ana şehirler: Sopron, Szeged, Eger</li>



<li>Nüfus: 9,7 milyon (2021 tahmini)</li>



<li>Dil:Macarca</li>



<li>15. Yüzyılda çelik yaylı süspansiyona sahip atlı bir araç icat edildi. Ortaya çıktığı Koçs köyünden türetilerek ‘koç’ olarak bilinmeye başlandı.</li>



<li>Macaristan 895 yılında kurulmuştur, bu da Fransa ve Almanya gibi ülkelerden daha eski olduğu anlamına gelmektedir.</li>



<li>Hükümet tarafından onaylanmadığı sürece çocuğunuza isim veremezsiniz. Çocuğunuza verebileceğiniz önceden onaylanmış isimlerin bir listesi vardır.</li>
</ul>



<p>Biliyor muydun…?</p>



<ul class="wp-block-list">
<li>Macarlar genellikle kendilerini Macar yerine Magyar olarak adlandırırlar.</li>



<li>Budapeşte, dünyadaki en önemli sayıda kaplıcaya sahiptir.</li>
</ul>
