{"id":17223,"date":"2024-02-23T19:25:03","date_gmt":"2024-02-23T18:25:03","guid":{"rendered":"http:\/\/esim2.clientinternals.webcase.pl\/?post_type=roaming&#038;p=17223"},"modified":"2024-03-17T08:22:38","modified_gmt":"2024-03-17T07:22:38","slug":"esim-cebelitarik","status":"publish","type":"roaming","link":"http:\/\/esim2.clientinternals.webcase.pl\/tr\/dolasim\/esim-cebelitarik\/","title":{"rendered":"Cebelitar\u0131k"},"content":{"rendered":"\n<p>\u0130\u015fte Cebelitar\u0131k hakk\u0131nda baz\u0131 ilgin\u00e7 ger\u00e7ekler:<\/p>\n\n\n\n<ul class=\"wp-block-list\">\n<li>\u00dclke Kodu: +350<\/li>\n\n\n\n<li>Ba\u015fkent: Cebelitar\u0131k<\/li>\n\n\n\n<li>Di\u011fer ana \u015fehirler: La L\u00ednea de la Concepci\u00f3n, Tangier, Tetouan<\/li>\n\n\n\n<li>N\u00fcfus 32,669 (2021 tahmini)<\/li>\n\n\n\n<li>Dil \u0130ngilizce<\/li>\n\n\n\n<li>Para birimi: Cebelitar\u0131k Poundu<\/li>\n\n\n\n<li>Bir \u0130ngiliz deniza\u015f\u0131r\u0131 topra\u011f\u0131 olan Cebelitar\u0131k\u2019\u0131n resmi dili, H\u00fck\u00fcmet taraf\u0131ndan ve okullarda kullan\u0131lan \u0130ngilizcedir. Cebelitar\u0131k\u2019\u0131n \u0130spanya\u2019ya yak\u0131nl\u0131\u011f\u0131 nedeniyle, yerel halk\u0131n \u00e7o\u011fu iki dillidir ve \u0130spanyolca da konu\u015fmaktad\u0131r.<\/li>\n\n\n\n<li>Cebelitar\u0131k ilk olarak Orta \u00c7a\u011f\u2019da Ma\u011fribiler taraf\u0131ndan isk\u00e2n edilmi\u015f ve daha sonra \u0130spanya taraf\u0131ndan y\u00f6netilmi\u015f, ileri karakol 1713 y\u0131l\u0131nda \u0130ngilizlere b\u0131rak\u0131lm\u0131\u015ft\u0131r.<\/li>\n\n\n\n<li>Cebelitar\u0131k, t\u00fcm Avrupa k\u0131tas\u0131nda vah\u015fi maymunlara ev sahipli\u011fi yapan tek b\u00f6lgedir.<\/li>\n\n\n\n<li>Cebelitar\u0131k, Avrupa ve Afrika\u2019ya g\u00f6\u00e7 eden ku\u015flar i\u00e7in en dar ge\u00e7i\u015f noktas\u0131d\u0131r.<\/li>\n<\/ul>\n\n\n\n<p>Biliyor muydun\u2026?<\/p>\n\n\n\n<ul class=\"wp-block-list\">\n<li>Asl\u0131nda \u015fehre girmek i\u00e7in havaalan\u0131 pistini ge\u00e7meniz gerekecek.<\/li>\n\n\n\n<li>Cebelitar\u0131k kayas\u0131n\u0131n i\u00e7inde 150\u2019den fazla ma\u011fara bulunmaktad\u0131r.<\/li>\n<\/ul>\n","protected":false},"featured_media":15710,"template":"","region":[377],"class_list":["post-17223","roaming","type-roaming","status-publish","has-post-thumbnail","hentry","region-avrupa"],"_links":{"self":[{"href":"http:\/\/esim2.clientinternals.webcase.pl\/tr\/wp-json\/wp\/v2\/roaming\/17223","targetHints":{"allow":["GET"]}}],"collection":[{"href":"http:\/\/esim2.clientinternals.webcase.pl\/tr\/wp-json\/wp\/v2\/roaming"}],"about":[{"href":"http:\/\/esim2.clientinternals.webcase.pl\/tr\/wp-json\/wp\/v2\/types\/roaming"}],"wp:featuredmedia":[{"embeddable":true,"href":"http:\/\/esim2.clientinternals.webcase.pl\/tr\/wp-json\/wp\/v2\/media\/15710"}],"wp:attachment":[{"href":"http:\/\/esim2.clientinternals.webcase.pl\/tr\/wp-json\/wp\/v2\/media?parent=17223"}],"wp:term":[{"taxonomy":"region","embeddable":true,"href":"http:\/\/esim2.clientinternals.webcase.pl\/tr\/wp-json\/wp\/v2\/region?post=17223"}],"curies":[{"name":"wp","href":"https:\/\/api.w.org\/{rel}","templated":true}]}}

Cebelitarık

<p>İşte Cebelitarık hakkında bazı ilginç gerçekler:</p>



<ul class="wp-block-list">
<li>Ülke Kodu: +350</li>



<li>Başkent: Cebelitarık</li>



<li>Diğer ana şehirler: La Línea de la Concepción, Tangier, Tetouan</li>



<li>Nüfus 32,669 (2021 tahmini)</li>



<li>Dil İngilizce</li>



<li>Para birimi: Cebelitarık Poundu</li>



<li>Bir İngiliz denizaşırı toprağı olan Cebelitarık’ın resmi dili, Hükümet tarafından ve okullarda kullanılan İngilizcedir. Cebelitarık’ın İspanya’ya yakınlığı nedeniyle, yerel halkın çoğu iki dillidir ve İspanyolca da konuşmaktadır.</li>



<li>Cebelitarık ilk olarak Orta Çağ’da Mağribiler tarafından iskân edilmiş ve daha sonra İspanya tarafından yönetilmiş, ileri karakol 1713 yılında İngilizlere bırakılmıştır.</li>



<li>Cebelitarık, tüm Avrupa kıtasında vahşi maymunlara ev sahipliği yapan tek bölgedir.</li>



<li>Cebelitarık, Avrupa ve Afrika’ya göç eden kuşlar için en dar geçiş noktasıdır.</li>
</ul>



<p>Biliyor muydun…?</p>



<ul class="wp-block-list">
<li>Aslında şehre girmek için havaalanı pistini geçmeniz gerekecek.</li>



<li>Cebelitarık kayasının içinde 150’den fazla mağara bulunmaktadır.</li>
</ul>
