{"id":17669,"date":"2024-02-23T18:33:25","date_gmt":"2024-02-23T17:33:25","guid":{"rendered":"http:\/\/esim2.clientinternals.webcase.pl\/?post_type=roaming&#038;p=17669"},"modified":"2024-03-15T11:33:55","modified_gmt":"2024-03-15T10:33:55","slug":"esim-belcika","status":"publish","type":"roaming","link":"http:\/\/esim2.clientinternals.webcase.pl\/tr\/dolasim\/esim-belcika\/","title":{"rendered":"Bel\u00e7ika"},"content":{"rendered":"\n<p>\u0130\u015fte Bel\u00e7ika hakk\u0131nda baz\u0131 ilgin\u00e7 ve e\u011flenceli bilgiler<\/p>\n\n\n\n<ul class=\"wp-block-list\">\n<li>\u00dclke Kodu: +32<\/li>\n\n\n\n<li>Ba\u015fkent: Br\u00fcksel<\/li>\n\n\n\n<li>Di\u011fer ana \u015fehirler: Li\u00e8ge, Gent, Dinant<\/li>\n\n\n\n<li>N\u00fcfus 11,7 milyon (2023 tahmini)<\/li>\n\n\n\n<li>Dil Hollandaca (Flamanca), Frans\u0131zca ve Almanca<\/li>\n\n\n\n<li>Para birimi: Euro<\/li>\n\n\n\n<li>Bel\u00e7ika orta\u00e7a\u011f kentleri, R\u00f6nesans mimarisi ve Avrupa Birli\u011fi ile NATO\u2019nun merkezi olmas\u0131yla tan\u0131n\u0131r.<\/li>\n\n\n\n<li>Ulusal Sembol Alt\u0131n Aslan\u2019d\u0131r. Aslan, \u00fclkenin \u201cbirlikten kuvvet do\u011far\u201d slogan\u0131n\u0131 ta\u015f\u0131yan armas\u0131n\u0131n bir par\u00e7as\u0131d\u0131r.<\/li>\n\n\n\n<li>\u015eirinler ve Tenten Bel\u00e7ika\u2019dan Geliyor. \u015eirinler, 1958 y\u0131l\u0131nda Bel\u00e7ikal\u0131 \u00e7izgi roman sanat\u00e7\u0131s\u0131 Peyo (di\u011fer ad\u0131yla Pierre Culliford) taraf\u0131ndan yarat\u0131lm\u0131\u015ft\u0131r.<\/li>\n\n\n\n<li>Bel\u00e7ika, World Wide Web (www), inline paten, plastik ve \u00e7ok daha fazlas\u0131 gibi \u00e7ok say\u0131da icatla tan\u0131nmaktad\u0131r.<\/li>\n<\/ul>\n\n\n\n<p>Biliyor muydun\u2026?<\/p>\n\n\n\n<ul class=\"wp-block-list\">\n<li>Patates k\u0131zartmas\u0131 Bel\u00e7ika\u2019da icat edilmi\u015ftir; ancak Frans\u0131zca\u2019da \u2018frites\u2019 ve Flamanca\u2019da (Felemenk\u00e7e) \u2018frieten\u2019 olarak bilinir ve tipik olarak ket\u00e7apla de\u011fil bir t\u00fcr mayonezle servis edilir.<\/li>\n\n\n\n<li>Bel\u00e7ika, \u00e7ikolatas\u0131n\u0131n m\u00fckemmel kalitesiyle tan\u0131n\u0131r ve d\u00fcnya \u00e7ikolata \u00fcretiminin yakla\u015f\u0131k %11\u2019inden sorumludur.<\/li>\n<\/ul>\n","protected":false},"featured_media":15246,"template":"","region":[377],"class_list":["post-17669","roaming","type-roaming","status-publish","has-post-thumbnail","hentry","region-avrupa"],"_links":{"self":[{"href":"http:\/\/esim2.clientinternals.webcase.pl\/tr\/wp-json\/wp\/v2\/roaming\/17669","targetHints":{"allow":["GET"]}}],"collection":[{"href":"http:\/\/esim2.clientinternals.webcase.pl\/tr\/wp-json\/wp\/v2\/roaming"}],"about":[{"href":"http:\/\/esim2.clientinternals.webcase.pl\/tr\/wp-json\/wp\/v2\/types\/roaming"}],"wp:featuredmedia":[{"embeddable":true,"href":"http:\/\/esim2.clientinternals.webcase.pl\/tr\/wp-json\/wp\/v2\/media\/15246"}],"wp:attachment":[{"href":"http:\/\/esim2.clientinternals.webcase.pl\/tr\/wp-json\/wp\/v2\/media?parent=17669"}],"wp:term":[{"taxonomy":"region","embeddable":true,"href":"http:\/\/esim2.clientinternals.webcase.pl\/tr\/wp-json\/wp\/v2\/region?post=17669"}],"curies":[{"name":"wp","href":"https:\/\/api.w.org\/{rel}","templated":true}]}}

Belçika

<p>İşte Belçika hakkında bazı ilginç ve eğlenceli bilgiler</p>



<ul class="wp-block-list">
<li>Ülke Kodu: +32</li>



<li>Başkent: Brüksel</li>



<li>Diğer ana şehirler: Liège, Gent, Dinant</li>



<li>Nüfus 11,7 milyon (2023 tahmini)</li>



<li>Dil Hollandaca (Flamanca), Fransızca ve Almanca</li>



<li>Para birimi: Euro</li>



<li>Belçika ortaçağ kentleri, Rönesans mimarisi ve Avrupa Birliği ile NATO’nun merkezi olmasıyla tanınır.</li>



<li>Ulusal Sembol Altın Aslan’dır. Aslan, ülkenin “birlikten kuvvet doğar” sloganını taşıyan armasının bir parçasıdır.</li>



<li>Şirinler ve Tenten Belçika’dan Geliyor. Şirinler, 1958 yılında Belçikalı çizgi roman sanatçısı Peyo (diğer adıyla Pierre Culliford) tarafından yaratılmıştır.</li>



<li>Belçika, World Wide Web (www), inline paten, plastik ve çok daha fazlası gibi çok sayıda icatla tanınmaktadır.</li>
</ul>



<p>Biliyor muydun…?</p>



<ul class="wp-block-list">
<li>Patates kızartması Belçika’da icat edilmiştir; ancak Fransızca’da ‘frites’ ve Flamanca’da (Felemenkçe) ‘frieten’ olarak bilinir ve tipik olarak ketçapla değil bir tür mayonezle servis edilir.</li>



<li>Belçika, çikolatasının mükemmel kalitesiyle tanınır ve dünya çikolata üretiminin yaklaşık %11’inden sorumludur.</li>
</ul>
