{"id":17708,"date":"2024-02-23T18:31:00","date_gmt":"2024-02-23T17:31:00","guid":{"rendered":"http:\/\/esim2.clientinternals.webcase.pl\/?post_type=roaming&#038;p=17708"},"modified":"2024-03-15T11:20:37","modified_gmt":"2024-03-15T10:20:37","slug":"esim-belarus","status":"publish","type":"roaming","link":"http:\/\/esim2.clientinternals.webcase.pl\/tr\/dolasim\/esim-belarus\/","title":{"rendered":"Belarus"},"content":{"rendered":"\n<p>\u0130\u015fte Belarus hakk\u0131nda baz\u0131 ilgin\u00e7 ger\u00e7ekler:<\/p>\n\n\n\n<ul class=\"wp-block-list\">\n<li>Ba\u015fkent: Minsk<\/li>\n\n\n\n<li>N\u00fcfus: 9,35 milyon (tahmini 2021)<\/li>\n\n\n\n<li>\u00dclke kodu: +375<\/li>\n\n\n\n<li>Para Birimi: Belarus Rublesi<\/li>\n\n\n\n<li>Dil Belarus\u00e7a ve Rus\u00e7a<\/li>\n\n\n\n<li>Beyaz Rusya\u2019daki di\u011fer ilgin\u00e7 yerler: Braslav G\u00f6l Alan\u0131, Belovezhskaya Pushcha Ulusal Park\u0131, Mir Kalesi.<\/li>\n\n\n\n<li>Belarus, Do\u011fu Avrupa\u2019da denize k\u0131y\u0131s\u0131 olmayan bir \u00fclkedir. Do\u011fu ve kuzeydo\u011fuda Rusya, g\u00fcneyde Ukrayna, bat\u0131da Polonya ve kuzeybat\u0131da Litvanya ve Letonya ile kom\u015fudur.<\/li>\n\n\n\n<li>Belarus topraklar\u0131n\u0131n yakla\u015f\u0131k %40\u2019\u0131 ormanlarla kapl\u0131d\u0131r \u2013 bu ger\u00e7ek \u00fclke bayra\u011f\u0131ndaki ye\u015fil \u015feritle sembolize edilmektedir.<\/li>\n\n\n\n<li>Patates Belarus\u2019ta \u00e7ok \u00f6nemli bir temel g\u0131da maddesidir. Belaruslular ki\u015fi ba\u015f\u0131na di\u011fer t\u00fcm \u00fclkelerden daha fazla patates t\u00fcketiyor \u2013 tahmini 180 kg, bu da g\u00fcnde yakla\u015f\u0131k yar\u0131m kilograma denk geliyor.<\/li>\n\n\n\n<li>Belarus\u2019ta n\u00fcfusun yakla\u015f\u0131k %80\u2019i \u015fehirlerde ya\u015famaktad\u0131r ve bu da \u00fclkeyi Avrupa\u2019n\u0131n en \u015fehirle\u015fmi\u015f \u00fclkelerinden biri haline getirmektedir.<\/li>\n<\/ul>\n\n\n\n<p>Biliyor muydun\u2026?<\/p>\n\n\n\n<ul class=\"wp-block-list\">\n<li>Ulusal hayvan, \u201cwisent\u201d olarak da an\u0131lan Avrupa bizonudur.<\/li>\n\n\n\n<li>Belaruslular\u0131n sadece yakla\u015f\u0131k %12\u2019si Belarus\u00e7ay\u0131 g\u00fcnl\u00fck ya\u015famlar\u0131nda aktif olarak kullanmaktad\u0131r ve Belarus\u2019taki insanlar\u0131n sadece yakla\u015f\u0131k %30\u2019u Belarus\u00e7ay\u0131 ak\u0131c\u0131 bir \u015fekilde konu\u015fabilmektedir. \u0130nsanlar\u0131n \u00e7o\u011funlu\u011fu ileti\u015fim kurmak i\u00e7in birincil yol olarak Rus\u00e7a kullanmaktad\u0131r.<\/li>\n<\/ul>\n","protected":false},"featured_media":15246,"template":"","region":[377],"class_list":["post-17708","roaming","type-roaming","status-publish","has-post-thumbnail","hentry","region-avrupa"],"_links":{"self":[{"href":"http:\/\/esim2.clientinternals.webcase.pl\/tr\/wp-json\/wp\/v2\/roaming\/17708","targetHints":{"allow":["GET"]}}],"collection":[{"href":"http:\/\/esim2.clientinternals.webcase.pl\/tr\/wp-json\/wp\/v2\/roaming"}],"about":[{"href":"http:\/\/esim2.clientinternals.webcase.pl\/tr\/wp-json\/wp\/v2\/types\/roaming"}],"wp:featuredmedia":[{"embeddable":true,"href":"http:\/\/esim2.clientinternals.webcase.pl\/tr\/wp-json\/wp\/v2\/media\/15246"}],"wp:attachment":[{"href":"http:\/\/esim2.clientinternals.webcase.pl\/tr\/wp-json\/wp\/v2\/media?parent=17708"}],"wp:term":[{"taxonomy":"region","embeddable":true,"href":"http:\/\/esim2.clientinternals.webcase.pl\/tr\/wp-json\/wp\/v2\/region?post=17708"}],"curies":[{"name":"wp","href":"https:\/\/api.w.org\/{rel}","templated":true}]}}

<p>İşte Belarus hakkında bazı ilginç gerçekler:</p>



<ul class="wp-block-list">
<li>Başkent: Minsk</li>



<li>Nüfus: 9,35 milyon (tahmini 2021)</li>



<li>Ülke kodu: +375</li>



<li>Para Birimi: Belarus Rublesi</li>



<li>Dil Belarusça ve Rusça</li>



<li>Beyaz Rusya’daki diğer ilginç yerler: Braslav Göl Alanı, Belovezhskaya Pushcha Ulusal Parkı, Mir Kalesi.</li>



<li>Belarus, Doğu Avrupa’da denize kıyısı olmayan bir ülkedir. Doğu ve kuzeydoğuda Rusya, güneyde Ukrayna, batıda Polonya ve kuzeybatıda Litvanya ve Letonya ile komşudur.</li>



<li>Belarus topraklarının yaklaşık %40’ı ormanlarla kaplıdır – bu gerçek ülke bayrağındaki yeşil şeritle sembolize edilmektedir.</li>



<li>Patates Belarus’ta çok önemli bir temel gıda maddesidir. Belaruslular kişi başına diğer tüm ülkelerden daha fazla patates tüketiyor – tahmini 180 kg, bu da günde yaklaşık yarım kilograma denk geliyor.</li>



<li>Belarus’ta nüfusun yaklaşık %80’i şehirlerde yaşamaktadır ve bu da ülkeyi Avrupa’nın en şehirleşmiş ülkelerinden biri haline getirmektedir.</li>
</ul>



<p>Biliyor muydun…?</p>



<ul class="wp-block-list">
<li>Ulusal hayvan, “wisent” olarak da anılan Avrupa bizonudur.</li>



<li>Belarusluların sadece yaklaşık %12’si Belarusçayı günlük yaşamlarında aktif olarak kullanmaktadır ve Belarus’taki insanların sadece yaklaşık %30’u Belarusçayı akıcı bir şekilde konuşabilmektedir. İnsanların çoğunluğu iletişim kurmak için birincil yol olarak Rusça kullanmaktadır.</li>
</ul>
