{"id":17999,"date":"2024-02-23T19:51:18","date_gmt":"2024-02-23T18:51:18","guid":{"rendered":"http:\/\/esim2.clientinternals.webcase.pl\/?post_type=roaming&#038;p=17999"},"modified":"2024-03-17T23:28:29","modified_gmt":"2024-03-17T22:28:29","slug":"esim-guatemala","status":"publish","type":"roaming","link":"http:\/\/esim2.clientinternals.webcase.pl\/tr\/dolasim\/esim-guatemala\/","title":{"rendered":"Guatemala"},"content":{"rendered":"\n<p>\u0130\u015fte Guatemala hakk\u0131nda baz\u0131 ilgin\u00e7 ger\u00e7ekler:<\/p>\n\n\n\n<ul class=\"wp-block-list\">\n<li>\u00dclke Kodu: +502<\/li>\n\n\n\n<li>Ba\u015fkent: Guatemala \u015eehri<\/li>\n\n\n\n<li>Di\u011fer ana \u015fehirler: Retalhuleu, Jalapa, Chichicastenango<\/li>\n\n\n\n<li>N\u00fcfus 17,11 milyon (2021 tahmini)<\/li>\n\n\n\n<li>Dil: \u0130spanyolca<\/li>\n\n\n\n<li>Para Birimi: Guatemala Quetzal\u2019\u0131<\/li>\n\n\n\n<li>Guatemala bir Orta Amerika \u00fclkesidir ve Meksika\u2019n\u0131n g\u00fcneyinde yer almaktad\u0131r. Volkanlara, ya\u011fmur ormanlar\u0131na ve antik Maya b\u00f6lgelerine ev sahipli\u011fi yapmaktad\u0131r.<\/li>\n\n\n\n<li>Ba\u015fkent Guatemala City, yerel olarak Guatemala veya Guate, resmi olarak Ciudad de Guatemala olarak bilinir ve Guatemala\u2019n\u0131n en b\u00fcy\u00fck \u015fehri ve Orta Amerika\u2019daki en kalabal\u0131k kentsel aland\u0131r.<\/li>\n\n\n\n<li>Guatemala\u2019n\u0131n para birimi olan quetzal, ad\u0131n\u0131 Guatemala\u2019n\u0131n ulusal ku\u015fu olan g\u00f6rkemli quetzal\u2019dan almaktad\u0131r.<\/li>\n\n\n\n<li>\u0130spanyolca resmi ve en \u00e7ok konu\u015fulan dil olmakla birlikte, 22 farkl\u0131 Maya dilinin yan\u0131 s\u0131ra Gar\u00edfuna ve Xinca olmak \u00fczere iki yerli dil daha bulunmaktad\u0131r.<\/li>\n<\/ul>\n\n\n\n<p>Biliyor muydun\u2026?<\/p>\n\n\n\n<ul class=\"wp-block-list\">\n<li>Guatemala 33 volkana ev sahipli\u011fi yapmaktad\u0131r ve Tajamulco Volkan\u0131 4.220 metre ile Guatemala\u2019n\u0131n en y\u00fcksek noktas\u0131d\u0131r.<\/li>\n\n\n\n<li>Atitlan G\u00f6l\u00fc (Lago de Atitl\u00e1n) Orta Amerika\u2019daki en derin g\u00f6ld\u00fcr.<\/li>\n<\/ul>\n","protected":false},"featured_media":17760,"template":"","region":[379],"class_list":["post-17999","roaming","type-roaming","status-publish","has-post-thumbnail","hentry","region-kuzey-amerika"],"_links":{"self":[{"href":"http:\/\/esim2.clientinternals.webcase.pl\/tr\/wp-json\/wp\/v2\/roaming\/17999","targetHints":{"allow":["GET"]}}],"collection":[{"href":"http:\/\/esim2.clientinternals.webcase.pl\/tr\/wp-json\/wp\/v2\/roaming"}],"about":[{"href":"http:\/\/esim2.clientinternals.webcase.pl\/tr\/wp-json\/wp\/v2\/types\/roaming"}],"wp:featuredmedia":[{"embeddable":true,"href":"http:\/\/esim2.clientinternals.webcase.pl\/tr\/wp-json\/wp\/v2\/media\/17760"}],"wp:attachment":[{"href":"http:\/\/esim2.clientinternals.webcase.pl\/tr\/wp-json\/wp\/v2\/media?parent=17999"}],"wp:term":[{"taxonomy":"region","embeddable":true,"href":"http:\/\/esim2.clientinternals.webcase.pl\/tr\/wp-json\/wp\/v2\/region?post=17999"}],"curies":[{"name":"wp","href":"https:\/\/api.w.org\/{rel}","templated":true}]}}

<p>İşte Guatemala hakkında bazı ilginç gerçekler:</p>



<ul class="wp-block-list">
<li>Ülke Kodu: +502</li>



<li>Başkent: Guatemala Şehri</li>



<li>Diğer ana şehirler: Retalhuleu, Jalapa, Chichicastenango</li>



<li>Nüfus 17,11 milyon (2021 tahmini)</li>



<li>Dil: İspanyolca</li>



<li>Para Birimi: Guatemala Quetzal’ı</li>



<li>Guatemala bir Orta Amerika ülkesidir ve Meksika’nın güneyinde yer almaktadır. Volkanlara, yağmur ormanlarına ve antik Maya bölgelerine ev sahipliği yapmaktadır.</li>



<li>Başkent Guatemala City, yerel olarak Guatemala veya Guate, resmi olarak Ciudad de Guatemala olarak bilinir ve Guatemala’nın en büyük şehri ve Orta Amerika’daki en kalabalık kentsel alandır.</li>



<li>Guatemala’nın para birimi olan quetzal, adını Guatemala’nın ulusal kuşu olan görkemli quetzal’dan almaktadır.</li>



<li>İspanyolca resmi ve en çok konuşulan dil olmakla birlikte, 22 farklı Maya dilinin yanı sıra Garífuna ve Xinca olmak üzere iki yerli dil daha bulunmaktadır.</li>
</ul>



<p>Biliyor muydun…?</p>



<ul class="wp-block-list">
<li>Guatemala 33 volkana ev sahipliği yapmaktadır ve Tajamulco Volkanı 4.220 metre ile Guatemala’nın en yüksek noktasıdır.</li>



<li>Atitlan Gölü (Lago de Atitlán) Orta Amerika’daki en derin göldür.</li>
</ul>
