{"id":19054,"date":"2024-02-23T18:36:25","date_gmt":"2024-02-23T17:36:25","guid":{"rendered":"https:\/\/esim2.clientinternals.webcase.pl\/?post_type=roaming&#038;p=19054"},"modified":"2024-03-15T09:06:21","modified_gmt":"2024-03-15T08:06:21","slug":"esim-brezilya","status":"publish","type":"roaming","link":"http:\/\/esim2.clientinternals.webcase.pl\/tr\/dolasim\/esim-brezilya\/","title":{"rendered":"Brezilya"},"content":{"rendered":"\n<p>\u0130\u015fte Brezilya hakk\u0131nda baz\u0131 ilgin\u00e7 ve e\u011flenceli ger\u00e7ekler<\/p>\n\n\n\n<ul class=\"wp-block-list\">\n<li>\u00dclke Kodu: +55<\/li>\n\n\n\n<li>Ba\u015fkent: Brasilia<\/li>\n\n\n\n<li>Di\u011fer ana \u015fehirler: S\u00e3o Paulo, Manaus, Rio de Janeiro<\/li>\n\n\n\n<li>N\u00fcfus: 214,3 milyon (2021 tahmini)<\/li>\n\n\n\n<li>Dil Portekizce<\/li>\n\n\n\n<li>Para birimi: Ger\u00e7ek<\/li>\n\n\n\n<li>Brezilya, resmi ad\u0131yla Brezilya Federatif Cumhuriyeti, G\u00fcney Amerika\u2019n\u0131n ve Latin Amerika\u2019n\u0131n en b\u00fcy\u00fck \u00fclkesidir.<\/li>\n\n\n\n<li>Brezilya, 5 farkl\u0131 zaman dilimine yay\u0131lan insan, co\u011frafya, k\u00fclt\u00fcr ve manzaralar\u0131n eklektik bir kar\u0131\u015f\u0131m\u0131d\u0131r.<\/li>\n\n\n\n<li>Rio de Janeiro, Mart ay\u0131n\u0131n ilk haftas\u0131nda d\u00fczenlenen d\u00fcnyan\u0131n en b\u00fcy\u00fck karnaval\u0131na ev sahipli\u011fi yapmaktad\u0131r.<\/li>\n\n\n\n<li>Brezilya, Ekvador ve \u015eili hari\u00e7 G\u00fcney Amerika\u2019daki t\u00fcm \u00fclkelerle s\u0131n\u0131r kom\u015fusudur.<\/li>\n<\/ul>\n\n\n\n<p>Biliyor muydun\u2026?<\/p>\n\n\n\n<ul class=\"wp-block-list\">\n<li>Amazon ya\u011fmur ormanlar\u0131n\u0131n yakla\u015f\u0131k %60\u2019\u0131 Brezilya\u2019da bulunmaktad\u0131r.<\/li>\n\n\n\n<li>Brezilya, d\u00fcnya \u00fcretiminin %30\u2019unu ger\u00e7ekle\u015ftirerek a\u00e7\u0131k ara d\u00fcnyan\u0131n en b\u00fcy\u00fck kahve \u00fcreticisi ve ihracat\u00e7\u0131s\u0131 konumundad\u0131r.<\/li>\n<\/ul>\n","protected":false},"featured_media":17760,"template":"","region":[381],"class_list":["post-19054","roaming","type-roaming","status-publish","has-post-thumbnail","hentry","region-guney-amerika"],"_links":{"self":[{"href":"http:\/\/esim2.clientinternals.webcase.pl\/tr\/wp-json\/wp\/v2\/roaming\/19054","targetHints":{"allow":["GET"]}}],"collection":[{"href":"http:\/\/esim2.clientinternals.webcase.pl\/tr\/wp-json\/wp\/v2\/roaming"}],"about":[{"href":"http:\/\/esim2.clientinternals.webcase.pl\/tr\/wp-json\/wp\/v2\/types\/roaming"}],"wp:featuredmedia":[{"embeddable":true,"href":"http:\/\/esim2.clientinternals.webcase.pl\/tr\/wp-json\/wp\/v2\/media\/17760"}],"wp:attachment":[{"href":"http:\/\/esim2.clientinternals.webcase.pl\/tr\/wp-json\/wp\/v2\/media?parent=19054"}],"wp:term":[{"taxonomy":"region","embeddable":true,"href":"http:\/\/esim2.clientinternals.webcase.pl\/tr\/wp-json\/wp\/v2\/region?post=19054"}],"curies":[{"name":"wp","href":"https:\/\/api.w.org\/{rel}","templated":true}]}}

<p>İşte Brezilya hakkında bazı ilginç ve eğlenceli gerçekler</p>



<ul class="wp-block-list">
<li>Ülke Kodu: +55</li>



<li>Başkent: Brasilia</li>



<li>Diğer ana şehirler: São Paulo, Manaus, Rio de Janeiro</li>



<li>Nüfus: 214,3 milyon (2021 tahmini)</li>



<li>Dil Portekizce</li>



<li>Para birimi: Gerçek</li>



<li>Brezilya, resmi adıyla Brezilya Federatif Cumhuriyeti, Güney Amerika’nın ve Latin Amerika’nın en büyük ülkesidir.</li>



<li>Brezilya, 5 farklı zaman dilimine yayılan insan, coğrafya, kültür ve manzaraların eklektik bir karışımıdır.</li>



<li>Rio de Janeiro, Mart ayının ilk haftasında düzenlenen dünyanın en büyük karnavalına ev sahipliği yapmaktadır.</li>



<li>Brezilya, Ekvador ve Şili hariç Güney Amerika’daki tüm ülkelerle sınır komşusudur.</li>
</ul>



<p>Biliyor muydun…?</p>



<ul class="wp-block-list">
<li>Amazon yağmur ormanlarının yaklaşık %60’ı Brezilya’da bulunmaktadır.</li>



<li>Brezilya, dünya üretiminin %30’unu gerçekleştirerek açık ara dünyanın en büyük kahve üreticisi ve ihracatçısı konumundadır.</li>
</ul>
