{"id":19080,"date":"2024-02-23T18:43:36","date_gmt":"2024-02-23T17:43:36","guid":{"rendered":"https:\/\/esim2.clientinternals.webcase.pl\/?post_type=roaming&#038;p=19080"},"modified":"2024-03-15T09:56:03","modified_gmt":"2024-03-15T08:56:03","slug":"esim-sili","status":"publish","type":"roaming","link":"http:\/\/esim2.clientinternals.webcase.pl\/tr\/dolasim\/esim-sili\/","title":{"rendered":"\u015eili"},"content":{"rendered":"\n<p>\u0130\u015fte \u015eili hakk\u0131nda baz\u0131 ilgin\u00e7 ger\u00e7ekler:<\/p>\n\n\n\n<ul class=\"wp-block-list\">\n<li>\u00dclke Kodu: +56<\/li>\n\n\n\n<li>Ba\u015fkent: Santiago<\/li>\n\n\n\n<li>Di\u011fer ana \u015fehirler: Iquique, Valparaiso, Vi\u00f1a del Mar<\/li>\n\n\n\n<li>N\u00fcfus 19,49 milyon (2021 tahmini)<\/li>\n\n\n\n<li>Dil: \u0130spanyolca<\/li>\n\n\n\n<li>Para Birimi: \u015eili Pezosu<\/li>\n\n\n\n<li>\u015eili n\u00fcfusunun \u00fc\u00e7te birinden fazlas\u0131 B\u00fcy\u00fck Santiago\u2019da ya\u015famaktad\u0131r.<\/li>\n\n\n\n<li>\u015eili d\u00fcnyan\u0131n en uzun \u00fclkelerinden biridir ve 12 G\u00fcney Amerika \u00fclkesi aras\u0131nda yedinci en b\u00fcy\u00fck \u00fclkedir.<\/li>\n\n\n\n<li>\u015eili d\u00fcnyan\u0131n en b\u00fcy\u00fck \u015farap \u00fcreticilerinden biridir.<\/li>\n\n\n\n<li>G\u00fcney Amerika\u2019daki en y\u00fcksek bina ba\u015fkentte bulunan Gran Torre Santiago\u2019dur. 62 kat y\u00fcksekli\u011finde.<\/li>\n<\/ul>\n\n\n\n<p>Biliyor muydun\u2026?<\/p>\n\n\n\n<ul class=\"wp-block-list\">\n<li>\u015eilililer ekmeklerine bay\u0131l\u0131r! Ki\u015fi ba\u015f\u0131na y\u0131ll\u0131k 86 kilograml\u0131k \u015fa\u015f\u0131rt\u0131c\u0131 bir ekmek t\u00fcketimleri var.<\/li>\n\n\n\n<li>Bir g\u00fcnde kayak ve s\u00f6rf yapabilirsiniz. And Da\u011flar\u0131\u2019nda kayak yapabilir ve ard\u0131ndan do\u011frudan bat\u0131ya, sahile gidebilirsiniz.<\/li>\n<\/ul>\n","protected":false},"featured_media":17760,"template":"","region":[381],"class_list":["post-19080","roaming","type-roaming","status-publish","has-post-thumbnail","hentry","region-guney-amerika"],"_links":{"self":[{"href":"http:\/\/esim2.clientinternals.webcase.pl\/tr\/wp-json\/wp\/v2\/roaming\/19080","targetHints":{"allow":["GET"]}}],"collection":[{"href":"http:\/\/esim2.clientinternals.webcase.pl\/tr\/wp-json\/wp\/v2\/roaming"}],"about":[{"href":"http:\/\/esim2.clientinternals.webcase.pl\/tr\/wp-json\/wp\/v2\/types\/roaming"}],"wp:featuredmedia":[{"embeddable":true,"href":"http:\/\/esim2.clientinternals.webcase.pl\/tr\/wp-json\/wp\/v2\/media\/17760"}],"wp:attachment":[{"href":"http:\/\/esim2.clientinternals.webcase.pl\/tr\/wp-json\/wp\/v2\/media?parent=19080"}],"wp:term":[{"taxonomy":"region","embeddable":true,"href":"http:\/\/esim2.clientinternals.webcase.pl\/tr\/wp-json\/wp\/v2\/region?post=19080"}],"curies":[{"name":"wp","href":"https:\/\/api.w.org\/{rel}","templated":true}]}}

Şili

<p>İşte Şili hakkında bazı ilginç gerçekler:</p>



<ul class="wp-block-list">
<li>Ülke Kodu: +56</li>



<li>Başkent: Santiago</li>



<li>Diğer ana şehirler: Iquique, Valparaiso, Viña del Mar</li>



<li>Nüfus 19,49 milyon (2021 tahmini)</li>



<li>Dil: İspanyolca</li>



<li>Para Birimi: Şili Pezosu</li>



<li>Şili nüfusunun üçte birinden fazlası Büyük Santiago’da yaşamaktadır.</li>



<li>Şili dünyanın en uzun ülkelerinden biridir ve 12 Güney Amerika ülkesi arasında yedinci en büyük ülkedir.</li>



<li>Şili dünyanın en büyük şarap üreticilerinden biridir.</li>



<li>Güney Amerika’daki en yüksek bina başkentte bulunan Gran Torre Santiago’dur. 62 kat yüksekliğinde.</li>
</ul>



<p>Biliyor muydun…?</p>



<ul class="wp-block-list">
<li>Şilililer ekmeklerine bayılır! Kişi başına yıllık 86 kilogramlık şaşırtıcı bir ekmek tüketimleri var.</li>



<li>Bir günde kayak ve sörf yapabilirsiniz. And Dağları’nda kayak yapabilir ve ardından doğrudan batıya, sahile gidebilirsiniz.</li>
</ul>
