{"id":19103,"date":"2024-02-24T09:27:04","date_gmt":"2024-02-24T08:27:04","guid":{"rendered":"https:\/\/esim2.clientinternals.webcase.pl\/?post_type=roaming&#038;p=19103"},"modified":"2024-03-15T10:10:53","modified_gmt":"2024-03-15T09:10:53","slug":"esim-kolombiya","status":"publish","type":"roaming","link":"http:\/\/esim2.clientinternals.webcase.pl\/tr\/dolasim\/esim-kolombiya\/","title":{"rendered":"Kolombiya"},"content":{"rendered":"\n<p>\u0130\u015fte Kolombiya hakk\u0131nda baz\u0131 ilgin\u00e7 ger\u00e7ekler:<\/p>\n\n\n\n<ul class=\"wp-block-list\">\n<li>\u00dclke Kodu: +57<\/li>\n\n\n\n<li>Ba\u015fkent: Bogot\u00e1<\/li>\n\n\n\n<li>Di\u011fer ana \u015fehirler: Villavicencio, Cartagena, Medell\u00edn<\/li>\n\n\n\n<li>N\u00fcfus 51,52 milyon (2021 tahmini)<\/li>\n\n\n\n<li>Dil: \u0130spanyolca<\/li>\n\n\n\n<li>Para Birimi: Kolombiya Pesosu<\/li>\n\n\n\n<li>Amazon d\u00fcnyan\u0131n en b\u00fcy\u00fck ya\u011fmur orman\u0131d\u0131r ve Kolombiya\u2019n\u0131n \u00fc\u00e7te biri Amazon ya\u011fmur ormanlar\u0131 ile kapl\u0131d\u0131r.<\/li>\n\n\n\n<li>Kolombiya d\u00fcnyan\u0131n en b\u00fcy\u00fck \u00e7i\u00e7ek \u00fcreticilerinden biridir. 4.000 orkide t\u00fcr\u00fcnden 1.500\u2019\u00fc sadece Kolombiya\u2019da bulunmaktad\u0131r.<\/li>\n\n\n\n<li>Kolombiya\u2019n\u0131n biyolojik \u00e7e\u015fitlili\u011fi en y\u00fcksek \u00fclkelerden biri olarak bilinen konumu, \u00e7ok \u00e7e\u015fitli flora ve faunaya sahip t\u00fcm bitki ve hayvanlar i\u00e7in m\u00fckemmel bir \u00fcreme alan\u0131d\u0131r.<\/li>\n\n\n\n<li>Kolombiya, Feria de Cali olarak bilinen d\u00fcnyan\u0131n en b\u00fcy\u00fck salsa festivaline sahiptir. Bu etkinlik 25 Aral\u0131k ile 30 Aral\u0131k tarihleri aras\u0131nda d\u00fczenlenmektedir.<\/li>\n<\/ul>\n\n\n\n<p>Biliyor muydun\u2026?<\/p>\n\n\n\n<ul class=\"wp-block-list\">\n<li>Kolombiya d\u00fcnyan\u0131n en b\u00fcy\u00fck \u00e7i\u00e7ek festivaline de sahiptir. Medellin\u2019de d\u00fczenlenmektedir.<\/li>\n\n\n\n<li>\u00dclkenin hem Pasifik Okyanusu\u2019na hem de Karayip Denizi\u2019ne k\u0131y\u0131s\u0131 bulunmaktad\u0131r.<\/li>\n<\/ul>\n","protected":false},"featured_media":17760,"template":"","region":[381],"class_list":["post-19103","roaming","type-roaming","status-publish","has-post-thumbnail","hentry","region-guney-amerika"],"_links":{"self":[{"href":"http:\/\/esim2.clientinternals.webcase.pl\/tr\/wp-json\/wp\/v2\/roaming\/19103","targetHints":{"allow":["GET"]}}],"collection":[{"href":"http:\/\/esim2.clientinternals.webcase.pl\/tr\/wp-json\/wp\/v2\/roaming"}],"about":[{"href":"http:\/\/esim2.clientinternals.webcase.pl\/tr\/wp-json\/wp\/v2\/types\/roaming"}],"wp:featuredmedia":[{"embeddable":true,"href":"http:\/\/esim2.clientinternals.webcase.pl\/tr\/wp-json\/wp\/v2\/media\/17760"}],"wp:attachment":[{"href":"http:\/\/esim2.clientinternals.webcase.pl\/tr\/wp-json\/wp\/v2\/media?parent=19103"}],"wp:term":[{"taxonomy":"region","embeddable":true,"href":"http:\/\/esim2.clientinternals.webcase.pl\/tr\/wp-json\/wp\/v2\/region?post=19103"}],"curies":[{"name":"wp","href":"https:\/\/api.w.org\/{rel}","templated":true}]}}

<p>İşte Kolombiya hakkında bazı ilginç gerçekler:</p>



<ul class="wp-block-list">
<li>Ülke Kodu: +57</li>



<li>Başkent: Bogotá</li>



<li>Diğer ana şehirler: Villavicencio, Cartagena, Medellín</li>



<li>Nüfus 51,52 milyon (2021 tahmini)</li>



<li>Dil: İspanyolca</li>



<li>Para Birimi: Kolombiya Pesosu</li>



<li>Amazon dünyanın en büyük yağmur ormanıdır ve Kolombiya’nın üçte biri Amazon yağmur ormanları ile kaplıdır.</li>



<li>Kolombiya dünyanın en büyük çiçek üreticilerinden biridir. 4.000 orkide türünden 1.500’ü sadece Kolombiya’da bulunmaktadır.</li>



<li>Kolombiya’nın biyolojik çeşitliliği en yüksek ülkelerden biri olarak bilinen konumu, çok çeşitli flora ve faunaya sahip tüm bitki ve hayvanlar için mükemmel bir üreme alanıdır.</li>



<li>Kolombiya, Feria de Cali olarak bilinen dünyanın en büyük salsa festivaline sahiptir. Bu etkinlik 25 Aralık ile 30 Aralık tarihleri arasında düzenlenmektedir.</li>
</ul>



<p>Biliyor muydun…?</p>



<ul class="wp-block-list">
<li>Kolombiya dünyanın en büyük çiçek festivaline de sahiptir. Medellin’de düzenlenmektedir.</li>



<li>Ülkenin hem Pasifik Okyanusu’na hem de Karayip Denizi’ne kıyısı bulunmaktadır.</li>
</ul>
